000
CDUS43 KSGF 172127
CLIVIH


CLIMATE REPORT
NATIONAL WEATHER SERVICE SPRINGFIELD MO
426 PM CDT WED AUG 17 2016


...................................

...THE VICHY-ROLLA MO CLIMATE SUMMARY FOR AUGUST 17 2016...
VALID AS OF 0400 PM LOCAL TIME.

CLIMATE NORMAL PERIOD 1981 TO 2010
CLIMATE RECORD PERIOD 1888 TO 2016


WEATHER ITEM   OBSERVED TIME   RECORD YEAR NORMAL DEPARTURE LAST
                VALUE   (LST)  VALUE       VALUE  FROM      YEAR
                                                  NORMAL
..................................................................
TEMPERATURE (F)
 TODAY
  MAXIMUM         85    238 PM 103    2000  88     -3       88
  MINIMUM         65    531 AM  54    2012  65      0       68
  AVERAGE         75                        77     -2       78

PRECIPITATION (IN)
  TODAY            0.00          0.90 1968   0.12  -0.12     0.09
  MONTH TO DATE    9.41                      1.98   7.43     1.66
  SINCE JUN 1     17.51                     11.05   6.46    14.51
  SINCE JAN 1     31.75                     27.86   3.89    28.53

DEGREE DAYS
 HEATING
  TODAY            0                         0      0        0
  MONTH TO DATE    0                         0      0        0
  SINCE JUN 1      0                        15    -15       15
  SINCE JUL 1      0                         1     -1        0

 COOLING
  TODAY           10                        12     -2       13
  MONTH TO DATE  206                       211     -5      189
  SINCE JUN 1    962                       828    134      840
  SINCE JAN 1   1040                       935    105      947
..................................................................


WIND (MPH)
  HIGHEST WIND SPEED    10   HIGHEST WIND DIRECTION    SW (220)
  HIGHEST GUST SPEED    14   HIGHEST GUST DIRECTION     S (160)


SKY COVER
  AVERAGE SKY COVER 0.1


WEATHER CONDITIONS
 THE FOLLOWING WEATHER WAS RECORDED TODAY.
  NO SIGNIFICANT WEATHER WAS OBSERVED.


RELATIVE HUMIDITY (PERCENT)
 HIGHEST   100           300 AM
 LOWEST     55           100 PM
 AVERAGE    78

..........................................................


THE VICHY-ROLLA MO CLIMATE NORMALS FOR TOMORROW
                         NORMAL    RECORD    YEAR
 MAXIMUM TEMPERATURE (F)   88       100      2003
                                             1954
 MINIMUM TEMPERATURE (F)   65        51      2012


SUNRISE AND SUNSET
AUGUST 17 2016........SUNRISE   624 AM CDT   SUNSET   757 PM CDT
AUGUST 18 2016........SUNRISE   625 AM CDT   SUNSET   756 PM CDT


-  INDICATES NEGATIVE NUMBERS.
R  INDICATES RECORD WAS SET OR TIED.
MM INDICATES DATA IS MISSING.
T  INDICATES TRACE AMOUNT.




$$
