000
CDUS43 KSGF 172129
CLIVIH


CLIMATE REPORT
NATIONAL WEATHER SERVICE SPRINGFIELD MO
428 PM CDT SAT SEP 17 2016


...................................

...THE VICHY-ROLLA MO CLIMATE SUMMARY FOR SEPTEMBER 17 2016...
VALID AS OF 0400 PM LOCAL TIME.

CLIMATE NORMAL PERIOD 1981 TO 2010
CLIMATE RECORD PERIOD 1888 TO 2016


WEATHER ITEM   OBSERVED TIME   RECORD YEAR NORMAL DEPARTURE LAST
                VALUE   (LST)  VALUE       VALUE  FROM      YEAR
                                                  NORMAL
..................................................................
TEMPERATURE (F)
 TODAY
  MAXIMUM         79    259 PM  97    1953  78      1       91
  MINIMUM         64    625 AM  37    1903  56      8       68
  AVERAGE         72                        67      5       80

PRECIPITATION (IN)
  TODAY            0.00          3.43 1905   0.14  -0.14     0.00
  MONTH TO DATE    4.08                      2.45   1.63     0.49
  SINCE SEP 1      4.08                      2.45   1.63     0.49
  SINCE JAN 1     36.42                     32.00   4.42    29.75

DEGREE DAYS
 HEATING
  TODAY            0                         2     -2        0
  MONTH TO DATE    3                        14    -11       17
  SINCE SEP 1      3                        14    -11       17
  SINCE JUL 1      3                        17    -14       19

 COOLING
  TODAY            7                         4      3       15
  MONTH TO DATE  133                       105     28      180
  SINCE SEP 1    133                       105     28      180
  SINCE JAN 1   1322                      1182    140     1195
..................................................................


WIND (MPH)
  HIGHEST WIND SPEED    13   HIGHEST WIND DIRECTION    NW (300)
  HIGHEST GUST SPEED    18   HIGHEST GUST DIRECTION     W (270)


SKY COVER
  AVERAGE SKY COVER 0.8


WEATHER CONDITIONS
 THE FOLLOWING WEATHER WAS RECORDED TODAY.
  FOG
  FOG W/VISIBILITY <= 1/4 MILE


RELATIVE HUMIDITY (PERCENT)
 HIGHEST   100           300 AM
 LOWEST     62           300 PM
 AVERAGE    81

..........................................................


THE VICHY-ROLLA MO CLIMATE NORMALS FOR TOMORROW
                         NORMAL    RECORD    YEAR
 MAXIMUM TEMPERATURE (F)   78        95      1953
 MINIMUM TEMPERATURE (F)   56        34      1901


SUNRISE AND SUNSET
SEPTEMBER 17 2016.....SUNRISE   651 AM CDT   SUNSET   711 PM CDT
SEPTEMBER 18 2016.....SUNRISE   652 AM CDT   SUNSET   709 PM CDT


-  INDICATES NEGATIVE NUMBERS.
R  INDICATES RECORD WAS SET OR TIED.
MM INDICATES DATA IS MISSING.
T  INDICATES TRACE AMOUNT.




$$
