000
CDUS43 KSGF 170632
CLIVIH


CLIMATE REPORT
NATIONAL WEATHER SERVICE SPRINGFIELD MO
132 AM CDT WED MAY 17 2017


...................................

...THE VICHY-ROLLA MO CLIMATE SUMMARY FOR MAY 16 2017...

CLIMATE NORMAL PERIOD 1981 TO 2010
CLIMATE RECORD PERIOD 1888 TO 2017


WEATHER ITEM   OBSERVED TIME   RECORD YEAR NORMAL DEPARTURE LAST
                VALUE   (LST)  VALUE       VALUE  FROM      YEAR
                                                  NORMAL
..................................................................
TEMPERATURE (F)
 YESTERDAY
  MAXIMUM         81    456 PM  90    1899  74      7       55
  MINIMUM         63    533 AM  31    1997  53     10       46
  AVERAGE         72                        64      8       51

PRECIPITATION (IN)
  YESTERDAY        0.00          2.49 1963   0.16  -0.16     0.86
  MONTH TO DATE    3.60                      2.61   0.99     1.19
  SINCE MAR 1     17.83                     10.28   7.55     8.13
  SINCE JAN 1     19.89                     14.38   5.51    10.25

DEGREE DAYS
 HEATING
  YESTERDAY        0                         4     -4       14
  MONTH TO DATE   78                        79     -1      116
  SINCE MAR 1    781                      1007   -226      804
  SINCE JUL 1   3767                      4797  -1030     4007

 COOLING
  YESTERDAY        7                         3      4        0
  MONTH TO DATE   28                        28      0       14
  SINCE MAR 1     63                        54      9       28
  SINCE JAN 1     64                        54     10       28
..................................................................


WIND (MPH)
  HIGHEST WIND SPEED    24   HIGHEST WIND DIRECTION     S (180)
  HIGHEST GUST SPEED    31   HIGHEST GUST DIRECTION     S (170)
  AVERAGE WIND SPEED    15.3


SKY COVER
  AVERAGE SKY COVER 0.0


WEATHER CONDITIONS
 THE FOLLOWING WEATHER WAS RECORDED YESTERDAY.
  NO SIGNIFICANT WEATHER WAS OBSERVED.


RELATIVE HUMIDITY (PERCENT)
 HIGHEST    93           500 AM
 LOWEST     45           400 PM
 AVERAGE    69

..........................................................


THE VICHY-ROLLA MO CLIMATE NORMALS FOR TODAY
                         NORMAL    RECORD    YEAR
 MAXIMUM TEMPERATURE (F)   75        92      1996
 MINIMUM TEMPERATURE (F)   54        34      2014


SUNRISE AND SUNSET
MAY 17 2017...........SUNRISE   555 AM CDT   SUNSET   813 PM CDT
MAY 18 2017...........SUNRISE   554 AM CDT   SUNSET   814 PM CDT


-  INDICATES NEGATIVE NUMBERS.
R  INDICATES RECORD WAS SET OR TIED.
MM INDICATES DATA IS MISSING.
T  INDICATES TRACE AMOUNT.




$$
