000
CDUS43 KSGF 090627
CLIVIH


CLIMATE REPORT
NATIONAL WEATHER SERVICE SPRINGFIELD MO
1227 AM CST SAT DEC 9 2017


...................................

...THE VICHY-ROLLA MO CLIMATE SUMMARY FOR DECEMBER 8 2017...

CLIMATE NORMAL PERIOD 1981 TO 2010
CLIMATE RECORD PERIOD 1888 TO 2017


WEATHER ITEM   OBSERVED TIME   RECORD YEAR NORMAL DEPARTURE LAST
                VALUE   (LST)  VALUE       VALUE  FROM      YEAR
                                                  NORMAL
..................................................................
TEMPERATURE (F)
 YESTERDAY
  MAXIMUM         37    327 PM  77    1991  45     -8       28
  MINIMUM          9    717 AM   3    2006  26    -17       16
                                      1898
  AVERAGE         23                        36    -13       22

PRECIPITATION (IN)
  YESTERDAY        0.00          1.08 1956   0.10  -0.10     0.00
  MONTH TO DATE    0.17                      0.81  -0.64     0.22
  SINCE DEC 1      0.17                      0.81  -0.64     0.22
  SINCE JAN 1     42.12                     41.78   0.34    40.28

DEGREE DAYS
 HEATING
  YESTERDAY       42                        30     12       43
  MONTH TO DATE  193                       226    -33      253
  SINCE DEC 1    193                       226    -33      253
  SINCE JUL 1    945                      1173   -228      881

 COOLING
  YESTERDAY        0                         0      0        0
  MONTH TO DATE    0                         0      0        0
  SINCE DEC 1      0                         0      0        0
  SINCE JAN 1   1247                      1246      1     1482
..................................................................


WIND (MPH)
  HIGHEST WIND SPEED    14   HIGHEST WIND DIRECTION    SW (210)
  HIGHEST GUST SPEED    19   HIGHEST GUST DIRECTION    SW (210)
  AVERAGE WIND SPEED     8.4


SKY COVER
  AVERAGE SKY COVER 0.0


WEATHER CONDITIONS
 THE FOLLOWING WEATHER WAS RECORDED YESTERDAY.
  NO SIGNIFICANT WEATHER WAS OBSERVED.


RELATIVE HUMIDITY (PERCENT)
 HIGHEST    84           300 AM
 LOWEST     29           300 PM
 AVERAGE    57

..........................................................


THE VICHY-ROLLA MO CLIMATE NORMALS FOR TODAY
                         NORMAL    RECORD    YEAR
 MAXIMUM TEMPERATURE (F)   45        66      1990
 MINIMUM TEMPERATURE (F)   26        -1      1995


SUNRISE AND SUNSET
DECEMBER  9 2017......SUNRISE   712 AM CST   SUNSET   447 PM CST
DECEMBER 10 2017......SUNRISE   713 AM CST   SUNSET   447 PM CST


-  INDICATES NEGATIVE NUMBERS.
R  INDICATES RECORD WAS SET OR TIED.
MM INDICATES DATA IS MISSING.
T  INDICATES TRACE AMOUNT.




$$
