000
CDUS43 KSGF 090625
CLIVIH


CLIMATE REPORT
NATIONAL WEATHER SERVICE SPRINGFIELD MO
125 AM CDT WED APR 9 2014


...................................

...THE VICHY-ROLLA MO CLIMATE SUMMARY FOR APRIL 8 2014...

CLIMATE NORMAL PERIOD 1981 TO 2010
CLIMATE RECORD PERIOD 1888 TO 2014


WEATHER ITEM   OBSERVED TIME   RECORD YEAR NORMAL DEPARTURE LAST
                VALUE   (LST)  VALUE       VALUE  FROM      YEAR
                                                  NORMAL
..................................................................
TEMPERATURE (F)
 YESTERDAY
  MAXIMUM         58   1202 PM  84    1965  65     -7       75
  MINIMUM         42   1156 PM  18    2007  41      1       58
  AVERAGE         50                        53     -3       67

PRECIPITATION (IN)
  YESTERDAY        0.14          0.51 2002   0.13   0.01     0.00
  MONTH TO DATE    1.75                      1.03   0.72     0.11
  SINCE MAR 1      2.46                      4.48  -2.02     3.37
  SINCE JAN 1      3.92                      8.58  -4.66     8.08

DEGREE DAYS
 HEATING
  YESTERDAY       15                        13      2        0
  MONTH TO DATE  121                       109     12      116
  SINCE MAR 1    872                       723    149      935
  SINCE JUL 1   5178                      4513    665     4521

 COOLING
  YESTERDAY        0                         1     -1        2
  MONTH TO DATE    0                         2     -2        2
  SINCE MAR 1      0                         6     -6        2
  SINCE JAN 1      0                         6     -6        2
..................................................................


WIND (MPH)
  HIGHEST WIND SPEED    26   HIGHEST WIND DIRECTION    NW (320)
  HIGHEST GUST SPEED    32   HIGHEST GUST DIRECTION    NW (310)
  AVERAGE WIND SPEED     9.9


SKY COVER
  AVERAGE SKY COVER 0.6


WEATHER CONDITIONS
 THE FOLLOWING WEATHER WAS RECORDED YESTERDAY.
  THUNDERSTORM
  LIGHT RAIN
  FOG


RELATIVE HUMIDITY (PERCENT)
 HIGHEST    93           400 AM
 LOWEST     51          1100 AM
 AVERAGE    72

..........................................................


THE VICHY-ROLLA MO CLIMATE NORMALS FOR TODAY
                         NORMAL    RECORD    YEAR
 MAXIMUM TEMPERATURE (F)   65        89      2011
 MINIMUM TEMPERATURE (F)   42        20      2007


SUNRISE AND SUNSET
APRIL  9 2014.........SUNRISE   640 AM CDT   SUNSET   738 PM CDT
APRIL 10 2014.........SUNRISE   639 AM CDT   SUNSET   739 PM CDT


-  INDICATES NEGATIVE NUMBERS.
R  INDICATES RECORD WAS SET OR TIED.
MM INDICATES DATA IS MISSING.
T  INDICATES TRACE AMOUNT.




$$
