000
CDUS43 KSGF 230626
CLIVIH


CLIMATE REPORT
NATIONAL WEATHER SERVICE SPRINGFIELD MO
1226 AM CST FRI JAN 23 2015


...................................

...THE VICHY-ROLLA MO CLIMATE SUMMARY FOR JANUARY 22 2015...

CLIMATE NORMAL PERIOD 1981 TO 2010
CLIMATE RECORD PERIOD 1888 TO 2015


WEATHER ITEM   OBSERVED TIME   RECORD YEAR NORMAL DEPARTURE LAST
                VALUE   (LST)  VALUE       VALUE  FROM      YEAR
                                                  NORMAL
..................................................................
TEMPERATURE (F)
 YESTERDAY
  MAXIMUM         39    247 PM  72    1967  41     -2       32
  MINIMUM         26   1159 PM  -1    1959  21      5       17
  AVERAGE         33                        31      2       25

PRECIPITATION (IN)
  YESTERDAY        0.00          0.52 1957   0.06  -0.06     0.00
  MONTH TO DATE    0.83                      1.62  -0.79     0.85
  SINCE DEC 1      3.20                      4.26  -1.06     2.72
  SINCE JAN 1      0.83                      1.62  -0.79     0.85

DEGREE DAYS
 HEATING
  YESTERDAY       32                        34     -2       40
  MONTH TO DATE  781                       748     33      830
  SINCE DEC 1   1653                      1718    -65     1867
  SINCE JUL 1   2795                      2665    130     2917

 COOLING
  YESTERDAY        0                         0      0        0
  MONTH TO DATE    0                         0      0        0
  SINCE DEC 1      0                         0      0        0
  SINCE JAN 1      0                         0      0        0
..................................................................


WIND (MPH)
  HIGHEST WIND SPEED    10   HIGHEST WIND DIRECTION     N (340)
  HIGHEST GUST SPEED    12   HIGHEST GUST DIRECTION     N (10)
  AVERAGE WIND SPEED     3.9


SKY COVER
  AVERAGE SKY COVER 0.1


WEATHER CONDITIONS
 THE FOLLOWING WEATHER WAS RECORDED YESTERDAY.
  NO SIGNIFICANT WEATHER WAS OBSERVED.


RELATIVE HUMIDITY (PERCENT)
 HIGHEST    84           100 AM
 LOWEST     59           400 PM
 AVERAGE    72

..........................................................


THE VICHY-ROLLA MO CLIMATE NORMALS FOR TODAY
                         NORMAL    RECORD    YEAR
 MAXIMUM TEMPERATURE (F)   41        75      1967
 MINIMUM TEMPERATURE (F)   22        -9      1963


SUNRISE AND SUNSET
JANUARY 23 2015.......SUNRISE   718 AM CST   SUNSET   520 PM CST
JANUARY 24 2015.......SUNRISE   718 AM CST   SUNSET   521 PM CST


-  INDICATES NEGATIVE NUMBERS.
R  INDICATES RECORD WAS SET OR TIED.
MM INDICATES DATA IS MISSING.
T  INDICATES TRACE AMOUNT.




$$
