000
CDUS43 KSGF 130627
CLIVIH


CLIMATE REPORT
NATIONAL WEATHER SERVICE SPRINGFIELD MO
127 AM CDT WED AUG 13 2014


...................................

...THE VICHY-ROLLA MO CLIMATE SUMMARY FOR AUGUST 12 2014...

CLIMATE NORMAL PERIOD 1981 TO 2010
CLIMATE RECORD PERIOD 1888 TO 2014


WEATHER ITEM   OBSERVED TIME   RECORD YEAR NORMAL DEPARTURE LAST
                VALUE   (LST)  VALUE       VALUE  FROM      YEAR
                                                  NORMAL
..................................................................
TEMPERATURE (F)
 YESTERDAY
  MAXIMUM         81    257 PM 105    2007  89     -8       81
  MINIMUM         59    550 AM  45    2004  66     -7       66
  AVERAGE         70                        77     -7       74

PRECIPITATION (IN)
  YESTERDAY        0.00          2.02 1993   0.12  -0.12     0.01
  MONTH TO DATE    2.06                      1.40   0.66     4.29
  SINCE JUN 1      5.48                     10.47  -4.99    11.68
  SINCE JAN 1     15.10                     27.28 -12.18    32.98

DEGREE DAYS
 HEATING
  YESTERDAY        0                         0      0        0
  MONTH TO DATE    0                         0      0        0
  SINCE JUN 1      4                        15    -11       19
  SINCE JUL 1      3                         1      2        2

 COOLING
  YESTERDAY        5                        12     -7        9
  MONTH TO DATE  125                       151    -26      106
  SINCE JUN 1    624                       768   -144      605
  SINCE JAN 1    771                       875   -104      712
..................................................................


WIND (MPH)
  HIGHEST WIND SPEED    18   HIGHEST WIND DIRECTION    NW (330)
  HIGHEST GUST SPEED    24   HIGHEST GUST DIRECTION     N (340)
  AVERAGE WIND SPEED     7.6


SKY COVER
  AVERAGE SKY COVER 0.1


WEATHER CONDITIONS
 THE FOLLOWING WEATHER WAS RECORDED YESTERDAY.
  NO SIGNIFICANT WEATHER WAS OBSERVED.


RELATIVE HUMIDITY (PERCENT)
 HIGHEST    90           300 AM
 LOWEST     42          1200 PM
 AVERAGE    66

..........................................................


THE VICHY-ROLLA MO CLIMATE NORMALS FOR TODAY
                         NORMAL    RECORD    YEAR
 MAXIMUM TEMPERATURE (F)   88        98      2010
                                             1901
 MINIMUM TEMPERATURE (F)   66        45      2004


SUNRISE AND SUNSET
AUGUST 13 2014........SUNRISE   620 AM CDT   SUNSET   803 PM CDT
AUGUST 14 2014........SUNRISE   621 AM CDT   SUNSET   802 PM CDT


-  INDICATES NEGATIVE NUMBERS.
R  INDICATES RECORD WAS SET OR TIED.
MM INDICATES DATA IS MISSING.
T  INDICATES TRACE AMOUNT.




$$
