000
CDUS43 KSGF 010625
CLIVIH


CLIMATE REPORT
NATIONAL WEATHER SERVICE SPRINGFIELD MO
125 AM CDT TUE APR 1 2014


...................................

...THE VICHY-ROLLA MO CLIMATE SUMMARY FOR MARCH 31 2014...

CLIMATE NORMAL PERIOD 1981 TO 2010
CLIMATE RECORD PERIOD 1888 TO 2014


WEATHER ITEM   OBSERVED TIME   RECORD YEAR NORMAL DEPARTURE LAST
                VALUE   (LST)  VALUE       VALUE  FROM      YEAR
                                                  NORMAL
..................................................................
TEMPERATURE (F)
 YESTERDAY
  MAXIMUM         66    325 PM  84    2010  62      4       66
  MINIMUM         49    613 AM  20    1899  39     10       43
  AVERAGE         58                        50      8       55

PRECIPITATION (IN)
  YESTERDAY        0.01          1.60 2008   0.15  -0.14     0.00
  MONTH TO DATE    0.71                      3.45  -2.74     3.26
  SINCE MAR 1      0.71                      3.45  -2.74     3.26
  SINCE JAN 1      2.17                      7.55  -5.38     7.97

DEGREE DAYS
 HEATING
  YESTERDAY        7                        15     -8       10
  MONTH TO DATE  751                       614    137      819
  SINCE MAR 1    751                       614    137      819
  SINCE JUL 1   5057                      4404    653     4405

 COOLING
  YESTERDAY        0                         0      0        0
  MONTH TO DATE    0                         4     -4        0
  SINCE MAR 1      0                         4     -4        0
  SINCE JAN 1      0                         4     -4        0
..................................................................


WIND (MPH)
  HIGHEST WIND SPEED    32   HIGHEST WIND DIRECTION     S (190)
  HIGHEST GUST SPEED    48   HIGHEST GUST DIRECTION     S (190)
  AVERAGE WIND SPEED    17.4


SKY COVER
  AVERAGE SKY COVER 0.2


WEATHER CONDITIONS
 THE FOLLOWING WEATHER WAS RECORDED YESTERDAY.
  THUNDERSTORM
  LIGHT RAIN


RELATIVE HUMIDITY (PERCENT)
 HIGHEST    71           200 AM
 LOWEST     36           300 PM
 AVERAGE    54

..........................................................


THE VICHY-ROLLA MO CLIMATE NORMALS FOR TODAY
                         NORMAL    RECORD    YEAR
 MAXIMUM TEMPERATURE (F)   62        87      2012
 MINIMUM TEMPERATURE (F)   39        17      1899


SUNRISE AND SUNSET
APRIL  1 2014.........SUNRISE   652 AM CDT   SUNSET   730 PM CDT
APRIL  2 2014.........SUNRISE   651 AM CDT   SUNSET   731 PM CDT


-  INDICATES NEGATIVE NUMBERS.
R  INDICATES RECORD WAS SET OR TIED.
MM INDICATES DATA IS MISSING.
T  INDICATES TRACE AMOUNT.




$$
