000
CDUS43 KSGF 192226
CLIVIH


CLIMATE REPORT
NATIONAL WEATHER SERVICE SPRINGFIELD MO
526 PM CDT SUN JUL 19 2015


...................................

...THE VICHY-ROLLA MO CLIMATE SUMMARY FOR JULY 19 2015...
VALID TODAY AS OF 0500 PM LOCAL TIME.

CLIMATE NORMAL PERIOD 1981 TO 2010
CLIMATE RECORD PERIOD 1888 TO 2015


WEATHER ITEM   OBSERVED TIME   RECORD YEAR NORMAL DEPARTURE LAST
                VALUE   (LST)  VALUE       VALUE  FROM      YEAR
                                                  NORMAL
..................................................................
TEMPERATURE (F)
 TODAY
  MAXIMUM         87    237 PM 106    1954  89     -2       81
  MINIMUM         74    534 AM  54    2014  67      7       54
  AVERAGE         81                        78      3       68

PRECIPITATION (IN)
  TODAY            0.00          1.71 1948   0.15  -0.15     0.00
  MONTH TO DATE    4.49                      2.75   1.74     0.11
  SINCE JUN 1     11.94                      7.38   4.56     3.42
  SINCE JAN 1     25.96                     24.19   1.77    13.04

DEGREE DAYS
 HEATING
  TODAY            0                         0      0        0
  MONTH TO DATE    0                         0      0        3
  SINCE JUN 1     15                        14      1        4
  SINCE JUL 1      0                         0      0        3

 COOLING
  TODAY           16                        13      3        3
  MONTH TO DATE  225                       228     -3      121
  SINCE JUN 1    497                       463     34      379
  SINCE JAN 1    604                       570     34      526
..................................................................


WIND (MPH)
  HIGHEST WIND SPEED    13   HIGHEST WIND DIRECTION     E (100)
  HIGHEST GUST SPEED    24   HIGHEST GUST DIRECTION    SE (120)


SKY COVER
  AVERAGE SKY COVER 0.2


WEATHER CONDITIONS
 THE FOLLOWING WEATHER WAS RECORDED TODAY.
  NO SIGNIFICANT WEATHER WAS OBSERVED.


RELATIVE HUMIDITY (PERCENT)
 HIGHEST    94           100 AM
 LOWEST     70           100 PM
 AVERAGE    82

..........................................................


THE VICHY-ROLLA MO CLIMATE NORMALS FOR TOMORROW
                         NORMAL    RECORD    YEAR
 MAXIMUM TEMPERATURE (F)   89       106      2006
 MINIMUM TEMPERATURE (F)   67        55      1970


SUNRISE AND SUNSET
JULY 19 2015..........SUNRISE   559 AM CDT   SUNSET   827 PM CDT
JULY 20 2015..........SUNRISE   600 AM CDT   SUNSET   827 PM CDT


-  INDICATES NEGATIVE NUMBERS.
R  INDICATES RECORD WAS SET OR TIED.
MM INDICATES DATA IS MISSING.
T  INDICATES TRACE AMOUNT.




$$
