000
CDUS43 KSGF 230633
CLIVIH


CLIMATE REPORT
NATIONAL WEATHER SERVICE SPRINGFIELD MO
133 AM CDT SUN AUG 23 2015


...................................

...THE VICHY-ROLLA MO CLIMATE SUMMARY FOR AUGUST 22 2015...

CLIMATE NORMAL PERIOD 1981 TO 2010
CLIMATE RECORD PERIOD 1888 TO 2015


WEATHER ITEM   OBSERVED TIME   RECORD YEAR NORMAL DEPARTURE LAST
                VALUE   (LST)  VALUE       VALUE  FROM      YEAR
                                                  NORMAL
..................................................................
TEMPERATURE (F)
 YESTERDAY
  MAXIMUM         76    204 PM  99    2001  87    -11       96
  MINIMUM         64    434 AM  54    1956  65     -1       72
  AVERAGE         70                        76     -6       84

PRECIPITATION (IN)
  YESTERDAY        0.05          3.05 1905   0.12  -0.07     0.00
  MONTH TO DATE    2.23                      2.59  -0.36     3.07
  SINCE JUN 1     15.08                     11.66   3.42     6.49
  SINCE JAN 1     29.10                     28.47   0.63    16.11

DEGREE DAYS
 HEATING
  YESTERDAY        0                         0      0        0
  MONTH TO DATE    1                         0      1        0
  SINCE JUN 1     16                        15      1        4
  SINCE JUL 1      1                         1      0        3

 COOLING
  YESTERDAY        5                        11     -6       19
  MONTH TO DATE  211                       266    -55      241
  SINCE JUN 1    862                       883    -21      740
  SINCE JAN 1    969                       990    -21      887
..................................................................


WIND (MPH)
  HIGHEST WIND SPEED    25   HIGHEST WIND DIRECTION     S (180)
  HIGHEST GUST SPEED    32   HIGHEST GUST DIRECTION     S (180)
  AVERAGE WIND SPEED     8.4


SKY COVER
  AVERAGE SKY COVER 0.6


WEATHER CONDITIONS
 THE FOLLOWING WEATHER WAS RECORDED YESTERDAY.
  THUNDERSTORM
  LIGHT RAIN
  FOG


RELATIVE HUMIDITY (PERCENT)
 HIGHEST   100           900 PM
 LOWEST     78           100 AM
 AVERAGE    89

..........................................................


THE VICHY-ROLLA MO CLIMATE NORMALS FOR TODAY
                         NORMAL    RECORD    YEAR
 MAXIMUM TEMPERATURE (F)   87        98      1898
 MINIMUM TEMPERATURE (F)   64        51      2009


SUNRISE AND SUNSET
AUGUST 23 2015........SUNRISE   629 AM CDT   SUNSET   750 PM CDT
AUGUST 24 2015........SUNRISE   630 AM CDT   SUNSET   749 PM CDT


-  INDICATES NEGATIVE NUMBERS.
R  INDICATES RECORD WAS SET OR TIED.
MM INDICATES DATA IS MISSING.
T  INDICATES TRACE AMOUNT.




$$
