000
CDUS43 KSGF 160650
CLIVIH


CLIMATE REPORT
NATIONAL WEATHER SERVICE SPRINGFIELD MO
1250 AM CST FRI JAN 16 2015


...................................

...THE VICHY-ROLLA MO CLIMATE SUMMARY FOR JANUARY 15 2015...

CLIMATE NORMAL PERIOD 1981 TO 2010
CLIMATE RECORD PERIOD 1888 TO 2015


WEATHER ITEM   OBSERVED TIME   RECORD YEAR NORMAL DEPARTURE LAST
                VALUE   (LST)  VALUE       VALUE  FROM      YEAR
                                                  NORMAL
..................................................................
TEMPERATURE (F)
 YESTERDAY
  MAXIMUM         45    342 PM  65    1949  40      5       30
  MINIMUM         23    658 AM  -8    1979  21      2       18
  AVERAGE         34                        31      3       24

PRECIPITATION (IN)
  YESTERDAY        0.00          0.42 1965   0.07  -0.07      T
  MONTH TO DATE    0.83                      1.13  -0.30     0.84
  SINCE DEC 1      3.20                      3.77  -0.57     2.71
  SINCE JAN 1      0.83                      1.13  -0.30     0.84

DEGREE DAYS
 HEATING
  YESTERDAY       31                        34     -3       41
  MONTH TO DATE  612                       510    102      582
  SINCE DEC 1   1484                      1480      4     1619
  SINCE JUL 1   2626                      2427    199     2669

 COOLING
  YESTERDAY        0                         0      0        0
  MONTH TO DATE    0                         0      0        0
  SINCE DEC 1      0                         0      0        0
  SINCE JAN 1      0                         0      0        0
..................................................................


WIND (MPH)
  HIGHEST WIND SPEED    15   HIGHEST WIND DIRECTION     W (270)
  HIGHEST GUST SPEED    22   HIGHEST GUST DIRECTION     W (270)
  AVERAGE WIND SPEED     9.2


SKY COVER
  AVERAGE SKY COVER 0.2


WEATHER CONDITIONS
 THE FOLLOWING WEATHER WAS RECORDED YESTERDAY.
  NO SIGNIFICANT WEATHER WAS OBSERVED.


RELATIVE HUMIDITY (PERCENT)
 HIGHEST    88           700 AM
 LOWEST     40           300 PM
 AVERAGE    64

..........................................................


THE VICHY-ROLLA MO CLIMATE NORMALS FOR TODAY
                         NORMAL    RECORD    YEAR
 MAXIMUM TEMPERATURE (F)   40        70      1952
 MINIMUM TEMPERATURE (F)   21       -10      1952


SUNRISE AND SUNSET
JANUARY 16 2015.......SUNRISE   722 AM CST   SUNSET   512 PM CST
JANUARY 17 2015.......SUNRISE   721 AM CST   SUNSET   513 PM CST


-  INDICATES NEGATIVE NUMBERS.
R  INDICATES RECORD WAS SET OR TIED.
MM INDICATES DATA IS MISSING.
T  INDICATES TRACE AMOUNT.




$$
