000
CDUS43 KSGF 130632
CLIVIH


CLIMATE REPORT
NATIONAL WEATHER SERVICE SPRINGFIELD MO
1232 AM CST MON FEB 13 2017


...................................

...THE VICHY-ROLLA MO CLIMATE SUMMARY FOR FEBRUARY 12 2017...

CLIMATE NORMAL PERIOD 1981 TO 2010
CLIMATE RECORD PERIOD 1888 TO 2017


WEATHER ITEM   OBSERVED TIME   RECORD YEAR NORMAL DEPARTURE LAST
                VALUE   (LST)  VALUE       VALUE  FROM      YEAR
                                                  NORMAL
..................................................................
TEMPERATURE (F)
 YESTERDAY
  MAXIMUM         55   1207 AM  72    1961  45     10       38
  MINIMUM         27   1144 PM -29    1899  25      2       18
  AVERAGE         41                        35      6       28

PRECIPITATION (IN)
  YESTERDAY        0.00          1.41 1948   0.07  -0.07     0.00
  MONTH TO DATE    T                         0.79  -0.79     0.21
  SINCE DEC 1      2.46                      5.60  -3.14    11.27
  SINCE JAN 1      1.60                      2.96  -1.36     0.95

DEGREE DAYS
 HEATING
  YESTERDAY       24                        30     -6       37
  MONTH TO DATE  297                       378    -81      375
  SINCE DEC 1   2129                      2399   -270     2089
  SINCE JUL 1   2757                      3346   -589     2810

 COOLING
  YESTERDAY        0                         0      0        0
  MONTH TO DATE    0                         0      0        0
  SINCE DEC 1      0                         0      0        0
  SINCE JAN 1      0                         0      0        0
..................................................................


WIND (MPH)
  HIGHEST WIND SPEED    24   HIGHEST WIND DIRECTION     N (340)
  HIGHEST GUST SPEED    30   HIGHEST GUST DIRECTION     N (360)
  AVERAGE WIND SPEED    10.6


SKY COVER
  AVERAGE SKY COVER 0.0


WEATHER CONDITIONS
 THE FOLLOWING WEATHER WAS RECORDED YESTERDAY.
  FOG


RELATIVE HUMIDITY (PERCENT)
 HIGHEST    96           200 AM
 LOWEST     26           400 PM
 AVERAGE    61

..........................................................


THE VICHY-ROLLA MO CLIMATE NORMALS FOR TODAY
                         NORMAL    RECORD    YEAR
 MAXIMUM TEMPERATURE (F)   45        81      1962
 MINIMUM TEMPERATURE (F)   25       -19      1899


SUNRISE AND SUNSET
FEBRUARY 13 2017......SUNRISE   659 AM CST   SUNSET   544 PM CST
FEBRUARY 14 2017......SUNRISE   658 AM CST   SUNSET   545 PM CST


-  INDICATES NEGATIVE NUMBERS.
R  INDICATES RECORD WAS SET OR TIED.
MM INDICATES DATA IS MISSING.
T  INDICATES TRACE AMOUNT.




$$
