000
CDUS43 KSGF 160626
CLIVIH


CLIMATE REPORT
NATIONAL WEATHER SERVICE SPRINGFIELD MO
126 AM CDT WED JUL 16 2014


...................................

...THE VICHY-ROLLA MO CLIMATE SUMMARY FOR JULY 15 2014...

CLIMATE NORMAL PERIOD 1981 TO 2010
CLIMATE RECORD PERIOD 1888 TO 2014


WEATHER ITEM   OBSERVED TIME   RECORD YEAR NORMAL DEPARTURE LAST
                VALUE   (LST)  VALUE       VALUE  FROM      YEAR
                                                  NORMAL
..................................................................
TEMPERATURE (F)
 YESTERDAY
  MAXIMUM         73    335 PM 107    1980  88    -15       87
  MINIMUM         54R   524 AM  55    1967  67    -13       68
  AVERAGE         64                        78    -14       78

PRECIPITATION (IN)
  YESTERDAY        0.00          1.64 1981   0.14  -0.14      T
  MONTH TO DATE    0.11                      2.16  -2.05     1.60
  SINCE JUN 1      3.42                      6.79  -3.37     5.39
  SINCE JAN 1     13.04                     23.60 -10.56    26.69

DEGREE DAYS
 HEATING
  YESTERDAY        1                         0      1        0
  MONTH TO DATE    1                         0      1        0
  SINCE JUN 1      2                        14    -12       17
  SINCE JUL 1      1                         0      1        0

 COOLING
  YESTERDAY        0                        12    -12       13
  MONTH TO DATE  114                       176    -62      130
  SINCE JUN 1    372                       411    -39      347
  SINCE JAN 1    519                       518      1      454
..................................................................


WIND (MPH)
  HIGHEST WIND SPEED    16   HIGHEST WIND DIRECTION    NW (300)
  HIGHEST GUST SPEED    20   HIGHEST GUST DIRECTION     N (10)
  AVERAGE WIND SPEED     7.7


SKY COVER
  AVERAGE SKY COVER 0.3


WEATHER CONDITIONS
 THE FOLLOWING WEATHER WAS RECORDED YESTERDAY.
  NO SIGNIFICANT WEATHER WAS OBSERVED.


RELATIVE HUMIDITY (PERCENT)
 HIGHEST    86           200 AM
 LOWEST     49           100 PM
 AVERAGE    68

..........................................................


THE VICHY-ROLLA MO CLIMATE NORMALS FOR TODAY
                         NORMAL    RECORD    YEAR
 MAXIMUM TEMPERATURE (F)   88       105      1980
 MINIMUM TEMPERATURE (F)   67        60      1967


SUNRISE AND SUNSET
JULY 16 2014..........SUNRISE   557 AM CDT   SUNSET   829 PM CDT
JULY 17 2014..........SUNRISE   558 AM CDT   SUNSET   828 PM CDT


-  INDICATES NEGATIVE NUMBERS.
R  INDICATES RECORD WAS SET OR TIED.
MM INDICATES DATA IS MISSING.
T  INDICATES TRACE AMOUNT.




$$
