000
CDUS43 KSGF 142227
CLIVIH


CLIMATE REPORT
NATIONAL WEATHER SERVICE SPRINGFIELD MO
527 PM CDT THU MAY 14 2015


...................................

...THE VICHY-ROLLA MO CLIMATE SUMMARY FOR MAY 14 2015...
VALID TODAY AS OF 0500 PM LOCAL TIME.

CLIMATE NORMAL PERIOD 1981 TO 2010
CLIMATE RECORD PERIOD 1888 TO 2015


WEATHER ITEM   OBSERVED TIME   RECORD YEAR NORMAL DEPARTURE LAST
                VALUE   (LST)  VALUE       VALUE  FROM      YEAR
                                                  NORMAL
..................................................................
TEMPERATURE (F)
 TODAY
  MAXIMUM         77    342 PM  89    1899  74      3       50
  MINIMUM         54    635 AM  32    2000  53      1       43
  AVERAGE         66                        63      3       47

PRECIPITATION (IN)
  TODAY            0.21          1.92 1970   0.16   0.05     0.25
  MONTH TO DATE    2.72                      2.28   0.44     1.40
  SINCE MAR 1      7.86                      9.95  -2.09     5.76
  SINCE JAN 1     10.14                     14.05  -3.91     7.22

DEGREE DAYS
 COOLING
  TODAY            1                         2     -1        0
  MONTH TO DATE   39                        22     17       57
  SINCE MAR 1     52                        48      4       69
  SINCE JAN 1     52                        48      4       69
..................................................................


WIND (MPH)
  HIGHEST WIND SPEED    25   HIGHEST WIND DIRECTION     S (180)
  HIGHEST GUST SPEED    32   HIGHEST GUST DIRECTION     S (190)


SKY COVER
  AVERAGE SKY COVER 0.9


WEATHER CONDITIONS
 THE FOLLOWING WEATHER WAS RECORDED TODAY.
  RAIN
  LIGHT RAIN
  FOG


RELATIVE HUMIDITY (PERCENT)
 HIGHEST    93           500 AM
 LOWEST     57           100 PM
 AVERAGE    75

..........................................................


THE VICHY-ROLLA MO CLIMATE NORMALS FOR TOMORROW
                         NORMAL    RECORD    YEAR
 MAXIMUM TEMPERATURE (F)   74        95      1899
 MINIMUM TEMPERATURE (F)   53        37      2014
                                             1904


SUNRISE AND SUNSET
MAY 14 2015...........SUNRISE   557 AM CDT   SUNSET   810 PM CDT
MAY 15 2015...........SUNRISE   557 AM CDT   SUNSET   811 PM CDT


-  INDICATES NEGATIVE NUMBERS.
R  INDICATES RECORD WAS SET OR TIED.
MM INDICATES DATA IS MISSING.
T  INDICATES TRACE AMOUNT.




$$
