000
CDUS43 KSGF 280631
CLIVIH


CLIMATE REPORT
NATIONAL WEATHER SERVICE SPRINGFIELD MO
131 AM CDT SAT MAR 28 2015


...................................

...THE VICHY-ROLLA MO CLIMATE SUMMARY FOR MARCH 27 2015...

CLIMATE NORMAL PERIOD 1981 TO 2010
CLIMATE RECORD PERIOD 1888 TO 2015


WEATHER ITEM   OBSERVED TIME   RECORD YEAR NORMAL DEPARTURE LAST
                VALUE   (LST)  VALUE       VALUE  FROM      YEAR
                                                  NORMAL
..................................................................
TEMPERATURE (F)
 YESTERDAY
  MAXIMUM         42    414 PM  81    2012  61    -19       58
  MINIMUM         30    709 AM  11    1955  38     -8       40
  AVERAGE         36                        49    -13       49

PRECIPITATION (IN)
  YESTERDAY        0.02          1.06 1995   0.13  -0.11     0.12
  MONTH TO DATE    3.02                      2.86   0.16     0.70
  SINCE MAR 1      3.02                      2.86   0.16     0.70
  SINCE JAN 1      5.30                      6.96  -1.66     2.16

DEGREE DAYS
 HEATING
  YESTERDAY       29                        16     13       16
  MONTH TO DATE  554                       552      2      685
  SINCE MAR 1    554                       552      2      685
  SINCE JUL 1   4671                      4342    329     4991

 COOLING
  YESTERDAY        0                         0      0        0
  MONTH TO DATE    0                         0      0        0
  SINCE MAR 1      0                         0      0        0
  SINCE JAN 1      0                         0      0        0
..................................................................


WIND (MPH)
  HIGHEST WIND SPEED    17   HIGHEST WIND DIRECTION     N (340)
  HIGHEST GUST SPEED    24   HIGHEST GUST DIRECTION     N (350)
  AVERAGE WIND SPEED     6.1


SKY COVER
  AVERAGE SKY COVER 0.6


WEATHER CONDITIONS
 THE FOLLOWING WEATHER WAS RECORDED YESTERDAY.
  SNOW
  LIGHT SNOW
  FOG


RELATIVE HUMIDITY (PERCENT)
 HIGHEST    92           600 AM
 LOWEST     41           400 PM
 AVERAGE    67

..........................................................


THE VICHY-ROLLA MO CLIMATE NORMALS FOR TODAY
                         NORMAL    RECORD    YEAR
 MAXIMUM TEMPERATURE (F)   61        82      2012
                                             1963
 MINIMUM TEMPERATURE (F)   38        21      1899


SUNRISE AND SUNSET
MARCH 28 2015.........SUNRISE   659 AM CDT   SUNSET   726 PM CDT
MARCH 29 2015.........SUNRISE   657 AM CDT   SUNSET   727 PM CDT


-  INDICATES NEGATIVE NUMBERS.
R  INDICATES RECORD WAS SET OR TIED.
MM INDICATES DATA IS MISSING.
T  INDICATES TRACE AMOUNT.




$$
