000
CDUS43 KSGF 272228
CLIVIH


CLIMATE REPORT
NATIONAL WEATHER SERVICE SPRINGFIELD MO
528 PM CDT MON OCT 27 2014


...................................

...THE VICHY-ROLLA MO CLIMATE SUMMARY FOR OCTOBER 27 2014...
VALID TODAY AS OF 0500 PM LOCAL TIME.

CLIMATE NORMAL PERIOD 1981 TO 2010
CLIMATE RECORD PERIOD 1888 TO 2014


WEATHER ITEM   OBSERVED TIME   RECORD YEAR NORMAL DEPARTURE LAST
                VALUE   (LST)  VALUE       VALUE  FROM      YEAR
                                                  NORMAL
..................................................................
TEMPERATURE (F)
 TODAY
  MAXIMUM         78   1209 PM  85    1950  64     14       61
  MINIMUM         64    627 AM  24    1898  43     21       26
  AVERAGE         71                        53     18       44

PRECIPITATION (IN)
  TODAY            0.00          1.96 1980   0.11  -0.11     0.00
  MONTH TO DATE    5.20                      3.04   2.16     0.98
  SINCE SEP 1      7.11                      7.08   0.03     3.84
  SINCE JAN 1     24.41                     36.63 -12.22    36.82

DEGREE DAYS
 HEATING
  TODAY            0                        12    -12       21
  MONTH TO DATE  200                       233    -33      297
  SINCE SEP 1    261                       294    -33      325
  SINCE JUL 1    264                       297    -33      329

 COOLING
  TODAY            6                         0      6        0
  MONTH TO DATE   25                        25      0       38
  SINCE SEP 1    147                       166    -19      225
  SINCE JAN 1   1186                      1243    -57     1124
..................................................................


WIND (MPH)
  HIGHEST WIND SPEED    28   HIGHEST WIND DIRECTION     S (200)
  HIGHEST GUST SPEED    35   HIGHEST GUST DIRECTION     S (200)


SKY COVER
  AVERAGE SKY COVER 0.0


WEATHER CONDITIONS
 THE FOLLOWING WEATHER WAS RECORDED TODAY.
  LIGHT RAIN


RELATIVE HUMIDITY (PERCENT)
 HIGHEST    78           100 AM
 LOWEST     50          1100 AM
 AVERAGE    64

..........................................................


THE VICHY-ROLLA MO CLIMATE NORMALS FOR TOMORROW
                         NORMAL    RECORD    YEAR
 MAXIMUM TEMPERATURE (F)   64        86      1950
 MINIMUM TEMPERATURE (F)   42        26      2008
                                             1957


SUNRISE AND SUNSET
OCTOBER 27 2014.......SUNRISE   728 AM CDT   SUNSET   614 PM CDT
OCTOBER 28 2014.......SUNRISE   729 AM CDT   SUNSET   612 PM CDT


-  INDICATES NEGATIVE NUMBERS.
R  INDICATES RECORD WAS SET OR TIED.
MM INDICATES DATA IS MISSING.
T  INDICATES TRACE AMOUNT.




$$
