000
CDUS41 KBUF 131024
CLIART


CLIMATE REPORT
NATIONAL WEATHER SERVICE BUFFALO NY
622 AM EDT FRI OCT 13 2017


...................................

...THE WATERTOWN NY CLIMATE SUMMARY FOR OCTOBER 12 2017...

CLIMATE NORMAL PERIOD 1981 TO 2010
CLIMATE RECORD PERIOD 1949 TO 2017


WEATHER ITEM   OBSERVED TIME   RECORD YEAR NORMAL DEPARTURE LAST
                VALUE   (LST)  VALUE       VALUE  FROM      YEAR
                                                  NORMAL
..................................................................
TEMPERATURE (F)
 YESTERDAY
  MAXIMUM         66    142 PM  78    1954  60      6       70
  MINIMUM         41    702 AM  23    2009  39      2       53
  AVERAGE         54                        49      5       62

PRECIPITATION (IN)
  YESTERDAY        T             0.67 1970   0.12  -0.12     0.00
  MONTH TO DATE    5.51                      1.52   3.99     1.27
  SINCE SEP 1      6.80                      5.24   1.56     3.72
  SINCE JAN 1     37.53                     27.04  10.49    22.75

DEGREE DAYS
 HEATING
  YESTERDAY       11                        16     -5        3
  MONTH TO DATE   83                       166    -83      108
  SINCE SEP 1    230                       368   -138      252
  SINCE JUL 1    300                       440   -140      263

 COOLING
  YESTERDAY        0                         0      0        0
  MONTH TO DATE    5                         0      5        0
  SINCE SEP 1     58                        35     23       47
  SINCE JAN 1    388                       359     29      561
..................................................................


WIND (MPH)
  HIGHEST WIND SPEED    14   HIGHEST WIND DIRECTION    NE (50)
  HIGHEST GUST SPEED    16   HIGHEST GUST DIRECTION    NE (40)
  AVERAGE WIND SPEED     7.3


SKY COVER
  AVERAGE SKY COVER 0.3


WEATHER CONDITIONS
 THE FOLLOWING WEATHER WAS RECORDED YESTERDAY.
  LIGHT RAIN
  HAZE


RELATIVE HUMIDITY (PERCENT)
 HIGHEST   100          1100 PM
 LOWEST     60           300 PM
 AVERAGE    80

..........................................................


THE WATERTOWN NY CLIMATE NORMALS FOR TODAY
                         NORMAL    RECORD    YEAR
 MAXIMUM TEMPERATURE (F)   59        84      1983
 MINIMUM TEMPERATURE (F)   39        22      2012


SUNRISE AND SUNSET
OCTOBER 13 2017.......SUNRISE   717 AM EDT   SUNSET   623 PM EDT
OCTOBER 14 2017.......SUNRISE   718 AM EDT   SUNSET   622 PM EDT


-  INDICATES NEGATIVE NUMBERS.
R  INDICATES RECORD WAS SET OR TIED.
MM INDICATES DATA IS MISSING.
T  INDICATES TRACE AMOUNT.




$$
