000
CDUS41 KBUF 250706
CLIART


CLIMATE REPORT
NATIONAL WEATHER SERVICE BUFFALO NY
305 AM EDT SUN SEP 25 2016


...................................

...THE WATERTOWN NY CLIMATE SUMMARY FOR SEPTEMBER 24 2016...

CLIMATE NORMAL PERIOD 1981 TO 2010
CLIMATE RECORD PERIOD 1949 TO 2016


WEATHER ITEM   OBSERVED TIME   RECORD YEAR NORMAL DEPARTURE LAST
                VALUE   (LST)  VALUE       VALUE  FROM      YEAR
                                                  NORMAL
..................................................................
TEMPERATURE (F)
 YESTERDAY
  MAXIMUM         64    353 PM  88    2010  67     -3       75
                                      1970
  MINIMUM         37   1158 PM  26    1997  46     -9       48
  AVERAGE         51                        56     -5       62

PRECIPITATION (IN)
  YESTERDAY        0.00          1.79 2001   0.14  -0.14     0.00
  MONTH TO DATE    2.32                      2.90  -0.58     2.71
  SINCE SEP 1      2.32                      2.90  -0.58     2.71
  SINCE JAN 1     21.35                     24.70  -3.35    20.06

DEGREE DAYS
 HEATING
  YESTERDAY       14                         9      5        3
  MONTH TO DATE   87                       138    -51       58
  SINCE SEP 1     87                       138    -51       58
  SINCE JUL 1     98                       210   -112      113

 COOLING
  YESTERDAY        0                         1     -1        0
  MONTH TO DATE   47                        34     13       79
  SINCE SEP 1     47                        34     13       79
  SINCE JAN 1    561                       358    203      385
..................................................................


WIND (MPH)
  HIGHEST WIND SPEED    14   HIGHEST WIND DIRECTION     N (10)
  HIGHEST GUST SPEED    19   HIGHEST GUST DIRECTION    NE (40)
  AVERAGE WIND SPEED     4.5


SKY COVER
  AVERAGE SKY COVER 0.1


WEATHER CONDITIONS
 THE FOLLOWING WEATHER WAS RECORDED YESTERDAY.
  FOG


RELATIVE HUMIDITY (PERCENT)
 HIGHEST   100           300 AM
 LOWEST     36           200 PM
 AVERAGE    68

..........................................................


THE WATERTOWN NY CLIMATE NORMALS FOR TODAY
                         NORMAL    RECORD    YEAR
 MAXIMUM TEMPERATURE (F)   67        89      2007
 MINIMUM TEMPERATURE (F)   45        30      1992


SUNRISE AND SUNSET
SEPTEMBER 25 2016.....SUNRISE   655 AM EDT   SUNSET   655 PM EDT
SEPTEMBER 26 2016.....SUNRISE   656 AM EDT   SUNSET   653 PM EDT


-  INDICATES NEGATIVE NUMBERS.
R  INDICATES RECORD WAS SET OR TIED.
MM INDICATES DATA IS MISSING.
T  INDICATES TRACE AMOUNT.




$$
