000
CDUS43 KGLD 110737
CLIGLD

CLIMATE REPORT
NATIONAL WEATHER SERVICE GOODLAND
135 AM MDT TUE APR 11 2017

...................................

...THE GOODLAND KS CLIMATE SUMMARY FOR APRIL 10 2017...

CLIMATE NORMAL PERIOD 1981 TO 2010
CLIMATE RECORD PERIOD 1895 TO 2017

WEATHER ITEM   OBSERVED TIME   RECORD YEAR NORMAL DEPARTURE LAST
                VALUE   (LST)  VALUE       VALUE  FROM      YEAR
                                                  NORMAL
..................................................................
TEMPERATURE (F)
 YESTERDAY
  MAXIMUM         60    328 PM  90    1907  62     -2       66
  MINIMUM         32   1157 PM   4    1989  33     -1       41
  AVERAGE         46                        47     -1       54

PRECIPITATION (IN)
  YESTERDAY        0.00          1.24 1944   0.05  -0.05      T
  MONTH TO DATE    0.32                      0.44  -0.12     0.07
  SINCE MAR 1      2.00                      1.51   0.49     0.62
  SINCE JAN 1      2.93                      2.38   0.55     1.48

SNOWFALL (IN)
  YESTERDAY        0.0                       0.1   -0.1      0.0
  MONTH TO DATE    0.0                       2.0   -2.0      0.0
  SINCE MAR 1      T                         8.8   -8.8      4.4
  SINCE JUL 1      9.4                      32.8  -23.4     27.8
  SNOW DEPTH       0

DEGREE DAYS
 HEATING
  YESTERDAY       19                        18      1       11
  MONTH TO DATE  156                       190    -34      133
  SINCE MAR 1    751                       948   -197      738
  SINCE JUL 1   4636                      5365   -729     4584

 COOLING
  YESTERDAY        0                         0      0        0
  MONTH TO DATE    0                         0      0        0
  SINCE MAR 1      0                         0      0        0
  SINCE JAN 1      0                         0      0        0
..................................................................

WIND (MPH)
  HIGHEST WIND SPEED    39   HIGHEST WIND DIRECTION    NW (330)
  HIGHEST GUST SPEED    49   HIGHEST GUST DIRECTION    NW (330)
  AVERAGE WIND SPEED    17.6


SKY COVER
  AVERAGE SKY COVER 0.0


WEATHER CONDITIONS
 THE FOLLOWING WEATHER WAS RECORDED YESTERDAY.
  NO SIGNIFICANT WEATHER WAS OBSERVED.


RELATIVE HUMIDITY (PERCENT)
 HIGHEST    75
 LOWEST     24
 AVERAGE    50

..........................................................


THE GOODLAND KS CLIMATE NORMALS FOR TODAY
                         NORMAL    RECORD    YEAR
 MAXIMUM TEMPERATURE (F)   62        87      1916
 MINIMUM TEMPERATURE (F)   33        11      1997


SUNRISE AND SUNSET
APRIL 11 2017.........SUNRISE   615 AM MDT   SUNSET   721 PM MDT
APRIL 12 2017.........SUNRISE   614 AM MDT   SUNSET   722 PM MDT


-  INDICATES NEGATIVE NUMBERS.
R  INDICATES RECORD WAS SET OR TIED.
MM INDICATES DATA IS MISSING.
T  INDICATES TRACE AMOUNT.

&&

THE AVERAGE SOIL TEMPERATURE AT THE FOUR INCH DEPTH... 55

$$
