131
CDUS43 KGLD 140743
CLIGLD

CLIMATE REPORT
NATIONAL WEATHER SERVICE GOODLAND
1240 AM MST TUE FEB 14 2017

...................................

...THE GOODLAND KS CLIMATE SUMMARY FOR FEBRUARY 13 2017...

CLIMATE NORMAL PERIOD 1981 TO 2010
CLIMATE RECORD PERIOD 1895 TO 2017

WEATHER ITEM   OBSERVED TIME   RECORD YEAR NORMAL DEPARTURE LAST
                VALUE   (LST)  VALUE       VALUE  FROM      YEAR
                                                  NORMAL
..................................................................
TEMPERATURE (F)
 YESTERDAY
  MAXIMUM         50    255 PM  77    1954  45      5       32
  MINIMUM         28   1159 PM -11    1948  19      9       25
  AVERAGE         39                        32      7       29

PRECIPITATION (IN)
  YESTERDAY        T             0.62 1908   0.01  -0.01     0.00
  MONTH TO DATE    T                         0.20  -0.20     0.81
  SINCE DEC 1      1.52                      1.04   0.48     1.01
  SINCE JAN 1      0.92                      0.58   0.34     0.85

SNOWFALL (IN)
  YESTERDAY        0.0                       0.2   -0.2      0.0
  MONTH TO DATE    T                         2.8   -2.8     13.3
  SINCE DEC 1      8.8                      14.2   -5.4     15.2
  SINCE JUL 1      9.4                      21.4  -12.0     23.4
  SNOW DEPTH       0

DEGREE DAYS
 HEATING
  YESTERDAY       26                        33     -7       36
  MONTH TO DATE  348                       447    -99      453
  SINCE DEC 1   2666                      2631     35     2454
  SINCE JUL 1   3529                      3950   -421     3514

 COOLING
  YESTERDAY        0                         0      0        0
  MONTH TO DATE    0                         0      0        0
  SINCE DEC 1      0                         0      0        0
  SINCE JAN 1      0                         0      0        0
..................................................................

WIND (MPH)
  HIGHEST WIND SPEED    22   HIGHEST WIND DIRECTION     S (200)
  HIGHEST GUST SPEED    27   HIGHEST GUST DIRECTION     S (190)
  AVERAGE WIND SPEED    11.5


SKY COVER
  AVERAGE SKY COVER 0.3


WEATHER CONDITIONS
 THE FOLLOWING WEATHER WAS RECORDED YESTERDAY.
  NO SIGNIFICANT WEATHER WAS OBSERVED.


RELATIVE HUMIDITY (PERCENT)
 HIGHEST    82
 LOWEST     38
 AVERAGE    60

..........................................................


THE GOODLAND KS CLIMATE NORMALS FOR TODAY
                         NORMAL    RECORD    YEAR
 MAXIMUM TEMPERATURE (F)   45        75      1999
 MINIMUM TEMPERATURE (F)   19       -12      2007


SUNRISE AND SUNSET
FEBRUARY 14 2017......SUNRISE   640 AM MST   SUNSET   523 PM MST
FEBRUARY 15 2017......SUNRISE   638 AM MST   SUNSET   524 PM MST


-  INDICATES NEGATIVE NUMBERS.
R  INDICATES RECORD WAS SET OR TIED.
MM INDICATES DATA IS MISSING.
T  INDICATES TRACE AMOUNT.

&&

THE AVERAGE SOIL TEMPERATURE AT THE FOUR INCH DEPTH... 40
THE CURRENT DEPTH OF FROST... 0 INCHES

$$
