000
CDUS43 KDLH 260640
CLIINL


CLIMATE REPORT
NATIONAL WEATHER SERVICE DULUTH MN
1240 AM CST MON JAN 26 2015


...................................

...THE INTERNATIONAL FALLS MN CLIMATE SUMMARY FOR JANUARY 25 2015...

CLIMATE NORMAL PERIOD 1981 TO 2010
CLIMATE RECORD PERIOD 1895 TO 2015


WEATHER ITEM   OBSERVED TIME   RECORD YEAR NORMAL DEPARTURE LAST
                VALUE   (LST)  VALUE       VALUE  FROM      YEAR
                                                  NORMAL
..................................................................
TEMPERATURE (F)
 YESTERDAY
  MAXIMUM         23   1159 PM  42    1973  16      7        2
  MINIMUM          2    752 AM -39    1996  -7      9      -14
  AVERAGE         13                         5      8       -6

PRECIPITATION (IN)
  YESTERDAY        T             0.37 1978   0.02  -0.02      T
  MONTH TO DATE    1.06                      0.53   0.53     0.74
  SINCE DEC 1      1.91                      1.34   0.57     2.18
  SINCE JAN 1      1.06                      0.53   0.53     0.74

SNOWFALL (IN)
  YESTERDAY        T             6.9  1978   0.4   -0.4       T
  MONTH TO DATE   16.8                      12.6    4.2     15.0
  SINCE DEC 1     27.5                      27.6   -0.1     41.4
  SINCE JUL 1     36.8                      43.6   -6.8     52.3
  SNOW DEPTH      13

DEGREE DAYS
 HEATING
  YESTERDAY       52                        60     -8       71
  MONTH TO DATE 1507                      1520    -13     1680
  SINCE DEC 1   2970                      3234   -264     3817
  SINCE JUL 1   5581                      5695   -114     6175

 COOLING
  YESTERDAY        0                         0      0        0
  MONTH TO DATE    0                         0      0        0
  SINCE DEC 1      0                         0      0        0
  SINCE JAN 1      0                         0      0        0
..................................................................


WIND (MPH)
  HIGHEST WIND SPEED    13   HIGHEST WIND DIRECTION     E (80)
  HIGHEST GUST SPEED    18   HIGHEST GUST DIRECTION     S (200)
  AVERAGE WIND SPEED     5.9


SKY COVER
  AVERAGE SKY COVER 1.0


WEATHER CONDITIONS
 THE FOLLOWING WEATHER WAS RECORDED YESTERDAY.
  LIGHT SNOW


RELATIVE HUMIDITY (PERCENT)
 HIGHEST    76           200 AM
 LOWEST     61           300 PM
 AVERAGE    69

..........................................................


THE INTERNATIONAL FALLS MN CLIMATE NORMALS FOR TODAY
                         NORMAL    RECORD    YEAR
 MAXIMUM TEMPERATURE (F)   16        43      2006
 MINIMUM TEMPERATURE (F)   -7       -42      1997


SUNRISE AND SUNSET
JANUARY 26 2015.......SUNRISE   750 AM CST   SUNSET   502 PM CST
JANUARY 27 2015.......SUNRISE   749 AM CST   SUNSET   504 PM CST


-  INDICATES NEGATIVE NUMBERS.
R  INDICATES RECORD WAS SET OR TIED.
MM INDICATES DATA IS MISSING.
T  INDICATES TRACE AMOUNT.




$$
