000
CDUS43 KDLH 052222
CLIINL


CLIMATE REPORT
NATIONAL WEATHER SERVICE DULUTH MN
522 PM CDT SAT JUL 5 2014


...................................

...THE INTERNATIONAL FALLS MN CLIMATE SUMMARY FOR JULY 5 2014...
VALID TODAY AS OF 0500 PM LOCAL TIME.

CLIMATE NORMAL PERIOD 1981 TO 2010
CLIMATE RECORD PERIOD 1895 TO 2014


WEATHER ITEM   OBSERVED TIME   RECORD YEAR NORMAL DEPARTURE LAST
                VALUE   (LST)  VALUE       VALUE  FROM      YEAR
                                                  NORMAL
..................................................................
TEMPERATURE (F)
 TODAY
  MAXIMUM         79    359 PM  96    1988  77      2       84
  MINIMUM         59    103 AM  34    2001  52      7       63
  AVERAGE         69                        65      4       74

PRECIPITATION (IN)
  TODAY            0.37                      0.15   0.22     0.95
  MONTH TO DATE    0.80                      0.74   0.06     0.97
  SINCE JUN 1     11.04                      4.66   6.38     2.57
  SINCE JAN 1     19.86                     11.19   8.67    14.95

SNOWFALL (IN)
  TODAY            0.0                       0.0    0.0      0.0
  MONTH TO DATE    0.0                       0.0    0.0      0.0
  SINCE JUL 1      0.0                       0.0    0.0      0.0
  SNOW DEPTH       0

DEGREE DAYS
 HEATING
  TODAY            0                         3     -3        0
  MONTH TO DATE   26                        15     11        0
  SINCE JUN 1    155                       179    -24      169
  SINCE JUL 1     26                        15     11        0

 COOLING
  TODAY            4                         2      2        9
  MONTH TO DATE    4                        10     -6       21
  SINCE JUN 1     33                        48    -15       55
  SINCE JAN 1     56                        57     -1       58
..................................................................


WIND (MPH)
  HIGHEST WIND SPEED    16   HIGHEST WIND DIRECTION    SW (210)
  HIGHEST GUST SPEED    25   HIGHEST GUST DIRECTION    SW (220)


SKY COVER
  AVERAGE SKY COVER 0.6


WEATHER CONDITIONS
 THE FOLLOWING WEATHER WAS RECORDED TODAY.
  THUNDERSTORM
  HEAVY RAIN
  LIGHT RAIN
  FOG


RELATIVE HUMIDITY (PERCENT)
 HIGHEST    93          1200 AM
 LOWEST     71           100 PM
 AVERAGE    82

..........................................................


THE INTERNATIONAL FALLS MN CLIMATE NORMALS FOR TOMORROW
                         NORMAL    RECORD    YEAR
 MAXIMUM TEMPERATURE (F)   77        98      1988
 MINIMUM TEMPERATURE (F)   52        35      1997
                                             1918


SUNRISE AND SUNSET
JULY  5 2014..........SUNRISE   518 AM CDT   SUNSET   918 PM CDT
JULY  6 2014..........SUNRISE   519 AM CDT   SUNSET   917 PM CDT


-  INDICATES NEGATIVE NUMBERS.
R  INDICATES RECORD WAS SET OR TIED.
MM INDICATES DATA IS MISSING.
T  INDICATES TRACE AMOUNT.




$$
