000
CDUS43 KDLH 260629
CLIINL


CLIMATE REPORT
NATIONAL WEATHER SERVICE DULUTH MN
128 AM CDT SUN MAR 26 2017


...................................

...THE INTERNATIONAL FALLS MN CLIMATE SUMMARY FOR MARCH 25 2017...

CLIMATE NORMAL PERIOD 1981 TO 2010
CLIMATE RECORD PERIOD 1895 TO 2017


WEATHER ITEM   OBSERVED TIME   RECORD YEAR NORMAL DEPARTURE LAST
                VALUE   (LST)  VALUE       VALUE  FROM      YEAR
                                                  NORMAL
..................................................................
TEMPERATURE (F)
 YESTERDAY
  MAXIMUM         41    447 PM  60    1921  39      2       36
                                      1918
                                      1911
  MINIMUM         31   1159 PM -20    1965  17     14       26
  AVERAGE         36                        28      8       31

PRECIPITATION (IN)
  YESTERDAY        0.00          0.34 1948   0.04  -0.04     0.12
  MONTH TO DATE    0.68                      0.72  -0.04     2.57
  SINCE MAR 1      0.68                      0.72  -0.04     2.57
  SINCE JAN 1      3.43                      1.91   1.52     3.94

SNOWFALL (IN)
  YESTERDAY        0.0           2.6  1954   0.2   -0.2      0.6
  MONTH TO DATE    4.5                       6.3   -1.8      9.3
  SINCE MAR 1      4.5                       6.3   -1.8      9.3
  SINCE JUL 1     67.8                      63.1    4.7     42.8
  SNOW DEPTH       4

DEGREE DAYS
 HEATING
  YESTERDAY       29                        37     -8       34
  MONTH TO DATE 1115                      1070     45      931
  SINCE MAR 1   1115                      1070     45      931
  SINCE JUL 1   7589                      8653  -1064     7463

 COOLING
  YESTERDAY        0                         0      0        0
  MONTH TO DATE    0                         0      0        0
  SINCE MAR 1      0                         0      0        0
  SINCE JAN 1      0                         0      0        0
..................................................................


WIND (MPH)
  HIGHEST WIND SPEED    17   HIGHEST WIND DIRECTION    SE (140)
  HIGHEST GUST SPEED    22   HIGHEST GUST DIRECTION    SE (140)
  AVERAGE WIND SPEED     8.4


SKY COVER
  AVERAGE SKY COVER 0.6


WEATHER CONDITIONS
 THE FOLLOWING WEATHER WAS RECORDED YESTERDAY.
  NO SIGNIFICANT WEATHER WAS OBSERVED.


RELATIVE HUMIDITY (PERCENT)
 HIGHEST    82           300 AM
 LOWEST     51           300 PM
 AVERAGE    67

..........................................................


THE INTERNATIONAL FALLS MN CLIMATE NORMALS FOR TODAY
                         NORMAL    RECORD    YEAR
 MAXIMUM TEMPERATURE (F)   40        57      1989
                                             1973
                                             1968
 MINIMUM TEMPERATURE (F)   18       -22      1996


SUNRISE AND SUNSET
MARCH 26 2017.........SUNRISE   703 AM CDT   SUNSET   736 PM CDT
MARCH 27 2017.........SUNRISE   701 AM CDT   SUNSET   737 PM CDT


-  INDICATES NEGATIVE NUMBERS.
R  INDICATES RECORD WAS SET OR TIED.
MM INDICATES DATA IS MISSING.
T  INDICATES TRACE AMOUNT.




$$
