000
CDUS43 KDLH 010622
CLIINL


CLIMATE REPORT
NATIONAL WEATHER SERVICE DULUTH MN
121 AM CDT MON SEP 1 2014


...................................

...THE INTERNATIONAL FALLS MN CLIMATE SUMMARY FOR AUGUST 31 2014...

CLIMATE NORMAL PERIOD 1981 TO 2010
CLIMATE RECORD PERIOD 1895 TO 2014


WEATHER ITEM   OBSERVED TIME   RECORD YEAR NORMAL DEPARTURE LAST
                VALUE   (LST)  VALUE       VALUE  FROM      YEAR
                                                  NORMAL
..................................................................
TEMPERATURE (F)
 YESTERDAY
  MAXIMUM         70    431 PM  94    1921  72     -2       81
  MINIMUM         54   1237 AM  27    1906  48      6       55
  AVERAGE         62                        60      2       68

PRECIPITATION (IN)
  YESTERDAY        0.22          1.50 1979   0.09   0.13     0.42
  MONTH TO DATE    0.90                      2.81  -1.91     3.73
  SINCE JUN 1     15.72                     10.43   5.29    12.73
  SINCE JAN 1     24.54                     16.96   7.58    25.11

SNOWFALL (IN)
  YESTERDAY        0.0                       0.0    0.0      0.0
  MONTH TO DATE    0.0                       0.0    0.0      0.0
  SINCE JUN 1      0.0                       0.0    0.0      0.0
  SINCE JUL 1      0.0                       0.0    0.0      0.0
  SNOW DEPTH       0

DEGREE DAYS
 HEATING
  YESTERDAY        3                         6     -3        0
  MONTH TO DATE  111                       110      1      135
  SINCE JUN 1    343                       345     -2      389
  SINCE JUL 1    214                       181     33      220

 COOLING
  YESTERDAY        0                         1     -1        3
  MONTH TO DATE   16                        58    -42       86
  SINCE JUN 1     88                       172    -84      210
  SINCE JAN 1    111                       181    -70      213
..................................................................


WIND (MPH)
  HIGHEST WIND SPEED    25   HIGHEST WIND DIRECTION    SE (140)
  HIGHEST GUST SPEED    33   HIGHEST GUST DIRECTION    SE (140)
  AVERAGE WIND SPEED     8.9


SKY COVER
  AVERAGE SKY COVER 0.9


WEATHER CONDITIONS
 THE FOLLOWING WEATHER WAS RECORDED YESTERDAY.
  HEAVY RAIN
  LIGHT RAIN
  FOG
  HAZE


RELATIVE HUMIDITY (PERCENT)
 HIGHEST   100           300 AM
 LOWEST     73          1200 PM
 AVERAGE    87

..........................................................


THE INTERNATIONAL FALLS MN CLIMATE NORMALS FOR TODAY
                         NORMAL    RECORD    YEAR
 MAXIMUM TEMPERATURE (F)   72        90      1913
 MINIMUM TEMPERATURE (F)   47        32      1909


SUNRISE AND SUNSET
SEPTEMBER  1 2014.....SUNRISE   631 AM CDT   SUNSET   755 PM CDT
SEPTEMBER  2 2014.....SUNRISE   632 AM CDT   SUNSET   753 PM CDT


-  INDICATES NEGATIVE NUMBERS.
R  INDICATES RECORD WAS SET OR TIED.
MM INDICATES DATA IS MISSING.
T  INDICATES TRACE AMOUNT.




$$
