000
CDUS43 KDLH 130616
CLIINL


CLIMATE REPORT
NATIONAL WEATHER SERVICE DULUTH MN
115 AM CDT FRI OCT 13 2017


...................................

...THE INTERNATIONAL FALLS MN CLIMATE SUMMARY FOR OCTOBER 12 2017...

CLIMATE NORMAL PERIOD 1981 TO 2010
CLIMATE RECORD PERIOD 1895 TO 2017


WEATHER ITEM   OBSERVED TIME   RECORD YEAR NORMAL DEPARTURE LAST
                VALUE   (LST)  VALUE       VALUE  FROM      YEAR
                                                  NORMAL
..................................................................
TEMPERATURE (F)
 YESTERDAY
  MAXIMUM         66        MM  83    1995  53     13       43
  MINIMUM         49        MM  15    2012  32     17       32
  AVERAGE         58                        43     15       38

PRECIPITATION (IN)
  YESTERDAY        0.00          0.93 2008   0.07  -0.07      T
  MONTH TO DATE    0.82                      0.92  -0.10     0.89
  SINCE SEP 1      3.89                      3.91  -0.02     4.22
  SINCE JAN 1     20.63                     20.87  -0.24    24.78

SNOWFALL (IN)
  YESTERDAY        0.0           0.5  2006   0.1   -0.1       T
  MONTH TO DATE    0.0                       0.4   -0.4       T
  SINCE SEP 1      0.0                       0.5   -0.5       T
  SINCE JUL 1      0.0                       0.5   -0.5       T
  SNOW DEPTH       0

DEGREE DAYS
 HEATING
  YESTERDAY        7                        22    -15       27
  MONTH TO DATE  214                       241    -27      188
  SINCE SEP 1    483                       594   -111      426
  SINCE JUL 1    694                       775    -81      543

 COOLING
  YESTERDAY        0                         0      0        0
  MONTH TO DATE    0                         0      0        0
  SINCE SEP 1      7                        11     -4        7
  SINCE JAN 1     86                       192   -106      155
..................................................................


WIND (MPH)
  HIGHEST WIND SPEED    17   HIGHEST WIND DIRECTION     S (160)
  HIGHEST GUST SPEED    27   HIGHEST GUST DIRECTION     S (170)
  AVERAGE WIND SPEED     8.9


SKY COVER
  AVERAGE SKY COVER 0.4


WEATHER CONDITIONS
 THE FOLLOWING WEATHER WAS RECORDED YESTERDAY.
  NO SIGNIFICANT WEATHER WAS OBSERVED.


RELATIVE HUMIDITY (PERCENT)
 HIGHEST    80           500 AM
 LOWEST     48           100 PM
 AVERAGE    64

..........................................................


THE INTERNATIONAL FALLS MN CLIMATE NORMALS FOR TODAY
                         NORMAL    RECORD    YEAR
 MAXIMUM TEMPERATURE (F)   53        82      1956
 MINIMUM TEMPERATURE (F)   32        13      1917


SUNRISE AND SUNSET
OCTOBER 13 2017.......SUNRISE   731 AM CDT   SUNSET   628 PM CDT
OCTOBER 14 2017.......SUNRISE   732 AM CDT   SUNSET   626 PM CDT


-  INDICATES NEGATIVE NUMBERS.
R  INDICATES RECORD WAS SET OR TIED.
MM INDICATES DATA IS MISSING.
T  INDICATES TRACE AMOUNT.




$$
