000
CDUS43 KDLH 020624
CLIINL


CLIMATE REPORT
NATIONAL WEATHER SERVICE DULUTH MN
1223 AM CST TUE FEB 2 2016


...................................

...THE INTERNATIONAL FALLS MN CLIMATE SUMMARY FOR FEBRUARY 1 2016...

CLIMATE NORMAL PERIOD 1981 TO 2010
CLIMATE RECORD PERIOD 1895 TO 2016


WEATHER ITEM   OBSERVED TIME   RECORD YEAR NORMAL DEPARTURE LAST
                VALUE   (LST)  VALUE       VALUE  FROM      YEAR
                                                  NORMAL
..................................................................
TEMPERATURE (F)
 YESTERDAY
  MAXIMUM         26    222 PM  42    1993  18      8        2
  MINIMUM          0    341 AM -43    1996  -6      6      -27
  AVERAGE         13                         6      7      -12

PRECIPITATION (IN)
  YESTERDAY        T             1.20 1911   0.02  -0.02      T
  MONTH TO DATE    T                         0.02  -0.02      T
  SINCE DEC 1      1.66                      1.45   0.21     2.18
  SINCE JAN 1      0.59                      0.64  -0.05     1.33

SNOWFALL (IN)
  YESTERDAY        T             3.1  2009   0.4   -0.4       T
  MONTH TO DATE    T                         0.4   -0.4       T
  SINCE DEC 1     18.3                      30.4  -12.1     31.5
  SINCE JUL 1     22.1                      46.4  -24.3     40.8
  SNOW DEPTH       9

DEGREE DAYS
 HEATING
  YESTERDAY       52                        59     -7       77
  MONTH TO DATE   52                        59     -7       77
  SINCE DEC 1   3061                      3651   -590     3351
  SINCE JUL 1   5067                      6112  -1045     5962

 COOLING
  YESTERDAY        0                         0      0        0
  MONTH TO DATE    0                         0      0        0
  SINCE DEC 1      0                         0      0        0
  SINCE JAN 1      0                         0      0        0
..................................................................


WIND (MPH)
  HIGHEST WIND SPEED    10   HIGHEST WIND DIRECTION    NW (320)
  HIGHEST GUST SPEED    14   HIGHEST GUST DIRECTION    NW (320)
  AVERAGE WIND SPEED     3.2


SKY COVER
  AVERAGE SKY COVER 0.8


WEATHER CONDITIONS
 THE FOLLOWING WEATHER WAS RECORDED YESTERDAY.
  LIGHT SNOW
  FOG
  HAZE


RELATIVE HUMIDITY (PERCENT)
 HIGHEST    92           600 AM
 LOWEST     62           200 PM
 AVERAGE    77

..........................................................


THE INTERNATIONAL FALLS MN CLIMATE NORMALS FOR TODAY
                         NORMAL    RECORD    YEAR
 MAXIMUM TEMPERATURE (F)   18        55      1991
 MINIMUM TEMPERATURE (F)   -6       -45      1996


SUNRISE AND SUNSET
FEBRUARY  2 2016......SUNRISE   742 AM CST   SUNSET   513 PM CST
FEBRUARY  3 2016......SUNRISE   741 AM CST   SUNSET   515 PM CST


-  INDICATES NEGATIVE NUMBERS.
R  INDICATES RECORD WAS SET OR TIED.
MM INDICATES DATA IS MISSING.
T  INDICATES TRACE AMOUNT.




$$
