000
CDUS43 KGRB 040745
CLIGRB


CLIMATE REPORT
NATIONAL WEATHER SERVICE GREEN BAY
144 AM CST MON DEC 4 2017


...................................

...THE GREEN BAY WI CLIMATE SUMMARY FOR DECEMBER 3 2017...

CLIMATE NORMAL PERIOD 1981 TO 2010
CLIMATE RECORD PERIOD 1886 TO 2017


WEATHER ITEM   OBSERVED TIME   RECORD YEAR NORMAL DEPARTURE LAST
                VALUE   (LST)  VALUE       VALUE  FROM      YEAR
                                                  NORMAL
..................................................................
TEMPERATURE (F)
 YESTERDAY
  MAXIMUM         50    314 PM  62    2012  33     17       35
                                      1998
  MINIMUM         24    747 AM -13    1940  19      5       32
  AVERAGE         37                        26     11       34

PRECIPITATION (IN)
  YESTERDAY        0.00          0.92 1990   0.06  -0.06      T
  MONTH TO DATE    0.00                      0.18  -0.18     0.02
  SINCE DEC 1      0.00                      0.18  -0.18     0.02
  SINCE JAN 1     30.66                     28.19   2.47    30.88

SNOWFALL (IN)
  YESTERDAY        0.0          14.4  1990   0.4   -0.4       T
  MONTH TO DATE    0.0                       1.1   -1.1       T
  SINCE DEC 1      0.0                       1.1   -1.1       T
  SINCE JUL 1      0.6                       5.3   -4.7      0.9
  SNOW DEPTH       0

DEGREE DAYS
 HEATING
  YESTERDAY       28                        39    -11       31
  MONTH TO DATE   82                       116    -34       85
  SINCE DEC 1     82                       116    -34       85
  SINCE JUL 1   1498                      1856   -358     1147

 COOLING
  YESTERDAY        0                         0      0        0
  MONTH TO DATE    0                         0      0        0
  SINCE DEC 1      0                         0      0        0
  SINCE JAN 1    477                       398     79      577
..................................................................


WIND (MPH)
  HIGHEST WIND SPEED    14   HIGHEST WIND DIRECTION     S (160)
  HIGHEST GUST SPEED    19   HIGHEST GUST DIRECTION     S (160)
  AVERAGE WIND SPEED     5.3


SKY COVER
  POSSIBLE SUNSHINE  MM
  AVERAGE SKY COVER 0.1


WEATHER CONDITIONS
 THE FOLLOWING WEATHER WAS RECORDED YESTERDAY.
  NO SIGNIFICANT WEATHER WAS OBSERVED.


RELATIVE HUMIDITY (PERCENT)
 HIGHEST   100           200 AM
 LOWEST     42           300 PM
 AVERAGE    71

..........................................................


THE GREEN BAY WI CLIMATE NORMALS FOR TODAY
                         NORMAL    RECORD    YEAR
 MAXIMUM TEMPERATURE (F)   33        60      2001
 MINIMUM TEMPERATURE (F)   19        -8      1977


SUNRISE AND SUNSET
DECEMBER  4 2017......SUNRISE   712 AM CST   SUNSET   413 PM CST
DECEMBER  5 2017......SUNRISE   713 AM CST   SUNSET   413 PM CST


-  INDICATES NEGATIVE NUMBERS.
R  INDICATES RECORD WAS SET OR TIED.
MM INDICATES DATA IS MISSING.
T  INDICATES TRACE AMOUNT.




$$
