000
CDUS43 KGRB 210701
CLIGRB


CLIMATE REPORT
NATIONAL WEATHER SERVICE GREEN BAY
201 AM CDT FRI AUG 21 2015


...................................

...THE GREEN BAY WI CLIMATE SUMMARY FOR AUGUST 20 2015...

CLIMATE NORMAL PERIOD 1981 TO 2010
CLIMATE RECORD PERIOD 1886 TO 2015


WEATHER ITEM   OBSERVED TIME   RECORD YEAR NORMAL DEPARTURE LAST
                VALUE   (LST)  VALUE       VALUE  FROM      YEAR
                                                  NORMAL
..................................................................
TEMPERATURE (F)
 YESTERDAY
  MAXIMUM         65    231 PM  97    1955  77    -12       75
  MINIMUM         52   1159 PM  39    1950  57     -5       60
  AVERAGE         59                        67     -8       68

PRECIPITATION (IN)
  YESTERDAY        0.09          2.98 2010   0.11  -0.02     0.00
  MONTH TO DATE    3.66                      2.26   1.40     3.16
  SINCE JUN 1      8.70                      9.64  -0.94     8.42
  SINCE JAN 1     15.64                     19.29  -3.65    19.08

SNOWFALL (IN)
  YESTERDAY        0.0           0.0    MM   0.0    0.0      0.0
  MONTH TO DATE    0.0                       0.0    0.0      0.0
  SINCE JUN 1      0.0                       0.0    0.0      0.0
  SINCE JUL 1      0.0                       0.0    0.0      0.0
  SNOW DEPTH       0

DEGREE DAYS
 HEATING
  YESTERDAY        6                         1      5        0
  MONTH TO DATE    6                        20    -14       12
  SINCE JUN 1     78                       135    -57       58
  SINCE JUL 1     25                        43    -18       27

 COOLING
  YESTERDAY        0                         3     -3        3
  MONTH TO DATE  120                        78     42       64
  SINCE JUN 1    363                       311     52      269
  SINCE JAN 1    391                       329     62      285
..................................................................


WIND (MPH)
  HIGHEST WIND SPEED    24   HIGHEST WIND DIRECTION     W (270)
  HIGHEST GUST SPEED    35   HIGHEST GUST DIRECTION     W (280)
  AVERAGE WIND SPEED     9.3


SKY COVER
  POSSIBLE SUNSHINE  MM
  AVERAGE SKY COVER 0.9


WEATHER CONDITIONS
 THE FOLLOWING WEATHER WAS RECORDED YESTERDAY.
  RAIN
  LIGHT RAIN
  FOG


RELATIVE HUMIDITY (PERCENT)
 HIGHEST    97           300 AM
 LOWEST     67          1200 PM
 AVERAGE    82

..........................................................


THE GREEN BAY WI CLIMATE NORMALS FOR TODAY
                         NORMAL    RECORD    YEAR
 MAXIMUM TEMPERATURE (F)   77        99      1955
 MINIMUM TEMPERATURE (F)   57        39      2004


SUNRISE AND SUNSET
AUGUST 21 2015........SUNRISE   602 AM CDT   SUNSET   749 PM CDT
AUGUST 22 2015........SUNRISE   603 AM CDT   SUNSET   747 PM CDT


-  INDICATES NEGATIVE NUMBERS.
R  INDICATES RECORD WAS SET OR TIED.
MM INDICATES DATA IS MISSING.
T  INDICATES TRACE AMOUNT.




$$
