000
CDUS43 KGRB 140652
CLIGRB


CLIMATE REPORT
NATIONAL WEATHER SERVICE GREEN BAY
151 AM CDT MON AUG 14 2017


...................................

...THE GREEN BAY WI CLIMATE SUMMARY FOR AUGUST 13 2017...

CLIMATE NORMAL PERIOD 1981 TO 2010
CLIMATE RECORD PERIOD 1886 TO 2017


WEATHER ITEM   OBSERVED TIME   RECORD YEAR NORMAL DEPARTURE LAST
                VALUE   (LST)  VALUE       VALUE  FROM      YEAR
                                                  NORMAL
..................................................................
TEMPERATURE (F)
 YESTERDAY
  MAXIMUM         79   1214 PM  97    1944  78      1       79
  MINIMUM         52    456 AM  44    1964  58     -6       62
  AVERAGE         66                        68     -2       71

PRECIPITATION (IN)
  YESTERDAY        0.00          1.12 1975   0.12  -0.12     0.29
  MONTH TO DATE    1.88                      1.48   0.40     0.31
  SINCE JUN 1     10.22                      8.86   1.36     7.97
  SINCE JAN 1     23.22                     18.51   4.71    19.15

SNOWFALL (IN)
  YESTERDAY        0.0           0.0    MM   0.0    0.0      0.0
  MONTH TO DATE    0.0                       0.0    0.0      0.0
  SINCE JUN 1      0.0                       0.0    0.0      0.0
  SINCE JUL 1      0.0                       0.0    0.0      0.0
  SNOW DEPTH       0

DEGREE DAYS
 HEATING
  YESTERDAY        0                         1     -1        0
  MONTH TO DATE    8                        13     -5        0
  SINCE JUN 1     36                       128    -92       31
  SINCE JUL 1      9                        36    -27        6

 COOLING
  YESTERDAY        1                         4     -3        6
  MONTH TO DATE   31                        53    -22       99
  SINCE JUN 1    332                       286     46      397
  SINCE JAN 1    340                       304     36      430
..................................................................


WIND (MPH)
  HIGHEST WIND SPEED     9   HIGHEST WIND DIRECTION    SW (210)
  HIGHEST GUST SPEED    13   HIGHEST GUST DIRECTION    SE (140)
  AVERAGE WIND SPEED     3.4


SKY COVER
  POSSIBLE SUNSHINE  MM
  AVERAGE SKY COVER 0.0


WEATHER CONDITIONS
 THE FOLLOWING WEATHER WAS RECORDED YESTERDAY.
  NO SIGNIFICANT WEATHER WAS OBSERVED.


RELATIVE HUMIDITY (PERCENT)
 HIGHEST   100          1200 AM
 LOWEST     50           100 PM
 AVERAGE    75

..........................................................


THE GREEN BAY WI CLIMATE NORMALS FOR TODAY
                         NORMAL    RECORD    YEAR
 MAXIMUM TEMPERATURE (F)   78        96      1965
 MINIMUM TEMPERATURE (F)   58        40      1964


SUNRISE AND SUNSET
AUGUST 14 2017........SUNRISE   555 AM CDT   SUNSET   759 PM CDT
AUGUST 15 2017........SUNRISE   556 AM CDT   SUNSET   757 PM CDT


-  INDICATES NEGATIVE NUMBERS.
R  INDICATES RECORD WAS SET OR TIED.
MM INDICATES DATA IS MISSING.
T  INDICATES TRACE AMOUNT.




$$
