000
CDUS43 KGRB 240701
CLIGRB

CLIMATE REPORT
NATIONAL WEATHER SERVICE GREEN BAY
1258 AM CST SAT JAN 24 2015

...................................

...THE GREEN BAY WI CLIMATE SUMMARY FOR JANUARY 23 2015...

CLIMATE NORMAL PERIOD 1981 TO 2010
CLIMATE RECORD PERIOD 1886 TO 2015

WEATHER ITEM   OBSERVED TIME   RECORD YEAR NORMAL DEPARTURE LAST
                VALUE   (LST)  VALUE       VALUE  FROM      YEAR
                                                  NORMAL
..................................................................
TEMPERATURE (F)
 YESTERDAY
  MAXIMUM         34    549 PM  46    1989  24     10       11
                                      1942
  MINIMUM         26    827 AM -27    1963   9     17       -8
  AVERAGE         30                        16     14        2

PRECIPITATION (IN)
  YESTERDAY        T             0.76 1887   0.03  -0.03      T
  MONTH TO DATE    0.43                      0.86  -0.43     1.00
  SINCE DEC 1      2.11                      2.37  -0.26     2.89
  SINCE JAN 1      0.43                      0.86  -0.43     1.00

SNOWFALL (IN)
  YESTERDAY        T             8.0  1887   0.5   -0.5      0.1
  MONTH TO DATE    7.4                       9.6   -2.2     12.2
  SINCE DEC 1     10.9                      22.7  -11.8     38.6
  SINCE JUL 1     19.1                      26.9   -7.8     39.8
  SNOW DEPTH       2

DEGREE DAYS
 HEATING
  YESTERDAY       35                        49    -14       63
  MONTH TO DATE 1121                      1117      4     1258
  SINCE DEC 1   2329                      2467   -138     2802
  SINCE JUL 1   4166                      4207    -41     4413

COOLING
  YESTERDAY        0                         0      0        0
  MONTH TO DATE    0                         0      0        0
  SINCE DEC 1      0                         0      0        0
  SINCE JAN 1      0                         0      0        0
..................................................................

WIND (MPH)
  HIGHEST WIND SPEED    20   HIGHEST WIND DIRECTION    SW (210)
  HIGHEST GUST SPEED    27   HIGHEST GUST DIRECTION    SW (220)
  AVERAGE WIND SPEED    11.9

SKY COVER
  POSSIBLE SUNSHINE  MM
  AVERAGE SKY COVER 0.9

WEATHER CONDITIONS
 THE FOLLOWING WEATHER WAS RECORDED YESTERDAY.
  LIGHT SNOW
  HAZE

RELATIVE HUMIDITY (PERCENT)
 HIGHEST    81          1200 AM
 LOWEST     69           100 PM
 AVERAGE    75
..........................................................

THE GREEN BAY WI CLIMATE NORMALS FOR TODAY
                         NORMAL    RECORD    YEAR
 MAXIMUM TEMPERATURE (F)   24        47      1916
 MINIMUM TEMPERATURE (F)    9       -25      1935

SUNRISE AND SUNSET
JANUARY 24 2015.......SUNRISE   719 AM CST   SUNSET   450 PM CST
JANUARY 25 2015.......SUNRISE   718 AM CST   SUNSET   452 PM CST

-  INDICATES NEGATIVE NUMBERS.
R  INDICATES RECORD WAS SET OR TIED.
MM INDICATES DATA IS MISSING.
T  INDICATES TRACE AMOUNT.

$$
