000
CDUS43 KGRB 090619
CLIGRB


CLIMATE REPORT
NATIONAL WEATHER SERVICE GREEN BAY
119 AM CDT MON MAY 9 2016


...................................

...THE GREEN BAY WI CLIMATE SUMMARY FOR MAY 8 2016...

CLIMATE NORMAL PERIOD 1981 TO 2010
CLIMATE RECORD PERIOD 1886 TO 2016


WEATHER ITEM   OBSERVED TIME   RECORD YEAR NORMAL DEPARTURE LAST
                VALUE   (LST)  VALUE       VALUE  FROM      YEAR
                                                  NORMAL
..................................................................
TEMPERATURE (F)
 YESTERDAY
  MAXIMUM         68    254 PM  88    1896  64      4       81
  MINIMUM         39    428 AM  25    1966  41     -2       52
                                      1950
  AVERAGE         54                        52      2       67

PRECIPITATION (IN)
  YESTERDAY        0.00          1.74 1904   0.09  -0.09     0.00
  MONTH TO DATE    0.29                      0.67  -0.38     0.21
  SINCE MAR 1      5.63                      5.15   0.48     2.74
  SINCE JAN 1      8.11                      7.39   0.72     3.71

SNOWFALL (IN)
  YESTERDAY        0.0           2.0  1960   0.0    0.0      0.0
  MONTH TO DATE    0.0                       0.1   -0.1      0.0
  SINCE MAR 1     16.2                      11.1    5.1      4.2
  SINCE JUL 1     50.0                      51.3   -1.3     32.7
  SNOW DEPTH       0

DEGREE DAYS
 HEATING
  YESTERDAY       11                        13     -2        0
  MONTH TO DATE   92                       111    -19       24
  SINCE MAR 1   1629                      1808   -179     1556
  SINCE JUL 1   6440                      7648  -1208     7594

 COOLING
  YESTERDAY        0                         0      0        2
  MONTH TO DATE    1                         0      1        7
  SINCE MAR 1      1                         2     -1        7
  SINCE JAN 1      1                         2     -1        7
..................................................................


WIND (MPH)
  HIGHEST WIND SPEED    21   HIGHEST WIND DIRECTION    SE (120)
  HIGHEST GUST SPEED    25   HIGHEST GUST DIRECTION    SE (120)
  AVERAGE WIND SPEED     5.9


SKY COVER
  POSSIBLE SUNSHINE  MM
  AVERAGE SKY COVER 0.1


WEATHER CONDITIONS
 THE FOLLOWING WEATHER WAS RECORDED YESTERDAY.
  NO SIGNIFICANT WEATHER WAS OBSERVED.


RELATIVE HUMIDITY (PERCENT)
 HIGHEST    76           400 AM
 LOWEST     30           300 PM
 AVERAGE    53

..........................................................


THE GREEN BAY WI CLIMATE NORMALS FOR TODAY
                         NORMAL    RECORD    YEAR
 MAXIMUM TEMPERATURE (F)   64        92      1934
 MINIMUM TEMPERATURE (F)   42        21      1966


SUNRISE AND SUNSET
MAY  9 2016...........SUNRISE   532 AM CDT   SUNSET   807 PM CDT
MAY 10 2016...........SUNRISE   530 AM CDT   SUNSET   808 PM CDT


-  INDICATES NEGATIVE NUMBERS.
R  INDICATES RECORD WAS SET OR TIED.
MM INDICATES DATA IS MISSING.
T  INDICATES TRACE AMOUNT.




$$
