000
CDUS43 KGRB 170726
CLIGRB

CLIMATE REPORT
NATIONAL WEATHER SERVICE GREEN BAY
123 AM CST TUE FEB 17 2015

...................................

...THE GREEN BAY WI CLIMATE SUMMARY FOR FEBRUARY 16 2015...

CLIMATE NORMAL PERIOD 1981 TO 2010
CLIMATE RECORD PERIOD 1886 TO 2015

WEATHER ITEM   OBSERVED TIME   RECORD YEAR NORMAL DEPARTURE LAST
                VALUE   (LST)  VALUE       VALUE  FROM      YEAR
                                                  NORMAL
..................................................................
TEMPERATURE (F)
 YESTERDAY
  MAXIMUM         17    418 PM  55    1921  28    -11       17
  MINIMUM          6    518 AM -18    1936  13     -7       -5
  AVERAGE         12                        20     -8        6

PRECIPITATION (IN)
  YESTERDAY        T             1.70 1889   0.04  -0.04     0.01
  MONTH TO DATE    0.26                      0.56  -0.30     0.37
  SINCE DEC 1      2.50                      3.20  -0.70     3.59
  SINCE JAN 1      0.82                      1.69  -0.87     1.70

SNOWFALL (IN)
  YESTERDAY        0.1          10.0  2006   0.4   -0.3      0.3
  MONTH TO DATE    4.3                       5.8   -1.5      8.4
  SINCE DEC 1     16.6                      31.9  -15.3     51.8
  SINCE JUL 1     24.8                      36.1  -11.3     53.0
  SNOW DEPTH       5

DEGREE DAYS
 HEATING
  YESTERDAY       53                        45      8       59
  MONTH TO DATE  832                       742     90      969
  SINCE DEC 1   3502                      3591    -89     4251
  SINCE JUL 1   5339                      5331      8     5862

COOLING
  YESTERDAY        0                         0      0        0
  MONTH TO DATE    0                         0      0        0
  SINCE DEC 1      0                         0      0        0
  SINCE JAN 1      0                         0      0        0
..................................................................

WIND (MPH)
  HIGHEST WIND SPEED    12   HIGHEST WIND DIRECTION    SW (240)
  HIGHEST GUST SPEED    15   HIGHEST GUST DIRECTION    SW (230)
  AVERAGE WIND SPEED     4.0

SKY COVER
  POSSIBLE SUNSHINE  MM
  AVERAGE SKY COVER 1.0

WEATHER CONDITIONS
 THE FOLLOWING WEATHER WAS RECORDED YESTERDAY.
  LIGHT SNOW
  FOG
  HAZE

RELATIVE HUMIDITY (PERCENT)
 HIGHEST    80           400 AM
 LOWEST     56           400 PM
 AVERAGE    68
..........................................................

THE GREEN BAY WI CLIMATE NORMALS FOR TODAY
                         NORMAL    RECORD    YEAR
 MAXIMUM TEMPERATURE (F)   29        52      1981
 MINIMUM TEMPERATURE (F)   13       -19      1979


SUNRISE AND SUNSET
FEBRUARY 17 2015......SUNRISE   650 AM CST   SUNSET   524 PM CST
FEBRUARY 18 2015......SUNRISE   648 AM CST   SUNSET   525 PM CST

-  INDICATES NEGATIVE NUMBERS.
R  INDICATES RECORD WAS SET OR TIED.
MM INDICATES DATA IS MISSING.
T  INDICATES TRACE AMOUNT.

$$
