000
CDUS43 KGRB 070701
CLIGRB


CLIMATE REPORT
NATIONAL WEATHER SERVICE GREEN BAY
200 AM CDT SAT MAY 7 2016


...................................

...THE GREEN BAY WI CLIMATE SUMMARY FOR MAY 6 2016...

CLIMATE NORMAL PERIOD 1981 TO 2010
CLIMATE RECORD PERIOD 1886 TO 2016


WEATHER ITEM   OBSERVED TIME   RECORD YEAR NORMAL DEPARTURE LAST
                VALUE   (LST)  VALUE       VALUE  FROM      YEAR
                                                  NORMAL
..................................................................
TEMPERATURE (F)
 YESTERDAY
  MAXIMUM         86    423 PM  92    1934  63     23       71
  MINIMUM         46    122 AM  24    1970  41      5       51
  AVERAGE         66                        52     14       61

PRECIPITATION (IN)
  YESTERDAY        T             2.04 1960   0.08  -0.08     0.09
  MONTH TO DATE    0.28                      0.50  -0.22     0.21
  SINCE MAR 1      5.62                      4.98   0.64     2.74
  SINCE JAN 1      8.10                      7.22   0.88     3.71

SNOWFALL (IN)
  YESTERDAY        0.0           0.8  1954   0.0    0.0      0.0
  MONTH TO DATE    0.0                       0.1   -0.1      0.0
  SINCE MAR 1     16.2                      11.1    5.1      4.2
  SINCE JUL 1     50.0                      51.3   -1.3     32.7
  SNOW DEPTH       0

DEGREE DAYS
 HEATING
  YESTERDAY        0                        13    -13        4
  MONTH TO DATE   72                        85    -13       24
  SINCE MAR 1   1609                      1782   -173     1556
  SINCE JUL 1   6420                      7622  -1202     7594

 COOLING
  YESTERDAY        1                         0      1        0
  MONTH TO DATE    1                         0      1        2
  SINCE MAR 1      1                         2     -1        2
  SINCE JAN 1      1                         2     -1        2
..................................................................


WIND (MPH)
  HIGHEST WIND SPEED    17   HIGHEST WIND DIRECTION    NW (310)
  HIGHEST GUST SPEED    20   HIGHEST GUST DIRECTION    NW (310)
  AVERAGE WIND SPEED     7.6


SKY COVER
  POSSIBLE SUNSHINE  MM
  AVERAGE SKY COVER 0.1


WEATHER CONDITIONS
 THE FOLLOWING WEATHER WAS RECORDED YESTERDAY.
  LIGHT RAIN


RELATIVE HUMIDITY (PERCENT)
 HIGHEST    80           200 AM
 LOWEST     28           200 PM
 AVERAGE    54

..........................................................


THE GREEN BAY WI CLIMATE NORMALS FOR TODAY
                         NORMAL    RECORD    YEAR
 MAXIMUM TEMPERATURE (F)   63        87      1896
 MINIMUM TEMPERATURE (F)   41        27      1974
                                             1954


SUNRISE AND SUNSET
MAY  7 2016...........SUNRISE   534 AM CDT   SUNSET   805 PM CDT
MAY  8 2016...........SUNRISE   533 AM CDT   SUNSET   806 PM CDT


-  INDICATES NEGATIVE NUMBERS.
R  INDICATES RECORD WAS SET OR TIED.
MM INDICATES DATA IS MISSING.
T  INDICATES TRACE AMOUNT.




$$
