000
CDUS43 KGRB 240652
CLIGRB


CLIMATE REPORT
NATIONAL WEATHER SERVICE GREEN BAY
151 AM CDT SUN SEP 24 2017


...................................

...THE GREEN BAY WI CLIMATE SUMMARY FOR SEPTEMBER 23 2017...

CLIMATE NORMAL PERIOD 1981 TO 2010
CLIMATE RECORD PERIOD 1886 TO 2017


WEATHER ITEM   OBSERVED TIME   RECORD YEAR NORMAL DEPARTURE LAST
                VALUE   (LST)  VALUE       VALUE  FROM      YEAR
                                                  NORMAL
..................................................................
TEMPERATURE (F)
 YESTERDAY
  MAXIMUM         91R   327 PM  90    1937  67     24       69
                                      1891
  MINIMUM         65    541 AM  27    1974  45     20       57
  AVERAGE         78                        56     22       63

PRECIPITATION (IN)
  YESTERDAY        0.00          2.52 2010   0.11  -0.11     0.00
  MONTH TO DATE    0.98                      2.36  -1.38     3.95
  SINCE SEP 1      0.98                      2.36  -1.38     3.95
  SINCE JAN 1     26.37                     22.76   3.61    25.57

SNOWFALL (IN)
  YESTERDAY        0.0           0.0    MM   0.0    0.0      0.0
  MONTH TO DATE    0.0                       0.0    0.0      0.0
  SINCE SEP 1      0.0                       0.0    0.0      0.0
  SINCE JUL 1      0.0                       0.0    0.0      0.0
  SNOW DEPTH       0

DEGREE DAYS
 HEATING
  YESTERDAY        0                         9     -9        2
  MONTH TO DATE   83                       131    -48       26
  SINCE SEP 1     83                       131    -48       26
  SINCE JUL 1    124                       194    -70       39

 COOLING
  YESTERDAY       13                         0     13        0
  MONTH TO DATE   62                        32     30       50
  SINCE SEP 1     62                        32     30       50
  SINCE JAN 1    439                       394     45      572
..................................................................


WIND (MPH)
  HIGHEST WIND SPEED    14   HIGHEST WIND DIRECTION     S (200)
  HIGHEST GUST SPEED    17   HIGHEST GUST DIRECTION    SW (220)
  AVERAGE WIND SPEED     6.2


SKY COVER
  POSSIBLE SUNSHINE  MM
  AVERAGE SKY COVER 0.0


WEATHER CONDITIONS
 THE FOLLOWING WEATHER WAS RECORDED YESTERDAY.
  FOG


RELATIVE HUMIDITY (PERCENT)
 HIGHEST   100           500 AM
 LOWEST     44           400 PM
 AVERAGE    72

..........................................................


THE GREEN BAY WI CLIMATE NORMALS FOR TODAY
                         NORMAL    RECORD    YEAR
 MAXIMUM TEMPERATURE (F)   66        92      1891
 MINIMUM TEMPERATURE (F)   45        28      1989
                                             1976


SUNRISE AND SUNSET
SEPTEMBER 24 2017.....SUNRISE   642 AM CDT   SUNSET   646 PM CDT
SEPTEMBER 25 2017.....SUNRISE   643 AM CDT   SUNSET   644 PM CDT


-  INDICATES NEGATIVE NUMBERS.
R  INDICATES RECORD WAS SET OR TIED.
MM INDICATES DATA IS MISSING.
T  INDICATES TRACE AMOUNT.




$$
