000
CDUS43 KGRB 050644
CLIGRB


CLIMATE REPORT
NATIONAL WEATHER SERVICE GREEN BAY
1244 AM CST FRI DEC 5 2014


...................................

...THE GREEN BAY WI CLIMATE SUMMARY FOR DECEMBER 4 2014...

CLIMATE NORMAL PERIOD 1981 TO 2010
CLIMATE RECORD PERIOD 1886 TO 2014


WEATHER ITEM   OBSERVED TIME   RECORD YEAR NORMAL DEPARTURE LAST
                VALUE   (LST)  VALUE       VALUE  FROM      YEAR
                                                  NORMAL
..................................................................
TEMPERATURE (F)
 YESTERDAY
  MAXIMUM         26    358 PM  60    2001  33     -7       45
  MINIMUM          6    445 AM  -8    1977  19    -13       32
  AVERAGE         16                        26    -10       39

PRECIPITATION (IN)
  YESTERDAY        0.00          0.50 1973   0.06  -0.06     0.17
  MONTH TO DATE    0.02                      0.24  -0.22     0.53
  SINCE DEC 1      0.02                      0.24  -0.22     0.53
  SINCE JAN 1     30.46                     28.25   2.21    33.80

SNOWFALL (IN)
  YESTERDAY        0.0           5.4  1944   0.4   -0.4      0.0
  MONTH TO DATE    0.4                       1.5   -1.1      3.9
  SINCE DEC 1      0.4                       1.5   -1.1      3.9
  SINCE JUL 1      8.6                       5.7    2.9      5.1
  SNOW DEPTH       3

DEGREE DAYS
 HEATING
  YESTERDAY       49                        39     10       26
  MONTH TO DATE  200                       155     45      119
  SINCE DEC 1    200                       155     45      119
  SINCE JUL 1   2037                      1895    142     1730

 COOLING
  YESTERDAY        0                         0      0        0
  MONTH TO DATE    0                         0      0        0
  SINCE DEC 1      0                         0      0        0
  SINCE JAN 1    362                       398    -36      535
..................................................................


WIND (MPH)
  HIGHEST WIND SPEED     9   HIGHEST WIND DIRECTION     S (160)
  HIGHEST GUST SPEED    11   HIGHEST GUST DIRECTION     S (170)
  AVERAGE WIND SPEED     2.8


SKY COVER
  POSSIBLE SUNSHINE  MM
  AVERAGE SKY COVER 0.5


WEATHER CONDITIONS
 THE FOLLOWING WEATHER WAS RECORDED YESTERDAY.
  FOG


RELATIVE HUMIDITY (PERCENT)
 HIGHEST    92          1100 PM
 LOWEST     55           100 PM
 AVERAGE    74

..........................................................


THE GREEN BAY WI CLIMATE NORMALS FOR TODAY
                         NORMAL    RECORD    YEAR
 MAXIMUM TEMPERATURE (F)   32        64      2001
 MINIMUM TEMPERATURE (F)   18        -2      1976


SUNRISE AND SUNSET
DECEMBER  5 2014......SUNRISE   713 AM CST   SUNSET   413 PM CST
DECEMBER  6 2014......SUNRISE   714 AM CST   SUNSET   413 PM CST


-  INDICATES NEGATIVE NUMBERS.
R  INDICATES RECORD WAS SET OR TIED.
MM INDICATES DATA IS MISSING.
T  INDICATES TRACE AMOUNT.




$$
