000
CDUS43 KGRB 040758
CLIGRB


CLIMATE REPORT
NATIONAL WEATHER SERVICE GREEN BAY
257 AM CDT TUE APR 4 2017


...................................

...THE GREEN BAY WI CLIMATE SUMMARY FOR APRIL 3 2017...

CLIMATE NORMAL PERIOD 1981 TO 2010
CLIMATE RECORD PERIOD 1886 TO 2017


WEATHER ITEM   OBSERVED TIME   RECORD YEAR NORMAL DEPARTURE LAST
                VALUE   (LST)  VALUE       VALUE  FROM      YEAR
                                                  NORMAL
..................................................................
TEMPERATURE (F)
 YESTERDAY
  MAXIMUM         46   1023 PM  75    1921  48     -2       41
  MINIMUM         43    919 PM   7    1954  29     14       25
  AVERAGE         45                        38      7       33

PRECIPITATION (IN)
  YESTERDAY        0.18          1.72 1981   0.08   0.10      T
  MONTH TO DATE    0.27                      0.24   0.03     0.05
  SINCE MAR 1      2.57                      2.09   0.48     4.10
  SINCE JAN 1      5.82                      4.33   1.49     6.58

SNOWFALL (IN)
  YESTERDAY        0.0           6.0  1923   0.2   -0.2      0.1
  MONTH TO DATE    0.0                       0.5   -0.5      0.4
  SINCE MAR 1      9.0                       8.6    0.4     12.2
  SINCE JUL 1     53.2                      48.8    4.4     46.0
  SNOW DEPTH       0

DEGREE DAYS
 HEATING
  YESTERDAY       20                        27     -7       32
  MONTH TO DATE   55                        81    -26       91
  SINCE MAR 1   1079                      1141    -62      956
  SINCE JUL 1   5652                      6981  -1329     5767

 COOLING
  YESTERDAY        0                         0      0        0
  MONTH TO DATE    0                         0      0        0
  SINCE MAR 1      0                         0      0        0
  SINCE JAN 1      0                         0      0        0
..................................................................


WIND (MPH)
  HIGHEST WIND SPEED    25   HIGHEST WIND DIRECTION    NE (30)
  HIGHEST GUST SPEED    32   HIGHEST GUST DIRECTION    NE (40)
  AVERAGE WIND SPEED    12.6


SKY COVER
  POSSIBLE SUNSHINE  MM
  AVERAGE SKY COVER 1.0


WEATHER CONDITIONS
 THE FOLLOWING WEATHER WAS RECORDED YESTERDAY.
  LIGHT RAIN
  FOG


RELATIVE HUMIDITY (PERCENT)
 HIGHEST   100          1100 AM
 LOWEST     76           300 AM
 AVERAGE    88

..........................................................


THE GREEN BAY WI CLIMATE NORMALS FOR TODAY
                         NORMAL    RECORD    YEAR
 MAXIMUM TEMPERATURE (F)   48        75      1997
                                             1921
 MINIMUM TEMPERATURE (F)   30        11      1995


SUNRISE AND SUNSET
APRIL  4 2017.........SUNRISE   628 AM CDT   SUNSET   724 PM CDT
APRIL  5 2017.........SUNRISE   626 AM CDT   SUNSET   725 PM CDT


-  INDICATES NEGATIVE NUMBERS.
R  INDICATES RECORD WAS SET OR TIED.
MM INDICATES DATA IS MISSING.
T  INDICATES TRACE AMOUNT.




$$
