000
CDUS43 KGRB 110644
CLIGRB


CLIMATE REPORT
NATIONAL WEATHER SERVICE GREEN BAY
143 AM CDT FRI AUG 11 2017


...................................

...THE GREEN BAY WI CLIMATE SUMMARY FOR AUGUST 10 2017...

CLIMATE NORMAL PERIOD 1981 TO 2010
CLIMATE RECORD PERIOD 1886 TO 2017


WEATHER ITEM   OBSERVED TIME   RECORD YEAR NORMAL DEPARTURE LAST
                VALUE   (LST)  VALUE       VALUE  FROM      YEAR
                                                  NORMAL
..................................................................
TEMPERATURE (F)
 YESTERDAY
  MAXIMUM         78   1257 PM  95    1944  79     -1       89
  MINIMUM         59   1159 PM  44    1972  58      1       67
  AVERAGE         69                        68      1       78

PRECIPITATION (IN)
  YESTERDAY        0.54          1.85 1921   0.12   0.42     0.00
  MONTH TO DATE    1.88                      1.13   0.75      T
  SINCE JUN 1     10.22                      8.51   1.71     7.66
  SINCE JAN 1     23.22                     18.16   5.06    18.84

SNOWFALL (IN)
  YESTERDAY        0.0           0.0    MM   0.0    0.0      0.0
  MONTH TO DATE    0.0                       0.0    0.0      0.0
  SINCE JUN 1      0.0                       0.0    0.0      0.0
  SINCE JUL 1      0.0                       0.0    0.0      0.0
  SNOW DEPTH       0

DEGREE DAYS
 HEATING
  YESTERDAY        0                         1     -1        0
  MONTH TO DATE    7                        10     -3        0
  SINCE JUN 1     35                       125    -90       31
  SINCE JUL 1      8                        33    -25        6

 COOLING
  YESTERDAY        4                         4      0       13
  MONTH TO DATE   28                        41    -13       72
  SINCE JUN 1    329                       274     55      370
  SINCE JAN 1    337                       292     45      403
..................................................................


WIND (MPH)
  HIGHEST WIND SPEED    20   HIGHEST WIND DIRECTION     N (340)
  HIGHEST GUST SPEED    25   HIGHEST GUST DIRECTION    NW (330)
  AVERAGE WIND SPEED     6.1


SKY COVER
  POSSIBLE SUNSHINE  MM
  AVERAGE SKY COVER 0.6


WEATHER CONDITIONS
 THE FOLLOWING WEATHER WAS RECORDED YESTERDAY.
  THUNDERSTORM
  HEAVY RAIN
  LIGHT RAIN
  FOG


RELATIVE HUMIDITY (PERCENT)
 HIGHEST   100           700 PM
 LOWEST     71           100 PM
 AVERAGE    86

..........................................................


THE GREEN BAY WI CLIMATE NORMALS FOR TODAY
                         NORMAL    RECORD    YEAR
 MAXIMUM TEMPERATURE (F)   78        95      1944
 MINIMUM TEMPERATURE (F)   58        40      1967


SUNRISE AND SUNSET
AUGUST 11 2017........SUNRISE   551 AM CDT   SUNSET   804 PM CDT
AUGUST 12 2017........SUNRISE   552 AM CDT   SUNSET   802 PM CDT


-  INDICATES NEGATIVE NUMBERS.
R  INDICATES RECORD WAS SET OR TIED.
MM INDICATES DATA IS MISSING.
T  INDICATES TRACE AMOUNT.




$$
