158
CDUS43 KGRB 162125
CLIGRB


CLIMATE REPORT
NATIONAL WEATHER SERVICE GREEN BAY
425 PM CDT TUE MAY 16 2017


...................................

...THE GREEN BAY WI CLIMATE SUMMARY FOR MAY 16 2017...
VALID TODAY AS OF 0400 PM LOCAL TIME.

CLIMATE NORMAL PERIOD 1981 TO 2010
CLIMATE RECORD PERIOD 1886 TO 2017


WEATHER ITEM   OBSERVED TIME   RECORD YEAR NORMAL DEPARTURE LAST
                VALUE   (LST)  VALUE       VALUE  FROM      YEAR
                                                  NORMAL
..................................................................
TEMPERATURE (F)
 TODAY
  MAXIMUM         79    259 PM  87    1977  66     13       68
  MINIMUM         52   1216 AM  28    1956  44      8       44
                                      1929
  AVERAGE         66                        55     11       56

PRECIPITATION (IN)
  TODAY            0.23          0.85 1992   0.10   0.13     0.00
  MONTH TO DATE    1.27                      1.36  -0.09     1.28
  SINCE MAR 1      8.05                      5.84   2.21     6.62
  SINCE JAN 1     11.30                      8.08   3.22     9.10

SNOWFALL (IN)
  TODAY            0.0           0.1  1929   0.0    0.0      0.0
  MONTH TO DATE    0.0                       0.2   -0.2       T
  SINCE MAR 1      9.0                      11.2   -2.2     16.2
  SINCE JUL 1     53.2                      51.4    1.8     50.0
  SNOW DEPTH       0

DEGREE DAYS
 HEATING
  TODAY            0                        10    -10        9
  MONTH TO DATE  188                       202    -14      203
  SINCE MAR 1   1699                      1899   -200     1740
  SINCE JUL 1   6272                      7739  -1467     6551

 COOLING
  TODAY            1                         0      1        0
  MONTH TO DATE    1                         0      1        1
  SINCE MAR 1      1                         2     -1        1
  SINCE JAN 1      1                         2     -1        1
..................................................................


WIND (MPH)
  HIGHEST WIND SPEED    20   HIGHEST WIND DIRECTION     S (160)
  HIGHEST GUST SPEED    24   HIGHEST GUST DIRECTION    SE (150)
  AVERAGE WIND SPEED     7.5


SKY COVER
  POSSIBLE SUNSHINE  MM
  AVERAGE SKY COVER 0.5


WEATHER CONDITIONS
 THE FOLLOWING WEATHER WAS RECORDED TODAY.
  HEAVY RAIN
  RAIN
  LIGHT RAIN
  FOG


RELATIVE HUMIDITY (PERCENT)
 HIGHEST   100          1200 AM
 LOWEST     71           100 PM
 AVERAGE    86

..........................................................


THE GREEN BAY WI CLIMATE NORMALS FOR TOMORROW
                         NORMAL    RECORD    YEAR
 MAXIMUM TEMPERATURE (F)   66        88      1972
 MINIMUM TEMPERATURE (F)   44        29      1891


SUNRISE AND SUNSET
MAY 16 2017...........SUNRISE   524 AM CDT   SUNSET   815 PM CDT
MAY 17 2017...........SUNRISE   523 AM CDT   SUNSET   816 PM CDT


-  INDICATES NEGATIVE NUMBERS.
R  INDICATES RECORD WAS SET OR TIED.
MM INDICATES DATA IS MISSING.
T  INDICATES TRACE AMOUNT.




$$
