000
CDUS43 KGRB 040649
CLIGRB


CLIMATE REPORT
NATIONAL WEATHER SERVICE GREEN BAY
149 AM CDT FRI JUL 4 2014


...................................

...THE GREEN BAY WI CLIMATE SUMMARY FOR JULY 3 2014...

CLIMATE NORMAL PERIOD 1981 TO 2010
CLIMATE RECORD PERIOD 1886 TO 2014


WEATHER ITEM   OBSERVED TIME   RECORD YEAR NORMAL DEPARTURE LAST
                VALUE   (LST)  VALUE       VALUE  FROM      YEAR
                                                  NORMAL
..................................................................
TEMPERATURE (F)
 YESTERDAY
  MAXIMUM         76    217 PM  97    1966  79     -3       73
  MINIMUM         49    448 AM  43    1968  58     -9       62
  AVERAGE         63                        69     -6       68

PRECIPITATION (IN)
  YESTERDAY        T             1.63 1951   0.12  -0.12     0.01
  MONTH TO DATE    0.11                      0.36  -0.25     0.01
  SINCE JUN 1      4.16                      4.24  -0.08     3.83
  SINCE JAN 1     14.82                     13.89   0.93    17.60

SNOWFALL (IN)
  YESTERDAY        0.0           0.0    MM   0.0    0.0      0.0
  MONTH TO DATE    0.0                       0.0    0.0      0.0
  SINCE JUN 1      0.0                       0.0    0.0      0.0
  SINCE JUL 1      0.0                       0.0    0.0      0.0
  SNOW DEPTH       0

DEGREE DAYS
 HEATING
  YESTERDAY        2                         1      1        0
  MONTH TO DATE    5                         3      2        1
  SINCE JUN 1     36                        95    -59       73
  SINCE JUL 1      5                         3      2        1

 COOLING
  YESTERDAY        0                         5     -5        3
  MONTH TO DATE    6                        15     -9        6
  SINCE JUN 1    112                        98     14      111
  SINCE JAN 1    128                       116     12      149
..................................................................


WIND (MPH)
  HIGHEST WIND SPEED    24   HIGHEST WIND DIRECTION     N (10)
  HIGHEST GUST SPEED    33   HIGHEST GUST DIRECTION     N (20)
  AVERAGE WIND SPEED     5.0


SKY COVER
  POSSIBLE SUNSHINE  MM
  AVERAGE SKY COVER 0.3


WEATHER CONDITIONS
 THE FOLLOWING WEATHER WAS RECORDED YESTERDAY.
  LIGHT RAIN


RELATIVE HUMIDITY (PERCENT)
 HIGHEST    93          1200 AM
 LOWEST     46           100 PM
 AVERAGE    70

..........................................................


THE GREEN BAY WI CLIMATE NORMALS FOR TODAY
                         NORMAL    RECORD    YEAR
 MAXIMUM TEMPERATURE (F)   80        96      1921
 MINIMUM TEMPERATURE (F)   58        43      1972


SUNRISE AND SUNSET
JULY  4 2014..........SUNRISE   513 AM CDT   SUNSET   840 PM CDT
JULY  5 2014..........SUNRISE   514 AM CDT   SUNSET   840 PM CDT


-  INDICATES NEGATIVE NUMBERS.
R  INDICATES RECORD WAS SET OR TIED.
MM INDICATES DATA IS MISSING.
T  INDICATES TRACE AMOUNT.




$$
