000
CDUS43 KGRB 170901
CLIGRB


CLIMATE REPORT
NATIONAL WEATHER SERVICE GREEN BAY
400 AM CDT SUN JUL 17 2016


...................................

...THE GREEN BAY WI CLIMATE SUMMARY FOR JULY 16 2016...

CLIMATE NORMAL PERIOD 1981 TO 2010
CLIMATE RECORD PERIOD 1886 TO 2016


WEATHER ITEM   OBSERVED TIME   RECORD YEAR NORMAL DEPARTURE LAST
                VALUE   (LST)  VALUE       VALUE  FROM      YEAR
                                                  NORMAL
..................................................................
TEMPERATURE (F)
 YESTERDAY
  MAXIMUM         77    119 PM 100    1931  80     -3       78
  MINIMUM         50    350 AM  45    1966  59     -9       52
  AVERAGE         64                        69     -5       65

PRECIPITATION (IN)
  YESTERDAY        0.00          1.41 1927   0.12  -0.12     0.12
  MONTH TO DATE    1.23                      1.87  -0.64     1.49
  SINCE JUN 1      5.67                      5.75  -0.08     4.73
  SINCE JAN 1     16.85                     15.40   1.45    11.67

SNOWFALL (IN)
  YESTERDAY        0.0           0.0    MM   0.0    0.0      0.0
  MONTH TO DATE    0.0                       0.0    0.0      0.0
  SINCE JUN 1      0.0                       0.0    0.0      0.0
  SINCE JUL 1      0.0                       0.0    0.0      0.0
  SNOW DEPTH       0

DEGREE DAYS
 HEATING
  YESTERDAY        1                         1      0        0
  MONTH TO DATE    6                        16    -10       19
  SINCE JUN 1     31                       108    -77       72
  SINCE JUL 1      6                        16    -10       19

 COOLING
  YESTERDAY        0                         5     -5        0
  MONTH TO DATE   85                        80      5       50
  SINCE JUN 1    185                       163     22      117
  SINCE JAN 1    218                       181     37      145
..................................................................


WIND (MPH)
  HIGHEST WIND SPEED    15   HIGHEST WIND DIRECTION    SW (210)
  HIGHEST GUST SPEED    22   HIGHEST GUST DIRECTION    SW (220)
  AVERAGE WIND SPEED     6.2


SKY COVER
  POSSIBLE SUNSHINE  MM
  AVERAGE SKY COVER 0.2


WEATHER CONDITIONS
 THE FOLLOWING WEATHER WAS RECORDED YESTERDAY.
  FOG


RELATIVE HUMIDITY (PERCENT)
 HIGHEST   100          1200 AM
 LOWEST     73          1000 AM
 AVERAGE    87

..........................................................


THE GREEN BAY WI CLIMATE NORMALS FOR TODAY
                         NORMAL    RECORD    YEAR
 MAXIMUM TEMPERATURE (F)   80        98      1931
 MINIMUM TEMPERATURE (F)   59        45      1958
                                             1896


SUNRISE AND SUNSET
JULY 17 2016..........SUNRISE   524 AM CDT   SUNSET   833 PM CDT
JULY 18 2016..........SUNRISE   525 AM CDT   SUNSET   832 PM CDT


-  INDICATES NEGATIVE NUMBERS.
R  INDICATES RECORD WAS SET OR TIED.
MM INDICATES DATA IS MISSING.
T  INDICATES TRACE AMOUNT.




$$
