000
CDUS43 KGRB 150714
CLIGRB


CLIMATE REPORT
NATIONAL WEATHER SERVICE GREEN BAY
212 AM CDT SUN OCT 15 2017


...................................

...THE GREEN BAY WI CLIMATE SUMMARY FOR OCTOBER 14 2017...

CLIMATE NORMAL PERIOD 1981 TO 2010
CLIMATE RECORD PERIOD 1886 TO 2017


WEATHER ITEM   OBSERVED TIME   RECORD YEAR NORMAL DEPARTURE LAST
                VALUE   (LST)  VALUE       VALUE  FROM      YEAR
                                                  NORMAL
..................................................................
TEMPERATURE (F)
 YESTERDAY
  MAXIMUM         59   1103 AM  82    1947  57      2       60
                                      1897
  MINIMUM         44    540 AM  22    1979  38      6       32
  AVERAGE         52                        48      4       46

PRECIPITATION (IN)
  YESTERDAY        1.04          2.02 2012   0.07   0.97     0.00
  MONTH TO DATE    2.55                      1.14   1.41     1.36
  SINCE SEP 1      3.56                      4.18  -0.62     5.65
  SINCE JAN 1     28.95                     24.58   4.37    27.27

SNOWFALL (IN)
  YESTERDAY        0.0           0.1  1894   0.0    0.0      0.0
  MONTH TO DATE    0.0                       0.0    0.0      0.0
  SINCE SEP 1      0.0                       0.0    0.0      0.0
  SINCE JUL 1      0.0                       0.0    0.0      0.0
  SNOW DEPTH       0

DEGREE DAYS
 HEATING
  YESTERDAY       13                        17     -4       19
  MONTH TO DATE  102                       210   -108      133
  SINCE SEP 1    222                       417   -195      198
  SINCE JUL 1    263                       480   -217      211

 COOLING
  YESTERDAY        0                         0      0        0
  MONTH TO DATE    6                         0      6        0
  SINCE SEP 1     98                        33     65       52
  SINCE JAN 1    475                       395     80      574
..................................................................


WIND (MPH)
  HIGHEST WIND SPEED    20   HIGHEST WIND DIRECTION    NE (60)
  HIGHEST GUST SPEED    26   HIGHEST GUST DIRECTION     E (80)
  AVERAGE WIND SPEED    11.4


SKY COVER
  POSSIBLE SUNSHINE  MM
  AVERAGE SKY COVER 0.8


WEATHER CONDITIONS
 THE FOLLOWING WEATHER WAS RECORDED YESTERDAY.
  HEAVY RAIN
  RAIN
  LIGHT RAIN
  FOG


RELATIVE HUMIDITY (PERCENT)
 HIGHEST   100          1200 AM
 LOWEST     75          1000 AM
 AVERAGE    88

..........................................................


THE GREEN BAY WI CLIMATE NORMALS FOR TODAY
                         NORMAL    RECORD    YEAR
 MAXIMUM TEMPERATURE (F)   57        85      1947
 MINIMUM TEMPERATURE (F)   38        24      2006


SUNRISE AND SUNSET
OCTOBER 15 2017.......SUNRISE   708 AM CDT   SUNSET   608 PM CDT
OCTOBER 16 2017.......SUNRISE   709 AM CDT   SUNSET   606 PM CDT


-  INDICATES NEGATIVE NUMBERS.
R  INDICATES RECORD WAS SET OR TIED.
MM INDICATES DATA IS MISSING.
T  INDICATES TRACE AMOUNT.

$$
