000
CDUS43 KGRB 250640
CLIGRB


CLIMATE REPORT
NATIONAL WEATHER SERVICE GREEN BAY
1239 AM CST WED FEB 25 2015


...................................

...THE GREEN BAY WI CLIMATE SUMMARY FOR FEBRUARY 24 2015...

CLIMATE NORMAL PERIOD 1981 TO 2010
CLIMATE RECORD PERIOD 1886 TO 2015


WEATHER ITEM   OBSERVED TIME   RECORD YEAR NORMAL DEPARTURE LAST
                VALUE   (LST)  VALUE       VALUE  FROM      YEAR
                                                  NORMAL
..................................................................
TEMPERATURE (F)
 YESTERDAY
  MAXIMUM         34    257 PM  53    1930  31      3       16
  MINIMUM          8   1206 AM -21    1889  15     -7        4
  AVERAGE         21                        23     -2       10

PRECIPITATION (IN)
  YESTERDAY        T             0.60 1948   0.05  -0.05     0.00
  MONTH TO DATE    0.41                      0.91  -0.50     1.21
  SINCE DEC 1      2.65                      3.55  -0.90     4.43
  SINCE JAN 1      0.97                      2.04  -1.07     2.54

SNOWFALL (IN)
  YESTERDAY        T             3.5  1922   0.3   -0.3      0.0
  MONTH TO DATE    8.0                       8.5   -0.5     13.7
  SINCE DEC 1     20.3                      34.6  -14.3     57.1
  SINCE JUL 1     28.5                      38.8  -10.3     58.3
  SNOW DEPTH       6

DEGREE DAYS
 HEATING
  YESTERDAY       44                        42      2       55
  MONTH TO DATE 1302                      1087    215     1330
  SINCE DEC 1   3972                      3936     36     4612
  SINCE JUL 1   5809                      5676    133     6223

 COOLING
  YESTERDAY        0                         0      0        0
  MONTH TO DATE    0                         0      0        0
  SINCE DEC 1      0                         0      0        0
  SINCE JAN 1      0                         0      0        0
..................................................................


WIND (MPH)
  HIGHEST WIND SPEED    29   HIGHEST WIND DIRECTION     W (280)
  HIGHEST GUST SPEED    36   HIGHEST GUST DIRECTION     W (280)
  AVERAGE WIND SPEED    16.8


SKY COVER
  POSSIBLE SUNSHINE  MM
  AVERAGE SKY COVER 0.5


WEATHER CONDITIONS
 THE FOLLOWING WEATHER WAS RECORDED YESTERDAY.
  LIGHT SNOW


RELATIVE HUMIDITY (PERCENT)
 HIGHEST    69          1200 PM
 LOWEST     36           400 PM
 AVERAGE    53

..........................................................


THE GREEN BAY WI CLIMATE NORMALS FOR TODAY
                         NORMAL    RECORD    YEAR
 MAXIMUM TEMPERATURE (F)   31        49      2000
 MINIMUM TEMPERATURE (F)   15       -23      1928


SUNRISE AND SUNSET
FEBRUARY 25 2015......SUNRISE   637 AM CST   SUNSET   535 PM CST
FEBRUARY 26 2015......SUNRISE   635 AM CST   SUNSET   536 PM CST


-  INDICATES NEGATIVE NUMBERS.
R  INDICATES RECORD WAS SET OR TIED.
MM INDICATES DATA IS MISSING.
T  INDICATES TRACE AMOUNT.




$$
