000
CDUS43 KGRB 010738
CLIGRB


CLIMATE REPORT
NATIONAL WEATHER SERVICE GREEN BAY
237 AM CDT TUE AUG 1 2017


...................................

...THE GREEN BAY WI CLIMATE SUMMARY FOR JULY 31 2017...

CLIMATE NORMAL PERIOD 1981 TO 2010
CLIMATE RECORD PERIOD 1886 TO 2017


WEATHER ITEM   OBSERVED TIME   RECORD YEAR NORMAL DEPARTURE LAST
                VALUE   (LST)  VALUE       VALUE  FROM      YEAR
                                                  NORMAL
..................................................................
TEMPERATURE (F)
 YESTERDAY
  MAXIMUM         87    152 PM  96    1995  79      8       81
                                      1917
  MINIMUM         60    445 AM  45    1971  58      2       56
  AVERAGE         74                        69      5       69

PRECIPITATION (IN)
  YESTERDAY        0.00          0.73 1913   0.11  -0.11     0.00
  MONTH TO DATE    4.56                      3.50   1.06     3.22
  SINCE JUN 1      8.34                      7.38   0.96     7.66
  SINCE JAN 1     21.34                     17.03   4.31    18.84

SNOWFALL (IN)
  YESTERDAY        0.0           0.0    MM   0.0    0.0      0.0
  MONTH TO DATE    0.0                       0.0    0.0      0.0
  SINCE JUN 1      0.0                       0.0    0.0      0.0
  SINCE JUL 1      0.0                       0.0    0.0      0.0
  SNOW DEPTH       0

DEGREE DAYS
 HEATING
  YESTERDAY        0                         1     -1        0
  MONTH TO DATE    1                        31    -30        6
  SINCE JUN 1     28                       115    -87       31
  SINCE JUL 1      1                        23    -22        6

 COOLING
  YESTERDAY        9                         5      4        4
  MONTH TO DATE  186                       150     36      198
  SINCE JUN 1    301                       233     68      298
  SINCE JAN 1    309                       251     58      331
..................................................................


WIND (MPH)
  HIGHEST WIND SPEED    10   HIGHEST WIND DIRECTION     S (180)
  HIGHEST GUST SPEED    16   HIGHEST GUST DIRECTION    SE (140)
  AVERAGE WIND SPEED     3.2


SKY COVER
  POSSIBLE SUNSHINE  MM
  AVERAGE SKY COVER 0.0


WEATHER CONDITIONS
 THE FOLLOWING WEATHER WAS RECORDED YESTERDAY.
  FOG
  FOG W/VISIBILITY <= 1/4 MILE


RELATIVE HUMIDITY (PERCENT)
 HIGHEST   100          1200 AM
 LOWEST     51           200 PM
 AVERAGE    76

..........................................................


THE GREEN BAY WI CLIMATE NORMALS FOR TODAY
                         NORMAL    RECORD    YEAR
 MAXIMUM TEMPERATURE (F)   79        93      1988
                                             1975
                                             1955
 MINIMUM TEMPERATURE (F)   58        45      1976


SUNRISE AND SUNSET
AUGUST  1 2017........SUNRISE   540 AM CDT   SUNSET   817 PM CDT
AUGUST  2 2017........SUNRISE   541 AM CDT   SUNSET   816 PM CDT


-  INDICATES NEGATIVE NUMBERS.
R  INDICATES RECORD WAS SET OR TIED.
MM INDICATES DATA IS MISSING.
T  INDICATES TRACE AMOUNT.




$$
