000
CDUS43 KGRB 130635
CLIGRB


CLIMATE REPORT
NATIONAL WEATHER SERVICE GREEN BAY
135 AM CDT FRI MAY 13 2016


...................................

...THE GREEN BAY WI CLIMATE SUMMARY FOR MAY 12 2016...

CLIMATE NORMAL PERIOD 1981 TO 2010
CLIMATE RECORD PERIOD 1886 TO 2016


WEATHER ITEM   OBSERVED TIME   RECORD YEAR NORMAL DEPARTURE LAST
                VALUE   (LST)  VALUE       VALUE  FROM      YEAR
                                                  NORMAL
..................................................................
TEMPERATURE (F)
 YESTERDAY
  MAXIMUM         69    211 PM  87    1991  65      4       53
  MINIMUM         51    311 AM  27    1967  43      8       39
  AVERAGE         60                        54      6       46

PRECIPITATION (IN)
  YESTERDAY        0.55          1.05 2014   0.08   0.47     0.01
  MONTH TO DATE    1.27                      1.00   0.27     0.84
  SINCE MAR 1      6.61                      5.48   1.13     3.37
  SINCE JAN 1      9.09                      7.72   1.37     4.34

SNOWFALL (IN)
  YESTERDAY        0.0           T    2005   0.0    0.0      0.0
                                      1946
  MONTH TO DATE    0.0                       0.1   -0.1      0.0
  SINCE MAR 1     16.2                      11.1    5.1      4.2
  SINCE JUL 1     50.0                      51.3   -1.3     32.7
  SNOW DEPTH       0

DEGREE DAYS
 HEATING
  YESTERDAY        5                        12     -7       19
  MONTH TO DATE  133                       159    -26       76
  SINCE MAR 1   1670                      1856   -186     1608
  SINCE JUL 1   6481                      7696  -1215     7646

 COOLING
  YESTERDAY        0                         0      0        0
  MONTH TO DATE    1                         0      1        7
  SINCE MAR 1      1                         2     -1        7
  SINCE JAN 1      1                         2     -1        7
..................................................................


WIND (MPH)
  HIGHEST WIND SPEED    21   HIGHEST WIND DIRECTION     W (270)
  HIGHEST GUST SPEED    26   HIGHEST GUST DIRECTION     W (290)
  AVERAGE WIND SPEED     9.8


SKY COVER
  POSSIBLE SUNSHINE  MM
  AVERAGE SKY COVER 0.7


WEATHER CONDITIONS
 THE FOLLOWING WEATHER WAS RECORDED YESTERDAY.
  THUNDERSTORM
  HEAVY RAIN
  RAIN
  LIGHT RAIN
  FOG


RELATIVE HUMIDITY (PERCENT)
 HIGHEST   100           400 AM
 LOWEST     53           200 PM
 AVERAGE    77

..........................................................


THE GREEN BAY WI CLIMATE NORMALS FOR TODAY
                         NORMAL    RECORD    YEAR
 MAXIMUM TEMPERATURE (F)   65        88      1991
                                             1977
 MINIMUM TEMPERATURE (F)   43        30      2013
                                             1997
                                             1996


SUNRISE AND SUNSET
MAY 13 2016...........SUNRISE   527 AM CDT   SUNSET   812 PM CDT
MAY 14 2016...........SUNRISE   526 AM CDT   SUNSET   813 PM CDT


-  INDICATES NEGATIVE NUMBERS.
R  INDICATES RECORD WAS SET OR TIED.
MM INDICATES DATA IS MISSING.
T  INDICATES TRACE AMOUNT.




$$
