450
CDUS43 KGRB 110706
CLIGRB

CLIMATE REPORT
NATIONAL WEATHER SERVICE GREEN BAY
102 AM CST WED JAN 11 2017

...................................

...THE GREEN BAY WI CLIMATE SUMMARY FOR JANUARY 10 2017...

CLIMATE NORMAL PERIOD 1981 TO 2010
CLIMATE RECORD PERIOD 1886 TO 2017

WEATHER ITEM   OBSERVED TIME   RECORD YEAR NORMAL DEPARTURE LAST
                VALUE   (LST)  VALUE       VALUE  FROM      YEAR
                                                  NORMAL
..................................................................
TEMPERATURE (F)
 YESTERDAY
  MAXIMUM         38    427 PM  48    1975  24     14       19
                                      1928
  MINIMUM         15   1159 PM -25    1982   9      6       -2
  AVERAGE         27                        17     10        9

PRECIPITATION (IN)
  YESTERDAY        0.72R         0.57 1975   0.04   0.68      T
  MONTH TO DATE    0.99                      0.39   0.60     0.72
  SINCE DEC 1      3.24                      1.90   1.34     6.43
  SINCE JAN 1      0.99                      0.39   0.60     0.72

SNOWFALL (IN)
  YESTERDAY        2.3           5.7  1901   0.4    1.9      0.1
  MONTH TO DATE    5.0                       4.0    1.0      1.3
  SINCE DEC 1     28.1                      17.1   11.0     15.0
  SINCE JUL 1     29.0                      21.3    7.7     15.2
  SNOW DEPTH       6

DEGREE DAYS
 HEATING
  YESTERDAY       38                        48    -10       56
  MONTH TO DATE  493                       480     13      415
  SINCE DEC 1   1744                      1830    -86     1353
  SINCE JUL 1   2806                      3570   -764     2625

COOLING
  YESTERDAY        0                         0      0        0
  MONTH TO DATE    0                         0      0        0
  SINCE DEC 1      0                         0      0        0
  SINCE JAN 1      0                         0      0        0
..................................................................

WIND (MPH)
  HIGHEST WIND SPEED    38   HIGHEST WIND DIRECTION     W (270)
  HIGHEST GUST SPEED    48   HIGHEST GUST DIRECTION     W (270)
  AVERAGE WIND SPEED    16.0

SKY COVER
  POSSIBLE SUNSHINE  MM
  AVERAGE SKY COVER 1.0

WEATHER CONDITIONS
 THE FOLLOWING WEATHER WAS RECORDED YESTERDAY.
  THUNDERSTORM
  RAIN
  LIGHT RAIN
  LT FREEZING RAIN
  LIGHT SNOW
  FOG

RELATIVE HUMIDITY (PERCENT)
 HIGHEST   100           300 AM
 LOWEST     67          1000 PM
 AVERAGE    84
..........................................................

THE GREEN BAY WI CLIMATE NORMALS FOR TODAY
                         NORMAL    RECORD    YEAR
 MAXIMUM TEMPERATURE (F)   24        51      2012
 MINIMUM TEMPERATURE (F)    9       -25      1979

SUNRISE AND SUNSET
JANUARY 11 2017.......SUNRISE   727 AM CST   SUNSET   434 PM CST
JANUARY 12 2017.......SUNRISE   727 AM CST   SUNSET   435 PM CST

-  INDICATES NEGATIVE NUMBERS.
R  INDICATES RECORD WAS SET OR TIED.
MM INDICATES DATA IS MISSING.
T  INDICATES TRACE AMOUNT.

$$
