877
CDUS43 KGRB 110716
CLIGRB

CLIMATE REPORT
NATIONAL WEATHER SERVICE GREEN BAY
113 AM CST SAT FEB 11 2017

...................................

...THE GREEN BAY WI CLIMATE SUMMARY FOR FEBRUARY 10 2017...

CLIMATE NORMAL PERIOD 1981 TO 2010
CLIMATE RECORD PERIOD 1886 TO 2017

WEATHER ITEM   OBSERVED TIME   RECORD YEAR NORMAL DEPARTURE LAST
                VALUE   (LST)  VALUE       VALUE  FROM      YEAR
                                                  NORMAL
..................................................................
TEMPERATURE (F)
 YESTERDAY
  MAXIMUM         36    512 PM  50    2009  27      9       14
  MINIMUM         17   1225 AM -33    1899  11      6       -2
  AVERAGE         27                        19      8        6

PRECIPITATION (IN)
  YESTERDAY        T             0.50 2013   0.03  -0.03     0.00
  MONTH TO DATE    0.01                      0.33  -0.32     0.98
  SINCE DEC 1      4.69                      2.97   1.72     8.02
  SINCE JAN 1      2.44                      1.46   0.98     2.31

SNOWFALL (IN)
  YESTERDAY        T             5.8  2000   0.3   -0.3      0.0
  MONTH TO DATE    T                         3.7   -3.7     10.7
  SINCE DEC 1     37.7                      29.8    7.9     32.1
  SINCE JUL 1     38.6                      34.0    4.6     32.3
  SNOW DEPTH       2

DEGREE DAYS
 HEATING
  YESTERDAY       38                        46     -8       59
  MONTH TO DATE  467                       470     -3      420
  SINCE DEC 1   2998                      3319   -321     2768
  SINCE JUL 1   4060                      5059   -999     4040

COOLING
  YESTERDAY        0                         0      0        0
  MONTH TO DATE    0                         0      0        0
  SINCE DEC 1      0                         0      0        0
  SINCE JAN 1      0                         0      0        0
..................................................................

WIND (MPH)
  HIGHEST WIND SPEED    22   HIGHEST WIND DIRECTION    SW (210)
  HIGHEST GUST SPEED    30   HIGHEST GUST DIRECTION     S (190)
  AVERAGE WIND SPEED    10.1

SKY COVER
  POSSIBLE SUNSHINE  MM
  AVERAGE SKY COVER 0.4

WEATHER CONDITIONS
 THE FOLLOWING WEATHER WAS RECORDED YESTERDAY.
  LIGHT SNOW

RELATIVE HUMIDITY (PERCENT)
 HIGHEST    78           900 PM
 LOWEST     59           800 AM
 AVERAGE    69
..........................................................

THE GREEN BAY WI CLIMATE NORMALS FOR TODAY
                         NORMAL    RECORD    YEAR
 MAXIMUM TEMPERATURE (F)   27        58      1999
 MINIMUM TEMPERATURE (F)   11       -29      1899

SUNRISE AND SUNSET
FEBRUARY 11 2017......SUNRISE   658 AM CST   SUNSET   516 PM CST
FEBRUARY 12 2017......SUNRISE   656 AM CST   SUNSET   518 PM CST

-  INDICATES NEGATIVE NUMBERS.
R  INDICATES RECORD WAS SET OR TIED.
MM INDICATES DATA IS MISSING.
T  INDICATES TRACE AMOUNT.

$$
