732
CDUS43 KICT 080642
CLICNU


CLIMATE REPORT
NATIONAL WEATHER SERVICE WICHITA KS
141 AM CDT SUN OCT 8 2017


...................................

...THE CHANUTE KS CLIMATE SUMMARY FOR OCTOBER 7 2017...

CLIMATE NORMAL PERIOD 1981 TO 2010
CLIMATE RECORD PERIOD 1894 TO 2017


WEATHER ITEM   OBSERVED TIME   RECORD YEAR NORMAL DEPARTURE LAST
                VALUE   (LST)  VALUE       VALUE  FROM      YEAR
                                                  NORMAL
..................................................................
TEMPERATURE (F)
 YESTERDAY
  MAXIMUM         78    412 PM  98    1963  72      6       64
  MINIMUM         56   1156 PM  26    1952  50      6       45
  AVERAGE         67                        61      6       55

PRECIPITATION (IN)
  YESTERDAY        0.00          1.31 2004   0.14  -0.14     0.06
  MONTH TO DATE    T                         1.01  -1.01     2.21
  SINCE SEP 1      3.59                      4.68  -1.09     9.12
  SINCE JAN 1     40.23                     35.17   5.06    34.35

DEGREE DAYS
 HEATING
  YESTERDAY        0                         6     -6       10
  MONTH TO DATE    0                        34    -34       13
  SINCE SEP 1      7                        80    -73       24
  SINCE JUL 1      7                        81    -74       24

 COOLING
  YESTERDAY        2                         2      0        0
  MONTH TO DATE   54                        14     40       18
  SINCE SEP 1    284                       207     77      279
  SINCE JAN 1   1591                      1511     80     1760
..................................................................


WIND (MPH)
  HIGHEST WIND SPEED    29   HIGHEST WIND DIRECTION     W (270)
  HIGHEST GUST SPEED    39   HIGHEST GUST DIRECTION     W (260)
  AVERAGE WIND SPEED    11.3


SKY COVER
  POSSIBLE SUNSHINE  MM
  AVERAGE SKY COVER 0.3


WEATHER CONDITIONS
 THE FOLLOWING WEATHER WAS RECORDED YESTERDAY.
  THUNDERSTORM
  HEAVY RAIN
  RAIN
  LIGHT RAIN
  FOG


RELATIVE HUMIDITY (PERCENT)
 HIGHEST    93           200 AM
 LOWEST     39           400 PM
 AVERAGE    66

..........................................................


THE CHANUTE KS CLIMATE NORMALS FOR TODAY
                         NORMAL    RECORD    YEAR
 MAXIMUM TEMPERATURE (F)   72        95      1979
 MINIMUM TEMPERATURE (F)   50        25      2000


SUNRISE AND SUNSET
OCTOBER  8 2017.......SUNRISE   724 AM CDT   SUNSET   654 PM CDT
OCTOBER  9 2017.......SUNRISE   725 AM CDT   SUNSET   653 PM CDT


-  INDICATES NEGATIVE NUMBERS.
R  INDICATES RECORD WAS SET OR TIED.
MM INDICATES DATA IS MISSING.
T  INDICATES TRACE AMOUNT.




$$
