000
CDUS43 KICT 220631
CLICNU

CLIMATE REPORT
NATIONAL WEATHER SERVICE WICHITA KS
130 AM CDT FRI MAY 22 2015

...................................

...THE CHANUTE KS CLIMATE SUMMARY FOR MAY 21 2015...

CLIMATE NORMAL PERIOD 1981 TO 2010
CLIMATE RECORD PERIOD 1894 TO 2015


WEATHER ITEM   OBSERVED TIME   RECORD YEAR NORMAL DEPARTURE LAST
                VALUE   (LST)  VALUE       VALUE  FROM      YEAR
                                                  NORMAL
..................................................................
TEMPERATURE (F)
 YESTERDAY
  MAXIMUM         66    500 PM  94    1956  77    -11       84
  MINIMUM         44    438 AM  37    1968  57    -13       67
  AVERAGE         55                        67    -12       76

PRECIPITATION (IN)
  YESTERDAY        0.00          2.30 1903   0.20  -0.20     0.00
  MONTH TO DATE    6.57                      3.69   2.88     1.18
  SINCE MAR 1     11.65                     11.13   0.52     4.15
  SINCE JAN 1     12.96                     14.29  -1.33     5.12

DEGREE DAYS
 HEATING
  YESTERDAY       10                         2      8        0
  MONTH TO DATE   64                        65     -1       97
  SINCE MAR 1    746                       895   -149     1070
  SINCE JUL 1   4436                      4467    -31     5090

 COOLING
  YESTERDAY        0                         4     -4       11
  MONTH TO DATE   62                        53      9       94
  SINCE MAR 1     84                        84      0      110
  SINCE JAN 1     84                        84      0      110
..................................................................


WIND (MPH)
  HIGHEST WIND SPEED    13   HIGHEST WIND DIRECTION    NE (30)
  HIGHEST GUST SPEED    17   HIGHEST GUST DIRECTION     N (20)
  AVERAGE WIND SPEED     5.4


SKY COVER
  POSSIBLE SUNSHINE  MM
  AVERAGE SKY COVER 0.4


WEATHER CONDITIONS
 THE FOLLOWING WEATHER WAS RECORDED YESTERDAY.
  NO SIGNIFICANT WEATHER WAS OBSERVED.


RELATIVE HUMIDITY (PERCENT)
 HIGHEST   100           300 AM
 LOWEST     48           300 PM
 AVERAGE    74

..........................................................


THE CHANUTE KS CLIMATE NORMALS FOR TODAY
                         NORMAL    RECORD    YEAR
 MAXIMUM TEMPERATURE (F)   77        94      1956
 MINIMUM TEMPERATURE (F)   58        41      2001


SUNRISE AND SUNSET
MAY 22 2015...........SUNRISE   607 AM CDT   SUNSET   830 PM CDT
MAY 23 2015...........SUNRISE   607 AM CDT   SUNSET   831 PM CDT


-  INDICATES NEGATIVE NUMBERS.
R  INDICATES RECORD WAS SET OR TIED.
MM INDICATES DATA IS MISSING.
T  INDICATES TRACE AMOUNT.

$$
