000
CDUS43 KICT 100653
CLICNU


CLIMATE REPORT
NATIONAL WEATHER SERVICE WICHITA KS
1252 AM CST FRI NOV 10 2017


...................................

...THE CHANUTE KS CLIMATE SUMMARY FOR NOVEMBER 9 2017...

CLIMATE NORMAL PERIOD 1981 TO 2010
CLIMATE RECORD PERIOD 1894 TO 2017


WEATHER ITEM   OBSERVED TIME   RECORD YEAR NORMAL DEPARTURE LAST
                VALUE   (LST)  VALUE       VALUE  FROM      YEAR
                                                  NORMAL
..................................................................
TEMPERATURE (F)
 YESTERDAY
  MAXIMUM         59    257 PM  82    2006  60     -1       64
  MINIMUM         27    655 AM  20    1991  39    -12       37
  AVERAGE         43                        50     -7       51

PRECIPITATION (IN)
  YESTERDAY        0.00          1.80 1935   0.09  -0.09     0.00
  MONTH TO DATE    T                         0.80  -0.80     0.30
  SINCE SEP 1      8.62                      8.13   0.49    10.72
  SINCE JAN 1     45.26                     38.62   6.64    35.95

DEGREE DAYS
 HEATING
  YESTERDAY       22                        16      6       14
  MONTH TO DATE  162                       125     37       55
  SINCE SEP 1    390                       412    -22      153
  SINCE JUL 1    390                       413    -23      153

 COOLING
  YESTERDAY        0                         0      0        0
  MONTH TO DATE    0                         0      0       15
  SINCE SEP 1    309                       225     84      360
  SINCE JAN 1   1616                      1529     87     1841
..................................................................


WIND (MPH)
  HIGHEST WIND SPEED    15   HIGHEST WIND DIRECTION    NE (40)
  HIGHEST GUST SPEED    20   HIGHEST GUST DIRECTION    NE (50)
  AVERAGE WIND SPEED     5.6


SKY COVER
  POSSIBLE SUNSHINE  MM
  AVERAGE SKY COVER 0.0


WEATHER CONDITIONS
 THE FOLLOWING WEATHER WAS RECORDED YESTERDAY.
  HAZE


RELATIVE HUMIDITY (PERCENT)
 HIGHEST    92           600 AM
 LOWEST     30           400 PM
 AVERAGE    61

..........................................................


THE CHANUTE KS CLIMATE NORMALS FOR TODAY
                         NORMAL    RECORD    YEAR
 MAXIMUM TEMPERATURE (F)   60        78      1911
 MINIMUM TEMPERATURE (F)   39        15      1950


SUNRISE AND SUNSET
NOVEMBER 10 2017......SUNRISE   657 AM CST   SUNSET   514 PM CST
NOVEMBER 11 2017......SUNRISE   658 AM CST   SUNSET   514 PM CST


-  INDICATES NEGATIVE NUMBERS.
R  INDICATES RECORD WAS SET OR TIED.
MM INDICATES DATA IS MISSING.
T  INDICATES TRACE AMOUNT.




$$
