000
CDUS43 KICT 130630
CLICNU


CLIMATE REPORT
NATIONAL WEATHER SERVICE WICHITA KS
129 AM CDT SUN APR 13 2014


...................................

...THE CHANUTE KS CLIMATE SUMMARY FOR APRIL 12 2014...

CLIMATE NORMAL PERIOD 1981 TO 2010
CLIMATE RECORD PERIOD 1894 TO 2014


WEATHER ITEM   OBSERVED TIME   RECORD YEAR NORMAL DEPARTURE LAST
                VALUE   (LST)  VALUE       VALUE  FROM      YEAR
                                                  NORMAL
..................................................................
TEMPERATURE (F)
 YESTERDAY
  MAXIMUM         82    420 PM  95    1972  67     15       57
  MINIMUM         56    334 AM  21    1940  45     11       32
  AVERAGE         69                        56     13       45

PRECIPITATION (IN)
  YESTERDAY        0.00          1.54 1947   0.13  -0.13     0.00
  MONTH TO DATE    0.02                      1.54  -1.52     0.71
  SINCE MAR 1      0.99                      4.58  -3.59     2.70
  SINCE JAN 1      1.96                      7.74  -5.78     8.46

DEGREE DAYS
 HEATING
  YESTERDAY        0                        10    -10       20
  MONTH TO DATE  119                       139    -20      176
  SINCE MAR 1    805                       698    107      882
  SINCE JUL 1   4825                      4270    555     3974

 COOLING
  YESTERDAY        4                         1      3        0
  MONTH TO DATE    4                         8     -4        1
  SINCE MAR 1      4                        12     -8        1
  SINCE JAN 1      4                        12     -8        2
..................................................................


WIND (MPH)
  HIGHEST WIND SPEED    33   HIGHEST WIND DIRECTION     S (180)
  HIGHEST GUST SPEED    41   HIGHEST GUST DIRECTION     S (180)
  AVERAGE WIND SPEED    20.1


SKY COVER
  POSSIBLE SUNSHINE  MM
  AVERAGE SKY COVER 0.2


WEATHER CONDITIONS
 THE FOLLOWING WEATHER WAS RECORDED YESTERDAY.
  NO SIGNIFICANT WEATHER WAS OBSERVED.


RELATIVE HUMIDITY (PERCENT)
 HIGHEST    87           600 AM
 LOWEST     43           400 PM
 AVERAGE    65

..........................................................


THE CHANUTE KS CLIMATE NORMALS FOR TODAY
                         NORMAL    RECORD    YEAR
 MAXIMUM TEMPERATURE (F)   67        91      1936
 MINIMUM TEMPERATURE (F)   45        22      1957


SUNRISE AND SUNSET
APRIL 13 2014.........SUNRISE   650 AM CDT   SUNSET   756 PM CDT
APRIL 14 2014.........SUNRISE   648 AM CDT   SUNSET   757 PM CDT


-  INDICATES NEGATIVE NUMBERS.
R  INDICATES RECORD WAS SET OR TIED.
MM INDICATES DATA IS MISSING.
T  INDICATES TRACE AMOUNT.




$$
