000
CDUS43 KICT 260648
CLICNU


CLIMATE REPORT
NATIONAL WEATHER SERVICE WICHITA KS
148 AM CDT FRI JUN 26 2015


...................................

...THE CHANUTE KS CLIMATE SUMMARY FOR JUNE 25 2015...

CLIMATE NORMAL PERIOD 1981 TO 2010
CLIMATE RECORD PERIOD 1894 TO 2015


WEATHER ITEM   OBSERVED TIME   RECORD YEAR NORMAL DEPARTURE LAST
                VALUE   (LST)  VALUE       VALUE  FROM      YEAR
                                                  NORMAL
..................................................................
TEMPERATURE (F)
 YESTERDAY
  MAXIMUM         95    348 PM 104    1933  87      8       86
  MINIMUM         74    537 AM  47    1958  67      7       63
  AVERAGE         85                        77      8       75

PRECIPITATION (IN)
  YESTERDAY        0.00          1.35 1903   0.17  -0.17     0.00
  MONTH TO DATE    2.21                      5.21  -3.00     7.13
  SINCE JUN 1      2.21                      5.21  -3.00     7.13
  SINCE JAN 1     20.18                     21.61  -1.43    16.59

DEGREE DAYS
 HEATING
  YESTERDAY        0                         0      0        0
  MONTH TO DATE    0                         4     -4        0
  SINCE JUN 1      0                         4     -4        0
  SINCE JUL 1   4455                      4481    -26     5090

 COOLING
  YESTERDAY       20                        12      8       10
  MONTH TO DATE  333                       229    104      233
  SINCE JUN 1    333                       229    104      233
  SINCE JAN 1    442                       362     80      425
..................................................................


WIND (MPH)
  HIGHEST WIND SPEED    21   HIGHEST WIND DIRECTION    SW (240)
  HIGHEST GUST SPEED    28   HIGHEST GUST DIRECTION    SW (210)
  AVERAGE WIND SPEED    12.8


SKY COVER
  POSSIBLE SUNSHINE  MM
  AVERAGE SKY COVER 0.0


WEATHER CONDITIONS
 THE FOLLOWING WEATHER WAS RECORDED YESTERDAY.
  NO SIGNIFICANT WEATHER WAS OBSERVED.


RELATIVE HUMIDITY (PERCENT)
 HIGHEST    82           400 AM
 LOWEST     46           300 PM
 AVERAGE    64

..........................................................


THE CHANUTE KS CLIMATE NORMALS FOR TODAY
                         NORMAL    RECORD    YEAR
 MAXIMUM TEMPERATURE (F)   87       102      1980
 MINIMUM TEMPERATURE (F)   67        48      1958


SUNRISE AND SUNSET
JUNE 26 2015..........SUNRISE   602 AM CDT   SUNSET   848 PM CDT
JUNE 27 2015..........SUNRISE   602 AM CDT   SUNSET   848 PM CDT


-  INDICATES NEGATIVE NUMBERS.
R  INDICATES RECORD WAS SET OR TIED.
MM INDICATES DATA IS MISSING.
T  INDICATES TRACE AMOUNT.




$$
