000
CDUS43 KICT 180623
CLICNU

CLIMATE REPORT
NATIONAL WEATHER SERVICE WICHITA KS
123 AM CDT THU AUG 18 2016


...................................

...THE CHANUTE KS CLIMATE SUMMARY FOR AUGUST 17 2016...

CLIMATE NORMAL PERIOD 1981 TO 2010
CLIMATE RECORD PERIOD 1894 TO 2016


WEATHER ITEM   OBSERVED TIME   RECORD YEAR NORMAL DEPARTURE LAST
                VALUE   (LST)  VALUE       VALUE  FROM      YEAR
                                                  NORMAL
..................................................................
TEMPERATURE (F)
 YESTERDAY
  MAXIMUM         89    355 PM 110    1956  90     -1       92
  MINIMUM         66    611 AM  53    1992  68     -2       67
  AVERAGE         78                        79     -1       80

PRECIPITATION (IN)
  YESTERDAY        0.00          2.55 1968   0.13  -0.13     0.00
  MONTH TO DATE    2.23                      2.06   0.17     2.56
  SINCE JUN 1      9.92                     12.46  -2.54     9.73
  SINCE JAN 1     21.71                     28.86  -7.15    27.70

DEGREE DAYS
 HEATING
  YESTERDAY        0                         0      0        0
  MONTH TO DATE    0                         0      0        0
  SINCE JUN 1      0                         6     -6        0
  SINCE JUL 1      0                         0      0        0

 COOLING
  YESTERDAY       13                        14     -1       15
  MONTH TO DATE  264                       251     13      237
  SINCE JUN 1   1199                       992    207     1114
  SINCE JAN 1   1306                      1125    181     1223
..................................................................


WIND (MPH)
  HIGHEST WIND SPEED    15   HIGHEST WIND DIRECTION     S (200)
  HIGHEST GUST SPEED    23   HIGHEST GUST DIRECTION    NE (30)
  AVERAGE WIND SPEED     7.3


SKY COVER
  POSSIBLE SUNSHINE  MM
  AVERAGE SKY COVER 0.0


WEATHER CONDITIONS
 THE FOLLOWING WEATHER WAS RECORDED YESTERDAY.
  NO SIGNIFICANT WEATHER WAS OBSERVED.


RELATIVE HUMIDITY (PERCENT)
 HIGHEST    93           500 AM
 LOWEST     50           500 PM
 AVERAGE    72

..........................................................


THE CHANUTE KS CLIMATE NORMALS FOR TODAY
                         NORMAL    RECORD    YEAR
 MAXIMUM TEMPERATURE (F)   90       106      1956
 MINIMUM TEMPERATURE (F)   68        50      1943


SUNRISE AND SUNSET
AUGUST 18 2016........SUNRISE   641 AM CDT   SUNSET   810 PM CDT
AUGUST 19 2016........SUNRISE   642 AM CDT   SUNSET   809 PM CDT


-  INDICATES NEGATIVE NUMBERS.
R  INDICATES RECORD WAS SET OR TIED.
MM INDICATES DATA IS MISSING.
T  INDICATES TRACE AMOUNT.




$$
