145
CDUS43 KICT 180655
CLICNU

CLIMATE REPORT
NATIONAL WEATHER SERVICE WICHITA KS
151 AM CDT SUN JUN 18 2017

...................................

...THE CHANUTE KS CLIMATE SUMMARY FOR JUNE 17 2017...

CLIMATE NORMAL PERIOD 1981 TO 2010
CLIMATE RECORD PERIOD 1894 TO 2017


WEATHER ITEM   OBSERVED TIME   RECORD YEAR NORMAL DEPARTURE LAST
                VALUE   (LST)  VALUE       VALUE  FROM      YEAR
                                                  NORMAL
..................................................................
TEMPERATURE (F)
 YESTERDAY
  MAXIMUM         90    500 PM 103    1918  85      5       96
  MINIMUM         70   1000 PM  50    1999  65      5       77
  AVERAGE         80                        75      5       87

PRECIPITATION (IN)
  YESTERDAY        0.61          3.01 1912   0.19   0.42     0.00
  MONTH TO DATE    0.98                      3.76  -2.78     0.96
  SINCE JUN 1      0.98                      3.76  -2.78     0.96
  SINCE JAN 1     22.06                     20.16   1.90    12.75

DEGREE DAYS
 HEATING
  YESTERDAY        0                         0      0        0
  MONTH TO DATE    0                         4     -4        0
  SINCE JUN 1      0                         4     -4        0
  SINCE JUL 1   3452                      4481  -1029     3647

 COOLING
  YESTERDAY       15                        10      5       22
  MONTH TO DATE  183                       138     45      210
  SINCE JUN 1    183                       138     45      210
  SINCE JAN 1    350                       271     79      317
..................................................................


WIND (MPH)
  HIGHEST WIND SPEED    20   HIGHEST WIND DIRECTION    SE (150)
  HIGHEST GUST SPEED    30   HIGHEST GUST DIRECTION     N (360)
  AVERAGE WIND SPEED    11.8


SKY COVER
  AVERAGE SKY COVER 0.2


WEATHER CONDITIONS
 THE FOLLOWING WEATHER WAS RECORDED YESTERDAY.
  THUNDERSTORM
  HEAVY RAIN
  LIGHT RAIN
  FOG


RELATIVE HUMIDITY (PERCENT)
 HIGHEST    79          1200 AM
 LOWEST     59           300 PM
 AVERAGE    69

..........................................................


THE CHANUTE KS CLIMATE NORMALS FOR TODAY
                         NORMAL    RECORD    YEAR
 MAXIMUM TEMPERATURE (F)   85       104      1918
 MINIMUM TEMPERATURE (F)   66        52      2000


SUNRISE AND SUNSET
JUNE 18 2017..........SUNRISE   600 AM CDT   SUNSET   846 PM CDT
JUNE 19 2017..........SUNRISE   600 AM CDT   SUNSET   846 PM CDT


-  INDICATES NEGATIVE NUMBERS.
R  INDICATES RECORD WAS SET OR TIED.
MM INDICATES DATA IS MISSING.
T  INDICATES TRACE AMOUNT.

$$
