292
CDUS43 KICT 130739
CLICNU


CLIMATE REPORT
NATIONAL WEATHER SERVICE WICHITA KS
135 AM CST MON FEB 13 2017


...................................

...THE CHANUTE KS CLIMATE SUMMARY FOR FEBRUARY 12 2017...

CLIMATE NORMAL PERIOD 1981 TO 2010
CLIMATE RECORD PERIOD 1894 TO 2017


WEATHER ITEM   OBSERVED TIME   RECORD YEAR NORMAL DEPARTURE LAST
                VALUE   (LST)  VALUE       VALUE  FROM      YEAR
                                                  NORMAL
..................................................................
TEMPERATURE (F)
 YESTERDAY
  MAXIMUM         56    227 PM  83    1962  47      9       46
  MINIMUM         31   1025 PM  -6    1980  26      5       25
  AVERAGE         44                        36      8       36

PRECIPITATION (IN)
  YESTERDAY        0.00          1.78 1914   0.07  -0.07     0.00
  MONTH TO DATE    0.00                      0.70  -0.70     0.29
  SINCE DEC 1      2.62                      3.71  -1.09     4.62
  SINCE JAN 1      1.84                      1.96  -0.12     1.07

DEGREE DAYS
 HEATING
  YESTERDAY       21                        29     -8       29
  MONTH TO DATE  277                       360    -83      328
  SINCE DEC 1   2061                      2307   -246     2014
  SINCE JUL 1   2539                      3159   -620     2657

 COOLING
  YESTERDAY        0                         0      0        0
  MONTH TO DATE    3                         0      3        0
  SINCE DEC 1      3                         0      3        0
  SINCE JAN 1      3                         0      3        0
..................................................................


WIND (MPH)
  HIGHEST WIND SPEED    26   HIGHEST WIND DIRECTION     N (10)
  HIGHEST GUST SPEED    35   HIGHEST GUST DIRECTION     N (20)
  AVERAGE WIND SPEED    12.7


SKY COVER
  POSSIBLE SUNSHINE  MM
  AVERAGE SKY COVER 0.0


WEATHER CONDITIONS
 THE FOLLOWING WEATHER WAS RECORDED YESTERDAY.
  NO SIGNIFICANT WEATHER WAS OBSERVED.


RELATIVE HUMIDITY (PERCENT)
 HIGHEST    83          1200 AM
 LOWEST     20           300 PM
 AVERAGE    52

..........................................................


THE CHANUTE KS CLIMATE NORMALS FOR TODAY
                         NORMAL    RECORD    YEAR
 MAXIMUM TEMPERATURE (F)   47        77      1921
 MINIMUM TEMPERATURE (F)   26         3      1899


SUNRISE AND SUNSET
FEBRUARY 13 2017......SUNRISE   713 AM CST   SUNSET   559 PM CST
FEBRUARY 14 2017......SUNRISE   712 AM CST   SUNSET   600 PM CST


-  INDICATES NEGATIVE NUMBERS.
R  INDICATES RECORD WAS SET OR TIED.
MM INDICATES DATA IS MISSING.
T  INDICATES TRACE AMOUNT.




$$
