000
CDUS43 KICT 150632
CLICNU


CLIMATE REPORT
NATIONAL WEATHER SERVICE WICHITA KS
131 AM CDT FRI APR 15 2016


...................................

...THE CHANUTE KS CLIMATE SUMMARY FOR APRIL 14 2016...

CLIMATE NORMAL PERIOD 1981 TO 2010
CLIMATE RECORD PERIOD 1894 TO 2016


WEATHER ITEM   OBSERVED TIME   RECORD YEAR NORMAL DEPARTURE LAST
                VALUE   (LST)  VALUE       VALUE  FROM      YEAR
                                                  NORMAL
..................................................................
TEMPERATURE (F)
 YESTERDAY
  MAXIMUM         72    422 PM  96    1936  68      4       69
  MINIMUM         39    552 AM  23    1950  45     -6       53
  AVERAGE         56                        56      0       61

PRECIPITATION (IN)
  YESTERDAY        0.00          1.14 1960   0.15  -0.15      T
  MONTH TO DATE    1.18                      1.83  -0.65     3.35
  SINCE MAR 1      2.59                      4.87  -2.28     3.90
  SINCE JAN 1      3.67                      8.03  -4.36     5.21

DEGREE DAYS
 HEATING
  YESTERDAY        9                         9      0        4
  MONTH TO DATE  128                       158    -30       94
  SINCE MAR 1    516                       717   -201      589
  SINCE JUL 1   3481                      4289   -808     4279

 COOLING
  YESTERDAY        0                         1     -1        0
  MONTH TO DATE    9                        10     -1       20
  SINCE MAR 1      9                        14     -5       20
  SINCE JAN 1      9                        14     -5       20
..................................................................


WIND (MPH)
  HIGHEST WIND SPEED    15   HIGHEST WIND DIRECTION    SE (150)
  HIGHEST GUST SPEED    21   HIGHEST GUST DIRECTION     E (110)
  AVERAGE WIND SPEED     5.6


SKY COVER
  POSSIBLE SUNSHINE  MM
  AVERAGE SKY COVER 0.0


WEATHER CONDITIONS
 THE FOLLOWING WEATHER WAS RECORDED YESTERDAY.
  FOG
  FOG W/VISIBILITY <= 1/4 MILE


RELATIVE HUMIDITY (PERCENT)
 HIGHEST   100           100 AM
 LOWEST     37           100 PM
 AVERAGE    69

..........................................................


THE CHANUTE KS CLIMATE NORMALS FOR TODAY
                         NORMAL    RECORD    YEAR
 MAXIMUM TEMPERATURE (F)   68        91      1936
 MINIMUM TEMPERATURE (F)   46        23      2014


SUNRISE AND SUNSET
APRIL 15 2016.........SUNRISE   646 AM CDT   SUNSET   758 PM CDT
APRIL 16 2016.........SUNRISE   645 AM CDT   SUNSET   759 PM CDT


-  INDICATES NEGATIVE NUMBERS.
R  INDICATES RECORD WAS SET OR TIED.
MM INDICATES DATA IS MISSING.
T  INDICATES TRACE AMOUNT.




$$
