000
CDUS43 KICT 160703
CLICNU


CLIMATE REPORT
NATIONAL WEATHER SERVICE WICHITA KS
203 AM CDT MON MAR 16 2015


...................................

...THE CHANUTE KS CLIMATE SUMMARY FOR MARCH 15 2015...

CLIMATE NORMAL PERIOD 1981 TO 2010
CLIMATE RECORD PERIOD 1894 TO 2015


WEATHER ITEM   OBSERVED TIME   RECORD YEAR NORMAL DEPARTURE LAST
                VALUE   (LST)  VALUE       VALUE  FROM      YEAR
                                                  NORMAL
..................................................................
TEMPERATURE (F)
 YESTERDAY
  MAXIMUM         74    445 PM  84    1914  58     16       72
  MINIMUM         28    549 AM  11    1900  36     -8       30
  AVERAGE         51                        47      4       51

PRECIPITATION (IN)
  YESTERDAY        0.00          1.85 1928   0.10  -0.10     0.22
  MONTH TO DATE    0.01                      1.38  -1.37     0.32
  SINCE MAR 1      0.01                      1.38  -1.37     0.32
  SINCE JAN 1      1.32                      4.54  -3.22     1.29

DEGREE DAYS
 HEATING
  YESTERDAY       14                        18     -4       14
  MONTH TO DATE  310                       309      1      390
  SINCE MAR 1    310                       309      1      390
  SINCE JUL 1   4000                      3881    119     4410

 COOLING
  YESTERDAY        0                         0      0        0
  MONTH TO DATE    0                         0      0        0
  SINCE MAR 1      0                         0      0        0
  SINCE JAN 1      0                         0      0        0
..................................................................


WIND (MPH)
  HIGHEST WIND SPEED    17   HIGHEST WIND DIRECTION     S (200)
  HIGHEST GUST SPEED    20   HIGHEST GUST DIRECTION     S (190)
  AVERAGE WIND SPEED     7.3


SKY COVER
  POSSIBLE SUNSHINE  MM
  AVERAGE SKY COVER 0.0


WEATHER CONDITIONS
 THE FOLLOWING WEATHER WAS RECORDED YESTERDAY.
  NO SIGNIFICANT WEATHER WAS OBSERVED.


RELATIVE HUMIDITY (PERCENT)
 HIGHEST   100           400 AM
 LOWEST     20           300 PM
 AVERAGE    60

..........................................................


THE CHANUTE KS CLIMATE NORMALS FOR TODAY
                         NORMAL    RECORD    YEAR
 MAXIMUM TEMPERATURE (F)   58        82      2012
 MINIMUM TEMPERATURE (F)   36        17      1900


SUNRISE AND SUNSET
MARCH 16 2015.........SUNRISE   732 AM CDT   SUNSET   730 PM CDT
MARCH 17 2015.........SUNRISE   730 AM CDT   SUNSET   731 PM CDT


-  INDICATES NEGATIVE NUMBERS.
R  INDICATES RECORD WAS SET OR TIED.
MM INDICATES DATA IS MISSING.
T  INDICATES TRACE AMOUNT.




$$
