000
CDUS43 KICT 070703
CLICNU


CLIMATE REPORT
NATIONAL WEATHER SERVICE WICHITA KS
202 AM CDT THU JUL 7 2016


...................................

...THE CHANUTE KS CLIMATE SUMMARY FOR JULY 6 2016...

CLIMATE NORMAL PERIOD 1981 TO 2010
CLIMATE RECORD PERIOD 1894 TO 2016


WEATHER ITEM   OBSERVED TIME   RECORD YEAR NORMAL DEPARTURE LAST
                VALUE   (LST)  VALUE       VALUE  FROM      YEAR
                                                  NORMAL
..................................................................
TEMPERATURE (F)
 YESTERDAY
  MAXIMUM         92    509 PM 103    1980  89      3       91
  MINIMUM         69    648 AM  49    1972  69      0       71
  AVERAGE         81                        79      2       81

PRECIPITATION (IN)
  YESTERDAY       MM             3.29 2010   0.16  MM        2.60
  MONTH TO DATE    T                         0.95  -0.95     2.77
  SINCE JUN 1      3.20                      6.98  -3.78     5.14
  SINCE JAN 1     14.99                     23.38  -8.39    23.11

DEGREE DAYS
 HEATING
  YESTERDAY        0                         0      0        0
  MONTH TO DATE    0                         0      0        0
  SINCE JUN 1      0                         6     -6        0
  SINCE JUL 1      0                         0      0        0

 COOLING
  YESTERDAY       16                        14      2       16
  MONTH TO DATE   88                        82      6       84
  SINCE JUN 1    522                       374    148      475
  SINCE JAN 1    629                       507    122      584
..................................................................


WIND (MPH)
  HIGHEST WIND SPEED    35   HIGHEST WIND DIRECTION     W (260)
  HIGHEST GUST SPEED    44   HIGHEST GUST DIRECTION     W (250)
  AVERAGE WIND SPEED    10.2


SKY COVER
  POSSIBLE SUNSHINE  MM
  AVERAGE SKY COVER 0.2


WEATHER CONDITIONS
 THE FOLLOWING WEATHER WAS RECORDED YESTERDAY.
  THUNDERSTORM
  HEAVY RAIN
  RAIN
  LIGHT RAIN
  FOG
  HAZE


RELATIVE HUMIDITY (PERCENT)
 HIGHEST    97           500 AM
 LOWEST     65          1200 PM
 AVERAGE    81

..........................................................


THE CHANUTE KS CLIMATE NORMALS FOR TODAY
                         NORMAL    RECORD    YEAR
 MAXIMUM TEMPERATURE (F)   89       105      1918
 MINIMUM TEMPERATURE (F)   69        52      1915


SUNRISE AND SUNSET
JULY  7 2016..........SUNRISE   607 AM CDT   SUNSET   846 PM CDT
JULY  8 2016..........SUNRISE   608 AM CDT   SUNSET   846 PM CDT


-  INDICATES NEGATIVE NUMBERS.
R  INDICATES RECORD WAS SET OR TIED.
MM INDICATES DATA IS MISSING.
T  INDICATES TRACE AMOUNT.




$$
