000
CDUS43 KICT 290646
CLICNU


CLIMATE REPORT
NATIONAL WEATHER SERVICE WICHITA KS
146 AM CDT SUN JUN 29 2014


...................................

...THE CHANUTE KS CLIMATE SUMMARY FOR JUNE 28 2014...

CLIMATE NORMAL PERIOD 1981 TO 2010
CLIMATE RECORD PERIOD 1894 TO 2014


WEATHER ITEM   OBSERVED TIME   RECORD YEAR NORMAL DEPARTURE LAST
                VALUE   (LST)  VALUE       VALUE  FROM      YEAR
                                                  NORMAL
..................................................................
TEMPERATURE (F)
 YESTERDAY
  MAXIMUM         82   1014 AM 102    1936  88     -6       91
  MINIMUM         67    947 PM  55    1985  68     -1       64
  AVERAGE         75                        78     -3       78

PRECIPITATION (IN)
  YESTERDAY        0.92          2.65 1943   0.17   0.75     0.00
  MONTH TO DATE    8.05                      5.71   2.34     4.12
  SINCE JUN 1      8.05                      5.71   2.34     4.12
  SINCE JAN 1     17.51                     22.11  -4.60    22.68

DEGREE DAYS
 HEATING
  YESTERDAY        0                         0      0        0
  MONTH TO DATE    0                         4     -4       10
  SINCE JUN 1      0                         4     -4       10
  SINCE JUL 1   5090                      4481    609     4322

 COOLING
  YESTERDAY       10                        13     -3       13
  MONTH TO DATE  267                       267      0      299
  SINCE JUN 1    267                       267      0      299
  SINCE JAN 1    459                       400     59      422
..................................................................


WIND (MPH)
  HIGHEST WIND SPEED    35   HIGHEST WIND DIRECTION     W (280)
  HIGHEST GUST SPEED    50   HIGHEST GUST DIRECTION     W (280)
  AVERAGE WIND SPEED    12.5


SKY COVER
  POSSIBLE SUNSHINE  MM
  AVERAGE SKY COVER 0.7


WEATHER CONDITIONS
 THE FOLLOWING WEATHER WAS RECORDED YESTERDAY.
  THUNDERSTORM
  HEAVY RAIN
  RAIN
  LIGHT RAIN
  FOG


RELATIVE HUMIDITY (PERCENT)
 HIGHEST   100           700 PM
 LOWEST     74          1000 AM
 AVERAGE    87

..........................................................


THE CHANUTE KS CLIMATE NORMALS FOR TODAY
                         NORMAL    RECORD    YEAR
 MAXIMUM TEMPERATURE (F)   88       104      1952
 MINIMUM TEMPERATURE (F)   68        50      1923


SUNRISE AND SUNSET
JUNE 29 2014..........SUNRISE   603 AM CDT   SUNSET   848 PM CDT
JUNE 30 2014..........SUNRISE   604 AM CDT   SUNSET   848 PM CDT


-  INDICATES NEGATIVE NUMBERS.
R  INDICATES RECORD WAS SET OR TIED.
MM INDICATES DATA IS MISSING.
T  INDICATES TRACE AMOUNT.




$$
