000
CDUS43 KICT 140640
CLICNU


CLIMATE REPORT
NATIONAL WEATHER SERVICE WICHITA KS
1239 AM CST THU JAN 14 2016


...................................

...THE CHANUTE KS CLIMATE SUMMARY FOR JANUARY 13 2016...

CLIMATE NORMAL PERIOD 1981 TO 2010
CLIMATE RECORD PERIOD 1894 TO 2016


WEATHER ITEM   OBSERVED TIME   RECORD YEAR NORMAL DEPARTURE LAST
                VALUE   (LST)  VALUE       VALUE  FROM      YEAR
                                                  NORMAL
..................................................................
TEMPERATURE (F)
 YESTERDAY
  MAXIMUM         53    330 PM  69    1996  42     11       33
  MINIMUM         22    240 AM -11    1916  23     -1       11
  AVERAGE         38                        32      6       22

PRECIPITATION (IN)
  YESTERDAY        0.00          0.57 1923   0.03  -0.03     0.00
  MONTH TO DATE    0.68                      0.50   0.18     0.20
  SINCE DEC 1      4.23                      2.25   1.98     2.57
  SINCE JAN 1      0.68                      0.50   0.18     0.20

DEGREE DAYS
 HEATING
  YESTERDAY       27                        33     -6       43
  MONTH TO DATE  425                       429     -4      536
  SINCE DEC 1   1137                      1370   -233     1371
  SINCE JUL 1   1780                      2222   -442     2313

 COOLING
  YESTERDAY        0                         0      0        0
  MONTH TO DATE    0                         0      0        0
  SINCE DEC 1      0                         0      0        0
  SINCE JAN 1      0                         0      0        0
..................................................................


WIND (MPH)
  HIGHEST WIND SPEED    16   HIGHEST WIND DIRECTION    SE (150)
  HIGHEST GUST SPEED    19   HIGHEST GUST DIRECTION    SE (150)
  AVERAGE WIND SPEED     7.5


SKY COVER
  POSSIBLE SUNSHINE  MM
  AVERAGE SKY COVER 0.0


WEATHER CONDITIONS
 THE FOLLOWING WEATHER WAS RECORDED YESTERDAY.
  NO SIGNIFICANT WEATHER WAS OBSERVED.


RELATIVE HUMIDITY (PERCENT)
 HIGHEST    82           700 PM
 LOWEST     44           200 PM
 AVERAGE    63

..........................................................


THE CHANUTE KS CLIMATE NORMALS FOR TODAY
                         NORMAL    RECORD    YEAR
 MAXIMUM TEMPERATURE (F)   42        71      1928
 MINIMUM TEMPERATURE (F)   23        -6      1979


SUNRISE AND SUNSET
JANUARY 14 2016.......SUNRISE   736 AM CST   SUNSET   526 PM CST
JANUARY 15 2016.......SUNRISE   736 AM CST   SUNSET   527 PM CST


-  INDICATES NEGATIVE NUMBERS.
R  INDICATES RECORD WAS SET OR TIED.
MM INDICATES DATA IS MISSING.
T  INDICATES TRACE AMOUNT.




$$
