000
CDUS43 KICT 260618
CLICNU


CLIMATE REPORT
NATIONAL WEATHER SERVICE WICHITA KS
117 AM CDT TUE AUG 26 2014


...................................

...THE CHANUTE KS CLIMATE SUMMARY FOR AUGUST 25 2014...

CLIMATE NORMAL PERIOD 1981 TO 2010
CLIMATE RECORD PERIOD 1894 TO 2014


WEATHER ITEM   OBSERVED TIME   RECORD YEAR NORMAL DEPARTURE LAST
                VALUE   (LST)  VALUE       VALUE  FROM      YEAR
                                                  NORMAL
..................................................................
TEMPERATURE (F)
 YESTERDAY
  MAXIMUM        100        MM 107    1901  89     11       93
  MINIMUM         72        MM  52    1958  67      5       69
  AVERAGE         86                        78      8       81

PRECIPITATION (IN)
  YESTERDAY        0.00          4.70 2005   0.12  -0.12     0.00
  MONTH TO DATE    1.36                      3.01  -1.65     3.91
  SINCE JUN 1     11.02                     13.41  -2.39    17.06
  SINCE JAN 1     20.48                     29.81  -9.33    35.62

DEGREE DAYS
 HEATING
  YESTERDAY        0                         0      0        0
  MONTH TO DATE    0                         0      0        0
  SINCE JUN 1      1                         6     -5       10
  SINCE JUL 1      1                         0      1        0

 COOLING
  YESTERDAY       21                        13      8       16
  MONTH TO DATE  380                       359     21      293
  SINCE JUN 1    988                      1100   -112     1034
  SINCE JAN 1   1180                      1233    -53     1157
..................................................................


WIND (MPH)
  HIGHEST WIND SPEED    14   HIGHEST WIND DIRECTION     S (200)
  HIGHEST GUST SPEED    17   HIGHEST GUST DIRECTION     S (180)
  AVERAGE WIND SPEED     7.7


SKY COVER
  POSSIBLE SUNSHINE  MM
  AVERAGE SKY COVER 0.0


WEATHER CONDITIONS
 THE FOLLOWING WEATHER WAS RECORDED YESTERDAY.
  NO SIGNIFICANT WEATHER WAS OBSERVED.


RELATIVE HUMIDITY (PERCENT)
 HIGHEST    84           500 AM
 LOWEST     29           500 PM
 AVERAGE    57

..........................................................


THE CHANUTE KS CLIMATE NORMALS FOR TODAY
                         NORMAL    RECORD    YEAR
 MAXIMUM TEMPERATURE (F)   89       105      1901
 MINIMUM TEMPERATURE (F)   67        46      1910


SUNRISE AND SUNSET
AUGUST 26 2014........SUNRISE   647 AM CDT   SUNSET   800 PM CDT
AUGUST 27 2014........SUNRISE   648 AM CDT   SUNSET   758 PM CDT


-  INDICATES NEGATIVE NUMBERS.
R  INDICATES RECORD WAS SET OR TIED.
MM INDICATES DATA IS MISSING.
T  INDICATES TRACE AMOUNT.




$$
