000
CDUS43 KICT 210634
CLICNU

CLIMATE REPORT
NATIONAL WEATHER SERVICE WICHITA KS
132 AM CDT FRI OCT 21 2016

...................................

...THE CHANUTE KS CLIMATE SUMMARY FOR OCTOBER 20 2016...

CLIMATE NORMAL PERIOD 1981 TO 2010
CLIMATE RECORD PERIOD 1894 TO 2016


WEATHER ITEM   OBSERVED TIME   RECORD YEAR NORMAL DEPARTURE LAST
                VALUE   (LST)  VALUE       VALUE  FROM      YEAR
                                                  NORMAL
..................................................................
TEMPERATURE (F)
 YESTERDAY
  MAXIMUM         64    320 PM  88    1979  68     -4       82
  MINIMUM         44   1138 PM  25    2011  46     -2       59
                                      1989
  AVERAGE         54                        57     -3       71

PRECIPITATION (IN)
  YESTERDAY        T             4.78 1971   0.11  -0.11     0.00
  MONTH TO DATE    3.10                      2.58   0.52     0.59
  SINCE SEP 1     10.01                      6.25   3.76     1.88
  SINCE JAN 1     35.24                     36.74  -1.50    33.19

DEGREE DAYS
 HEATING
  YESTERDAY       11                         9      2        0
  MONTH TO DATE   59                       127    -68       71
  SINCE SEP 1     70                       173   -103       77
  SINCE JUL 1     70                       174   -104       77

 COOLING
  YESTERDAY        0                         1     -1        6
  MONTH TO DATE   60                        28     32       27
  SINCE SEP 1    321                       221    100      277
  SINCE JAN 1   1802                      1525    277     1596
..................................................................


WIND (MPH)
  HIGHEST WIND SPEED    21   HIGHEST WIND DIRECTION     N (360)
  HIGHEST GUST SPEED    28   HIGHEST GUST DIRECTION     N (360)
  AVERAGE WIND SPEED    10.3


SKY COVER
  POSSIBLE SUNSHINE  MM
  AVERAGE SKY COVER 0.2


WEATHER CONDITIONS
 THE FOLLOWING WEATHER WAS RECORDED YESTERDAY.
  LIGHT RAIN


RELATIVE HUMIDITY (PERCENT)
 HIGHEST    83          1000 PM
 LOWEST     42           500 PM
 AVERAGE    63

..........................................................


THE CHANUTE KS CLIMATE NORMALS FOR TODAY
                         NORMAL    RECORD    YEAR
 MAXIMUM TEMPERATURE (F)   68        90      1978
 MINIMUM TEMPERATURE (F)   46        25      1987


SUNRISE AND SUNSET
OCTOBER 21 2016.......SUNRISE   736 AM CDT   SUNSET   636 PM CDT
OCTOBER 22 2016.......SUNRISE   737 AM CDT   SUNSET   635 PM CDT


-  INDICATES NEGATIVE NUMBERS.
R  INDICATES RECORD WAS SET OR TIED.
MM INDICATES DATA IS MISSING.
T  INDICATES TRACE AMOUNT.

$$
