993
CDUS43 KICT 280638
CLICNU


CLIMATE REPORT
NATIONAL WEATHER SERVICE WICHITA KS
138 AM CDT SUN MAY 28 2017


...................................

...THE CHANUTE KS CLIMATE SUMMARY FOR MAY 27 2017...

CLIMATE NORMAL PERIOD 1981 TO 2010
CLIMATE RECORD PERIOD 1894 TO 2017


WEATHER ITEM   OBSERVED TIME   RECORD YEAR NORMAL DEPARTURE LAST
                VALUE   (LST)  VALUE       VALUE  FROM      YEAR
                                                  NORMAL
..................................................................
TEMPERATURE (F)
 YESTERDAY
  MAXIMUM         82    449 PM  92    1927  79      3       76
  MINIMUM         63    207 AM  44    1961  59      4       59
  AVERAGE         73                        69      4       68

PRECIPITATION (IN)
  YESTERDAY        0.00          2.30 1916   0.22  -0.22     0.98
  MONTH TO DATE    5.87                      4.93   0.94     3.82
  SINCE MAR 1     18.91                     12.37   6.54    10.70
  SINCE JAN 1     21.06                     15.53   5.53    11.78

DEGREE DAYS
 HEATING
  YESTERDAY        0                         1     -1        0
  MONTH TO DATE   65                        72     -7      119
  SINCE MAR 1    684                       902   -218      682
  SINCE JUL 1   3452                      4474  -1022     3647

 COOLING
  YESTERDAY        8                         5      3        3
  MONTH TO DATE   88                        80      8       59
  SINCE MAR 1    143                       111     32       83
  SINCE JAN 1    146                       111     35       83
..................................................................


WIND (MPH)
  HIGHEST WIND SPEED    21   HIGHEST WIND DIRECTION     N (10)
  HIGHEST GUST SPEED    29   HIGHEST GUST DIRECTION     N (10)
  AVERAGE WIND SPEED     8.4


SKY COVER
  POSSIBLE SUNSHINE  MM
  AVERAGE SKY COVER 0.5


WEATHER CONDITIONS
 THE FOLLOWING WEATHER WAS RECORDED YESTERDAY.
  THUNDERSTORM
  FOG


RELATIVE HUMIDITY (PERCENT)
 HIGHEST    93           200 AM
 LOWEST     62           400 PM
 AVERAGE    78

..........................................................


THE CHANUTE KS CLIMATE NORMALS FOR TODAY
                         NORMAL    RECORD    YEAR
 MAXIMUM TEMPERATURE (F)   79        93      2012
                                             1966
 MINIMUM TEMPERATURE (F)   59        40      1947


SUNRISE AND SUNSET
MAY 28 2017...........SUNRISE   604 AM CDT   SUNSET   835 PM CDT
MAY 29 2017...........SUNRISE   603 AM CDT   SUNSET   836 PM CDT


-  INDICATES NEGATIVE NUMBERS.
R  INDICATES RECORD WAS SET OR TIED.
MM INDICATES DATA IS MISSING.
T  INDICATES TRACE AMOUNT.




$$
