287
CDUS43 KICT 010647
CLICNU

CLIMATE REPORT
NATIONAL WEATHER SERVICE WICHITA KS
1246 AM CST SUN JAN 1 2017

...................................

...THE CHANUTE KS CLIMATE SUMMARY FOR DECEMBER 31 2016...

CLIMATE NORMAL PERIOD 1981 TO 2010
CLIMATE RECORD PERIOD 1894 TO 2016


WEATHER ITEM   OBSERVED TIME   RECORD YEAR NORMAL DEPARTURE LAST
                VALUE   (LST)  VALUE       VALUE  FROM      YEAR
                                                  NORMAL
..................................................................
TEMPERATURE (F)
 YESTERDAY
  MAXIMUM         51    323 PM  72    1951  42      9       38
  MINIMUM         26    711 AM  -6    1968  23      3       19
  AVERAGE         39                        32      7       29

PRECIPITATION (IN)
  YESTERDAY        0.00          1.00 1984   0.04  -0.04     0.00
  MONTH TO DATE    0.78                      1.75  -0.97     3.55
  SINCE DEC 1      0.78                      1.75  -0.97     3.55
  SINCE JAN 1     36.90                     42.07  -5.17    43.24

DEGREE DAYS
 HEATING
  YESTERDAY       26                        33     -7       36
  MONTH TO DATE  942                       940      2      712
  SINCE DEC 1    942                       941      1      712
  SINCE JUL 1   1420                      1793   -373     1355

 COOLING
  YESTERDAY        0                         0      0        0
  MONTH TO DATE    0                         0      0        0
  SINCE DEC 1      0                         0      0        0
  SINCE JAN 1   1846                      1532    314     1612
..................................................................


WIND (MPH)
  HIGHEST WIND SPEED    20   HIGHEST WIND DIRECTION     S (190)
  HIGHEST GUST SPEED    26   HIGHEST GUST DIRECTION     S (190)
  AVERAGE WIND SPEED     8.7


SKY COVER
  POSSIBLE SUNSHINE  MM
  AVERAGE SKY COVER 0.1


WEATHER CONDITIONS
 THE FOLLOWING WEATHER WAS RECORDED YESTERDAY.
  NO SIGNIFICANT WEATHER WAS OBSERVED.


RELATIVE HUMIDITY (PERCENT)
 HIGHEST    75           700 AM
 LOWEST     28           300 PM
 AVERAGE    52

..........................................................


THE CHANUTE KS CLIMATE NORMALS FOR TODAY
                         NORMAL    RECORD    YEAR
 MAXIMUM TEMPERATURE (F)   42        73      2006
 MINIMUM TEMPERATURE (F)   23        -8      1974


SUNRISE AND SUNSET
JANUARY  1 2017.......SUNRISE   737 AM CST   SUNSET   514 PM CST
JANUARY  2 2017.......SUNRISE   737 AM CST   SUNSET   515 PM CST


-  INDICATES NEGATIVE NUMBERS.
R  INDICATES RECORD WAS SET OR TIED.
MM INDICATES DATA IS MISSING.
T  INDICATES TRACE AMOUNT.

$$
