000
CDUS43 KICT 030658
CLICNU


CLIMATE REPORT
NATIONAL WEATHER SERVICE WICHITA KS
1258 AM CST SAT JAN 3 2015


...................................

...THE CHANUTE KS CLIMATE SUMMARY FOR JANUARY 2 2015...

CLIMATE NORMAL PERIOD 1981 TO 2010
CLIMATE RECORD PERIOD 1894 TO 2015


WEATHER ITEM   OBSERVED TIME   RECORD YEAR NORMAL DEPARTURE LAST
                VALUE   (LST)  VALUE       VALUE  FROM      YEAR
                                                  NORMAL
..................................................................
TEMPERATURE (F)
 YESTERDAY
  MAXIMUM         34    502 PM  71    1997  42     -8       22
  MINIMUM         28   1201 AM -11    2001  23      5        4
  AVERAGE         31                        32     -1       13

PRECIPITATION (IN)
  YESTERDAY        0.01          0.96 1951   0.04  -0.03     0.00
  MONTH TO DATE    0.02                      0.08  -0.06     0.08
  SINCE DEC 1      2.39                      1.83   0.56     0.24
  SINCE JAN 1      0.02                      0.08  -0.06     0.08

DEGREE DAYS
 HEATING
  YESTERDAY       34                        33      1       52
  MONTH TO DATE   75                        66      9       90
  SINCE DEC 1    910                      1007    -97     1123
  SINCE JUL 1   1852                      1859     -7     2043

 COOLING
  YESTERDAY        0                         0      0        0
  MONTH TO DATE    0                         0      0        0
  SINCE DEC 1      0                         0      0        0
  SINCE JAN 1      0                         0      0        0
..................................................................


WIND (MPH)
  HIGHEST WIND SPEED    10   HIGHEST WIND DIRECTION     S (160)
  HIGHEST GUST SPEED    13   HIGHEST GUST DIRECTION     S (160)
  AVERAGE WIND SPEED     3.9


SKY COVER
  POSSIBLE SUNSHINE  MM
  AVERAGE SKY COVER 1.0


WEATHER CONDITIONS
 THE FOLLOWING WEATHER WAS RECORDED YESTERDAY.
  LIGHT RAIN
  FOG


RELATIVE HUMIDITY (PERCENT)
 HIGHEST   100           200 AM
 LOWEST     89          1200 PM
 AVERAGE    95

..........................................................


THE CHANUTE KS CLIMATE NORMALS FOR TODAY
                         NORMAL    RECORD    YEAR
 MAXIMUM TEMPERATURE (F)   42        71      1997
 MINIMUM TEMPERATURE (F)   23       -11      1928


SUNRISE AND SUNSET
JANUARY  3 2015.......SUNRISE   737 AM CST   SUNSET   516 PM CST
JANUARY  4 2015.......SUNRISE   737 AM CST   SUNSET   517 PM CST


-  INDICATES NEGATIVE NUMBERS.
R  INDICATES RECORD WAS SET OR TIED.
MM INDICATES DATA IS MISSING.
T  INDICATES TRACE AMOUNT.




$$

JMBW
