000
CDUS43 KICT 090630
CLICNU


CLIMATE REPORT
NATIONAL WEATHER SERVICE WICHITA KS
129 AM CDT THU JUN 9 2016


...................................

...THE CHANUTE KS CLIMATE SUMMARY FOR JUNE 8 2016...

CLIMATE NORMAL PERIOD 1981 TO 2010
CLIMATE RECORD PERIOD 1894 TO 2016


WEATHER ITEM   OBSERVED TIME   RECORD YEAR NORMAL DEPARTURE LAST
                VALUE   (LST)  VALUE       VALUE  FROM      YEAR
                                                  NORMAL
..................................................................
TEMPERATURE (F)
 YESTERDAY
  MAXIMUM         89    401 PM 102    1911  82      7       88
  MINIMUM         63    544 AM  45    1930  63      0       67
  AVERAGE         76                        72      4       78

PRECIPITATION (IN)
  YESTERDAY        0.00          4.86 1984   0.23  -0.23      T
  MONTH TO DATE    0.51                      1.89  -1.38     0.13
  SINCE JUN 1      0.51                      1.89  -1.38     0.13
  SINCE JAN 1     12.30                     18.29  -5.99    18.10

DEGREE DAYS
 HEATING
  YESTERDAY        0                         0      0        0
  MONTH TO DATE    0                         4     -4        0
  SINCE JUN 1      0                         4     -4        0
  SINCE JUL 1   3647                      4481   -834     4455

 COOLING
  YESTERDAY       11                         8      3       13
  MONTH TO DATE   63                        56      7       88
  SINCE JUN 1     63                        56      7       88
  SINCE JAN 1    170                       189    -19      197
..................................................................


WIND (MPH)
  HIGHEST WIND SPEED    16   HIGHEST WIND DIRECTION     S (170)
  HIGHEST GUST SPEED    23   HIGHEST GUST DIRECTION    SE (120)
  AVERAGE WIND SPEED     9.0


SKY COVER
  POSSIBLE SUNSHINE  MM
  AVERAGE SKY COVER 0.0


WEATHER CONDITIONS
 THE FOLLOWING WEATHER WAS RECORDED YESTERDAY.
  NO SIGNIFICANT WEATHER WAS OBSERVED.


RELATIVE HUMIDITY (PERCENT)
 HIGHEST    84           200 AM
 LOWEST     46           200 PM
 AVERAGE    65

..........................................................


THE CHANUTE KS CLIMATE NORMALS FOR TODAY
                         NORMAL    RECORD    YEAR
 MAXIMUM TEMPERATURE (F)   83       100      1911
 MINIMUM TEMPERATURE (F)   63        50      2007


SUNRISE AND SUNSET
JUNE  9 2016..........SUNRISE   600 AM CDT   SUNSET   843 PM CDT
JUNE 10 2016..........SUNRISE   600 AM CDT   SUNSET   843 PM CDT


-  INDICATES NEGATIVE NUMBERS.
R  INDICATES RECORD WAS SET OR TIED.
MM INDICATES DATA IS MISSING.
T  INDICATES TRACE AMOUNT.




$$
