529
CDUS43 KICT 010628
CLICNU


CLIMATE REPORT
NATIONAL WEATHER SERVICE WICHITA KS
127 AM CDT THU JUN 1 2017


...................................

...THE CHANUTE KS CLIMATE SUMMARY FOR MAY 31 2017...

CLIMATE NORMAL PERIOD 1981 TO 2010
CLIMATE RECORD PERIOD 1894 TO 2017


WEATHER ITEM   OBSERVED TIME   RECORD YEAR NORMAL DEPARTURE LAST
                VALUE   (LST)  VALUE       VALUE  FROM      YEAR
                                                  NORMAL
..................................................................
TEMPERATURE (F)
 YESTERDAY
  MAXIMUM         82   1043 AM  99    1934  80      2       81
  MINIMUM         61   1058 PM  42    1930  60      1       59
  AVERAGE         72                        70      2       70

PRECIPITATION (IN)
  YESTERDAY        0.02          4.00 1928   0.21  -0.19     0.01
  MONTH TO DATE    5.89                      5.80   0.09     3.83
  SINCE MAR 1     18.93                     13.24   5.69    10.71
  SINCE JAN 1     21.08                     16.40   4.68    11.79

DEGREE DAYS
 HEATING
  YESTERDAY        0                         1     -1        0
  MONTH TO DATE   65                        76    -11      119
  SINCE MAR 1    684                       905   -221      682
  SINCE JUL 1   3452                      4477  -1025     3647

 COOLING
  YESTERDAY        7                         6      1        5
  MONTH TO DATE  109                       102      7       83
  SINCE MAR 1    164                       133     31      107
  SINCE JAN 1    167                       133     34      107
..................................................................


WIND (MPH)
  HIGHEST WIND SPEED    17   HIGHEST WIND DIRECTION     S (160)
  HIGHEST GUST SPEED    23   HIGHEST GUST DIRECTION    NE (50)
  AVERAGE WIND SPEED     7.9


SKY COVER
  POSSIBLE SUNSHINE  MM
  AVERAGE SKY COVER 0.2


WEATHER CONDITIONS
 THE FOLLOWING WEATHER WAS RECORDED YESTERDAY.
  THUNDERSTORM
  LIGHT RAIN


RELATIVE HUMIDITY (PERCENT)
 HIGHEST    90           400 AM
 LOWEST     51          1100 AM
 AVERAGE    71

..........................................................


THE CHANUTE KS CLIMATE NORMALS FOR TODAY
                         NORMAL    RECORD    YEAR
 MAXIMUM TEMPERATURE (F)   80        97      1934
 MINIMUM TEMPERATURE (F)   61        45      2001


SUNRISE AND SUNSET
JUNE  1 2017..........SUNRISE   602 AM CDT   SUNSET   838 PM CDT
JUNE  2 2017..........SUNRISE   602 AM CDT   SUNSET   839 PM CDT


-  INDICATES NEGATIVE NUMBERS.
R  INDICATES RECORD WAS SET OR TIED.
MM INDICATES DATA IS MISSING.
T  INDICATES TRACE AMOUNT.




$$
