000
CDUS43 KICT 260620
CLICNU


CLIMATE REPORT
NATIONAL WEATHER SERVICE WICHITA KS
119 AM CDT FRI SEP 26 2014


...................................

...THE CHANUTE KS CLIMATE SUMMARY FOR SEPTEMBER 25 2014...

CLIMATE NORMAL PERIOD 1981 TO 2010
CLIMATE RECORD PERIOD 1894 TO 2014


WEATHER ITEM   OBSERVED TIME   RECORD YEAR NORMAL DEPARTURE LAST
                VALUE   (LST)  VALUE       VALUE  FROM      YEAR
                                                  NORMAL
..................................................................
TEMPERATURE (F)
 YESTERDAY
  MAXIMUM         81    253 PM  95    1939  77      4       82
  MINIMUM         59   1156 PM  37    1989  55      4       54
  AVERAGE         70                        66      4       68

PRECIPITATION (IN)
  YESTERDAY        0.00          2.28 2012   0.14  -0.14     0.00
  MONTH TO DATE    3.10                      2.98   0.12     2.17
  SINCE SEP 1      3.10                      2.98   0.12     2.17
  SINCE JAN 1     23.58                     33.47  -9.89    37.79

DEGREE DAYS
 HEATING
  YESTERDAY        0                         3     -3        0
  MONTH TO DATE   30                        28      2        4
  SINCE SEP 1     30                        28      2        4
  SINCE JUL 1     31                        29      2        4

 COOLING
  YESTERDAY        5                         4      1        3
  MONTH TO DATE  164                       179    -15      232
  SINCE SEP 1    164                       179    -15      232
  SINCE JAN 1   1452                      1483    -31     1499
..................................................................


WIND (MPH)
  HIGHEST WIND SPEED    14   HIGHEST WIND DIRECTION     S (180)
  HIGHEST GUST SPEED    19   HIGHEST GUST DIRECTION     S (180)
  AVERAGE WIND SPEED     6.9


SKY COVER
  POSSIBLE SUNSHINE  MM
  AVERAGE SKY COVER 0.4


WEATHER CONDITIONS
 THE FOLLOWING WEATHER WAS RECORDED YESTERDAY.
  NO SIGNIFICANT WEATHER WAS OBSERVED.


RELATIVE HUMIDITY (PERCENT)
 HIGHEST    90          1000 PM
 LOWEST     45           200 PM
 AVERAGE    68

..........................................................


THE CHANUTE KS CLIMATE NORMALS FOR TODAY
                         NORMAL    RECORD    YEAR
 MAXIMUM TEMPERATURE (F)   76        94      1938
 MINIMUM TEMPERATURE (F)   54        32      1912


SUNRISE AND SUNSET
SEPTEMBER 26 2014.....SUNRISE   713 AM CDT   SUNSET   713 PM CDT
SEPTEMBER 27 2014.....SUNRISE   714 AM CDT   SUNSET   711 PM CDT


-  INDICATES NEGATIVE NUMBERS.
R  INDICATES RECORD WAS SET OR TIED.
MM INDICATES DATA IS MISSING.
T  INDICATES TRACE AMOUNT.




$$
