000
CDUS43 KICT 050702
CLICNU


CLIMATE REPORT
NATIONAL WEATHER SERVICE WICHITA KS
1256 AM CST THU MAR 5 2015


...................................

...THE CHANUTE KS CLIMATE SUMMARY FOR MARCH 4 2015...

CLIMATE NORMAL PERIOD 1981 TO 2010
CLIMATE RECORD PERIOD 1894 TO 2015


WEATHER ITEM   OBSERVED TIME   RECORD YEAR NORMAL DEPARTURE LAST
                VALUE   (LST)  VALUE       VALUE  FROM      YEAR
                                                  NORMAL
..................................................................
TEMPERATURE (F)
 YESTERDAY
  MAXIMUM         34   1236 AM  81    1938  54    -20       40
  MINIMUM         20    824 AM  -3    2002  32    -12       11
  AVERAGE         27                        43    -16       26

PRECIPITATION (IN)
  YESTERDAY       MM             2.87 1985   0.10  MM        0.00
  MONTH TO DATE    T                         0.36  -0.36     0.01
  SINCE MAR 1      T                         0.36  -0.36     0.01
  SINCE JAN 1      1.31                      3.52  -2.21     0.98

DEGREE DAYS
 HEATING
  YESTERDAY       38                        22     16       39
  MONTH TO DATE  138                        90     48      181
  SINCE MAR 1    138                        90     48      181
  SINCE JUL 1   3828                      3662    166     4201

 COOLING
  YESTERDAY        0                         0      0        0
  MONTH TO DATE    0                         0      0        0
  SINCE MAR 1      0                         0      0        0
  SINCE JAN 1      0                         0      0        0
..................................................................


WIND (MPH)
  HIGHEST WIND SPEED    26   HIGHEST WIND DIRECTION     N (360)
  HIGHEST GUST SPEED    35   HIGHEST GUST DIRECTION     N (360)
  AVERAGE WIND SPEED    13.2


SKY COVER
  POSSIBLE SUNSHINE  MM
  AVERAGE SKY COVER 0.7


WEATHER CONDITIONS
 THE FOLLOWING WEATHER WAS RECORDED YESTERDAY.
  LIGHT SNOW
  FOG


RELATIVE HUMIDITY (PERCENT)
 HIGHEST    84           800 AM
 LOWEST     42           700 PM
 AVERAGE    63

..........................................................


THE CHANUTE KS CLIMATE NORMALS FOR TODAY
                         NORMAL    RECORD    YEAR
 MAXIMUM TEMPERATURE (F)   54        86      1956
 MINIMUM TEMPERATURE (F)   33         4      1960


SUNRISE AND SUNSET
MARCH  5 2015.........SUNRISE   648 AM CST   SUNSET   619 PM CST
MARCH  6 2015.........SUNRISE   647 AM CST   SUNSET   620 PM CST


-  INDICATES NEGATIVE NUMBERS.
R  INDICATES RECORD WAS SET OR TIED.
MM INDICATES DATA IS MISSING.
T  INDICATES TRACE AMOUNT.




$$
