000
CDUS43 KMPX 090758
CLIEAU


CLIMATE REPORT
NATIONAL WEATHER SERVICE CHANHASSEN MN
257 AM CDT WED JUL 9 2014


...................................

...THE EAU CLAIRE WI CLIMATE SUMMARY FOR JULY 8 2014...

CLIMATE NORMAL PERIOD 1981 TO 2010
CLIMATE RECORD PERIOD 1893 TO 2014


WEATHER ITEM   OBSERVED TIME   RECORD YEAR NORMAL DEPARTURE LAST
                VALUE   (LST)  VALUE       VALUE  FROM      YEAR
                                                  NORMAL
..................................................................
TEMPERATURE (F)
 YESTERDAY
  MAXIMUM         76    434 PM 103    1936  83     -7       87
  MINIMUM         62   1038 PM  46    1961  60      2       67
                                      1958
                                      1895
  AVERAGE         69                        72     -3       77

PRECIPITATION (IN)
  YESTERDAY        T             4.09 1959   0.13  -0.13     0.00
  MONTH TO DATE    1.00                      1.01  -0.01      T
  SINCE JUN 1     10.84                      5.14   5.70     5.86
  SINCE JAN 1     24.94                     14.78  10.16    25.91

SNOWFALL (IN)
  YESTERDAY        0.0           0.0    MM   0.0    0.0      0.0
  MONTH TO DATE    0.0                       0.0    0.0      0.0
  SINCE JUN 1      0.0                       0.0    0.0      0.0
  SINCE JUL 1      0.0                       0.0    0.0      0.0
  SNOW DEPTH       0

DEGREE DAYS
 HEATING
  YESTERDAY        0                         0      0        0
  MONTH TO DATE    6                         2      4        0
  SINCE JUN 1     31                        64    -33       63
  SINCE JUL 1      6                         2      4        0

 COOLING
  YESTERDAY        4                         7     -3       12
  MONTH TO DATE   36                        55    -19       70
  SINCE JUN 1    170                       175     -5      160
  SINCE JAN 1    205                       207     -2      192
..................................................................


WIND (MPH)
  HIGHEST WIND SPEED    22   HIGHEST WIND DIRECTION    NW (320)
  HIGHEST GUST SPEED    30   HIGHEST GUST DIRECTION    NW (300)
  AVERAGE WIND SPEED     9.9


SKY COVER
  POSSIBLE SUNSHINE  MM
  AVERAGE SKY COVER 0.6


WEATHER CONDITIONS
 THE FOLLOWING WEATHER WAS RECORDED YESTERDAY.
  LIGHT RAIN


RELATIVE HUMIDITY (PERCENT)
 HIGHEST   100          1200 AM
 LOWEST     46           300 PM
 AVERAGE    73

..........................................................


THE EAU CLAIRE WI CLIMATE NORMALS FOR TODAY
                         NORMAL    RECORD    YEAR
 MAXIMUM TEMPERATURE (F)   83       104      1936
 MINIMUM TEMPERATURE (F)   60        41      1895


SUNRISE AND SUNSET
JULY  9 2014..........SUNRISE   529 AM CDT   SUNSET   853 PM CDT
JULY 10 2014..........SUNRISE   530 AM CDT   SUNSET   852 PM CDT


-  INDICATES NEGATIVE NUMBERS.
R  INDICATES RECORD WAS SET OR TIED.
MM INDICATES DATA IS MISSING.
T  INDICATES TRACE AMOUNT.




$$
