379
CDUS43 KMPX 230058
CLIEAU


CLIMATE REPORT
NATIONAL WEATHER SERVICE CHANHASSEN MN
758 PM CDT MON AUG 22 2016


...................................

...THE EAU CLAIRE WI CLIMATE SUMMARY FOR AUGUST 22 2016...
VALID TODAY AS OF 0700 PM LOCAL TIME.

CLIMATE NORMAL PERIOD 1981 TO 2010
CLIMATE RECORD PERIOD 1893 TO 2016


WEATHER ITEM   OBSERVED TIME   RECORD YEAR NORMAL DEPARTURE LAST
                VALUE   (LST)  VALUE       VALUE  FROM      YEAR
                                                  NORMAL
..................................................................
TEMPERATURE (F)
 TODAY
  MAXIMUM         81    412 PM  97    1947  80      1       81
                                      1948
  MINIMUM         51    323 AM  37    1950  58     -7       62
                                      1958
  AVERAGE         66                        69     -3       72

PRECIPITATION (IN)
  TODAY            0.00          1.76 1900   0.15  -0.15     0.10
  MONTH TO DATE    4.52                      3.29   1.23     6.96
  SINCE JUN 1     14.32                     11.30   3.02    17.88
  SINCE JAN 1     26.51                     20.94   5.57    27.33

SNOWFALL (IN)
  TODAY            0.0           0.0    MM   0.0    0.0      0.0
  MONTH TO DATE    0.0                       0.0    0.0      0.0
  SINCE JUN 1      0.0                       0.0    0.0      0.0
  SINCE JUL 1      0.0                       0.0    0.0      0.0
  SNOW DEPTH       0

DEGREE DAYS
 HEATING
  TODAY            0                         1     -1        0
  MONTH TO DATE    3                        17    -14        9
  SINCE JUN 1     39                        90    -51       53
  SINCE JUL 1      7                        28    -21       25

 COOLING
  TODAY            1                         5     -4        7
  MONTH TO DATE  159                       124     35      116
  SINCE JUN 1    506                       458     48      378
  SINCE JAN 1    546                       490     56      396
..................................................................


WIND (MPH)
  HIGHEST WIND SPEED    25   HIGHEST WIND DIRECTION     S (200)
  HIGHEST GUST SPEED    32   HIGHEST GUST DIRECTION     S (200)
  AVERAGE WIND SPEED    10.6


SKY COVER
  POSSIBLE SUNSHINE  MM
  AVERAGE SKY COVER 0.0


WEATHER CONDITIONS
 THE FOLLOWING WEATHER WAS RECORDED TODAY.
  NO SIGNIFICANT WEATHER WAS OBSERVED.


RELATIVE HUMIDITY (PERCENT)
 HIGHEST   100          1200 AM
 LOWEST     45           400 PM
 AVERAGE    73

..........................................................


THE EAU CLAIRE WI CLIMATE NORMALS FOR TOMORROW
                         NORMAL    RECORD    YEAR
 MAXIMUM TEMPERATURE (F)   79       102      1948
 MINIMUM TEMPERATURE (F)   58        41      1920


SUNRISE AND SUNSET
AUGUST 22 2016........SUNRISE   617 AM CDT   SUNSET   800 PM CDT
AUGUST 23 2016........SUNRISE   618 AM CDT   SUNSET   758 PM CDT


-  INDICATES NEGATIVE NUMBERS.
R  INDICATES RECORD WAS SET OR TIED.
MM INDICATES DATA IS MISSING.
T  INDICATES TRACE AMOUNT.




$$
