000
CDUS43 KMPX 260629
CLIEAU


CLIMATE REPORT
NATIONAL WEATHER SERVICE CHANHASSEN MN
1229 AM CST MON JAN 26 2015


...................................

...THE EAU CLAIRE WI CLIMATE SUMMARY FOR JANUARY 25 2015...

CLIMATE NORMAL PERIOD 1981 TO 2010
CLIMATE RECORD PERIOD 1893 TO 2015


WEATHER ITEM   OBSERVED TIME   RECORD YEAR NORMAL DEPARTURE LAST
                VALUE   (LST)  VALUE       VALUE  FROM      YEAR
                                                  NORMAL
..................................................................
TEMPERATURE (F)
 YESTERDAY
  MAXIMUM         34   1218 AM  55    1944  24     10       25
  MINIMUM         16   1157 PM -33    1904   5     11        1
  AVERAGE         25                        14     11       13

PRECIPITATION (IN)
  YESTERDAY        0.00          0.60 2013   0.03  -0.03     0.01
  MONTH TO DATE    0.26                      0.72  -0.46     1.14
  SINCE DEC 1      0.94                      1.72  -0.78     2.67
  SINCE JAN 1      0.26                      0.72  -0.46     1.14

SNOWFALL (IN)
  YESTERDAY        0.0           5.2  1998   0.5   -0.5      0.2
  MONTH TO DATE    4.9                      10.7   -5.8     14.1
  SINCE DEC 1     11.2                      20.2   -9.0     33.1
  SINCE JUL 1     25.4                      26.5   -1.1     35.3
  SNOW DEPTH       2

DEGREE DAYS
 HEATING
  YESTERDAY       40                        51    -11       52
  MONTH TO DATE 1259                      1270    -11     1447
  SINCE DEC 1   2539                      2700   -161     3112
  SINCE JUL 1   4511                      4446     65     4857

 COOLING
  YESTERDAY        0                         0      0        0
  MONTH TO DATE    0                         0      0        0
  SINCE DEC 1      0                         0      0        0
  SINCE JAN 1      0                         0      0        0
..................................................................


WIND (MPH)
  HIGHEST WIND SPEED    20   HIGHEST WIND DIRECTION    NE (40)
  HIGHEST GUST SPEED    24   HIGHEST GUST DIRECTION    NE (50)
  AVERAGE WIND SPEED     8.1


SKY COVER
  POSSIBLE SUNSHINE  MM
  AVERAGE SKY COVER 0.7


WEATHER CONDITIONS
 THE FOLLOWING WEATHER WAS RECORDED YESTERDAY.
  NO SIGNIFICANT WEATHER WAS OBSERVED.


RELATIVE HUMIDITY (PERCENT)
 HIGHEST    75          1200 AM
 LOWEST     55           200 PM
 AVERAGE    65

..........................................................


THE EAU CLAIRE WI CLIMATE NORMALS FOR TODAY
                         NORMAL    RECORD    YEAR
 MAXIMUM TEMPERATURE (F)   24        55      1944
 MINIMUM TEMPERATURE (F)    5       -27      1917


SUNRISE AND SUNSET
JANUARY 26 2015.......SUNRISE   732 AM CST   SUNSET   505 PM CST
JANUARY 27 2015.......SUNRISE   731 AM CST   SUNSET   507 PM CST


-  INDICATES NEGATIVE NUMBERS.
R  INDICATES RECORD WAS SET OR TIED.
MM INDICATES DATA IS MISSING.
T  INDICATES TRACE AMOUNT.




$$
