000
CDUS43 KMPX 202208
CLIEAU


CLIMATE REPORT
NATIONAL WEATHER SERVICE CHANHASSEN MN
508 PM CDT FRI MAY 20 2016


...................................

...THE EAU CLAIRE WI CLIMATE SUMMARY FOR MAY 20 2016...
VALID AS OF 0500 PM LOCAL TIME.

CLIMATE NORMAL PERIOD 1981 TO 2010
CLIMATE RECORD PERIOD 1893 TO 2016


WEATHER ITEM   OBSERVED TIME   RECORD YEAR NORMAL DEPARTURE LAST
                VALUE   (LST)  VALUE       VALUE  FROM      YEAR
                                                  NORMAL
..................................................................
TEMPERATURE (F)
 TODAY
  MAXIMUM         76    257 PM  94    1934  71      5       61
  MINIMUM         40    447 AM  27    2002  47     -7       30
  AVERAGE         58                        59     -1       46

PRECIPITATION (IN)
  TODAY            0.00          1.04 1913   0.11  -0.11     0.00
  MONTH TO DATE    0.97                      2.18  -1.21     2.55
  SINCE MAR 1      8.19                      6.66   1.53     6.02
  SINCE JAN 1      9.35                      8.36   0.99     6.61

SNOWFALL (IN)
  TODAY            0.0           T    1915   0.0    0.0      0.0
  MONTH TO DATE    0.0                       0.2   -0.2      0.0
  SINCE MAR 1     13.9                      10.7    3.2      7.3
  SINCE JUL 1     38.0                      47.0   -9.0     38.1
  SNOW DEPTH       0

DEGREE DAYS
 HEATING
  TODAY            7                         7      0       19
  MONTH TO DATE  243                       192     51      179
  SINCE MAR 1   1631                      1812   -181     1690
  SINCE JUL 1   6809                      7832  -1023     8043

 COOLING
  TODAY            0                         1     -1        0
  MONTH TO DATE    3                        14    -11       10
  SINCE MAR 1      7                        18    -11       10
  SINCE JAN 1      7                        18    -11       10
..................................................................


WIND (MPH)
  HIGHEST WIND SPEED    15   HIGHEST WIND DIRECTION     S (160)
  HIGHEST GUST SPEED    20   HIGHEST GUST DIRECTION     S (190)
  AVERAGE WIND SPEED     4.6


SKY COVER
  POSSIBLE SUNSHINE  MM
  AVERAGE SKY COVER 0.1


WEATHER CONDITIONS
 THE FOLLOWING WEATHER WAS RECORDED TODAY.
  NO SIGNIFICANT WEATHER WAS OBSERVED.


RELATIVE HUMIDITY (PERCENT)
 HIGHEST    96           400 AM
 LOWEST     23           200 PM
 AVERAGE    60

..........................................................


THE EAU CLAIRE WI CLIMATE NORMALS FOR TOMORROW
                         NORMAL    RECORD    YEAR
 MAXIMUM TEMPERATURE (F)   71        89      1994
                                             1992
                                             1988
 MINIMUM TEMPERATURE (F)   47        31      1997
                                             1895


SUNRISE AND SUNSET
MAY 20 2016...........SUNRISE   532 AM CDT   SUNSET   834 PM CDT
MAY 21 2016...........SUNRISE   531 AM CDT   SUNSET   835 PM CDT


-  INDICATES NEGATIVE NUMBERS.
R  INDICATES RECORD WAS SET OR TIED.
MM INDICATES DATA IS MISSING.
T  INDICATES TRACE AMOUNT.




$$
