000
CDUS43 KMPX 182128
CLIEAU


CLIMATE REPORT
NATIONAL WEATHER SERVICE CHANHASSEN MN
428 PM CDT SUN JUN 18 2017


...................................

...THE EAU CLAIRE WI CLIMATE SUMMARY FOR JUNE 18 2017...
VALID TODAY AS OF 0400 PM LOCAL TIME.

CLIMATE NORMAL PERIOD 1981 TO 2010
CLIMATE RECORD PERIOD 1893 TO 2017


WEATHER ITEM   OBSERVED TIME   RECORD YEAR NORMAL DEPARTURE LAST
                VALUE   (LST)  VALUE       VALUE  FROM      YEAR
                                                  NORMAL
..................................................................
TEMPERATURE (F)
 TODAY
  MAXIMUM         71    153 PM  96    1995  80     -9       87
  MINIMUM         59    358 AM  44    1999  56      3       63
                                      1912
  AVERAGE         65                        68     -3       75

PRECIPITATION (IN)
  TODAY            0.70          4.74 2011   0.14   0.56     0.00
  MONTH TO DATE    4.27                      2.48   1.79     3.20
  SINCE JUN 1      4.27                      2.48   1.79     3.20
  SINCE JAN 1     18.77                     12.12   6.65    15.39

SNOWFALL (IN)
  TODAY            0.0           0.0    MM   0.0    0.0      0.0
  MONTH TO DATE    0.0                       0.0    0.0      0.0
  SINCE JUN 1      0.0                       0.0    0.0      0.0
  SINCE JUL 1     54.5                      46.8    7.7     38.0
  SNOW DEPTH       0

DEGREE DAYS
 HEATING
  TODAY            0                         1     -1        0
  MONTH TO DATE    7                        50    -43       29
  SINCE JUN 1      7                        50    -43       29
  SINCE JUL 1   6976                      7947   -971     6840

 COOLING
  TODAY            0                         4     -4       10
  MONTH TO DATE   96                        53     43       66
  SINCE JUN 1     96                        53     43       66
  SINCE JAN 1    104                        85     19      106
..................................................................


WIND (MPH)
  HIGHEST WIND SPEED    21   HIGHEST WIND DIRECTION    NW (300)
  HIGHEST GUST SPEED    26   HIGHEST GUST DIRECTION     W (290)
  AVERAGE WIND SPEED    12.2


SKY COVER
  POSSIBLE SUNSHINE  MM
  AVERAGE SKY COVER 0.8


WEATHER CONDITIONS
 THE FOLLOWING WEATHER WAS RECORDED TODAY.
  HEAVY RAIN
  RAIN
  LIGHT RAIN
  FOG


RELATIVE HUMIDITY (PERCENT)
 HIGHEST    97           100 AM
 LOWEST     57          1200 PM
 AVERAGE    77

..........................................................


THE EAU CLAIRE WI CLIMATE NORMALS FOR TOMORROW
                         NORMAL    RECORD    YEAR
 MAXIMUM TEMPERATURE (F)   80        97      1933
 MINIMUM TEMPERATURE (F)   57        40      2004


SUNRISE AND SUNSET
JUNE 18 2017..........SUNRISE   519 AM CDT   SUNSET   855 PM CDT
JUNE 19 2017..........SUNRISE   519 AM CDT   SUNSET   855 PM CDT


-  INDICATES NEGATIVE NUMBERS.
R  INDICATES RECORD WAS SET OR TIED.
MM INDICATES DATA IS MISSING.
T  INDICATES TRACE AMOUNT.




$$
