000
CDUS43 KMPX 180631
CLIEAU


CLIMATE REPORT
NATIONAL WEATHER SERVICE CHANHASSEN MN
1230 AM CST SAT FEB 18 2017


...................................

...THE EAU CLAIRE WI CLIMATE SUMMARY FOR FEBRUARY 17 2017...

CLIMATE NORMAL PERIOD 1981 TO 2010
CLIMATE RECORD PERIOD 1893 TO 2017


WEATHER ITEM   OBSERVED TIME   RECORD YEAR NORMAL DEPARTURE LAST
                VALUE   (LST)  VALUE       VALUE  FROM      YEAR
                                                  NORMAL
..................................................................
TEMPERATURE (F)
 YESTERDAY
  MAXIMUM         53    410 PM  55    1981  30     23       29
  MINIMUM         24    715 AM -24    1903  11     13        1
  AVERAGE         39                        20     19       15

PRECIPITATION (IN)
  YESTERDAY        0.00          0.50 1932   0.03  -0.03     0.00
  MONTH TO DATE    0.01                      0.46  -0.45     0.46
  SINCE DEC 1      4.46                      2.35   2.11     4.72
  SINCE JAN 1      2.36                      1.35   1.01     0.88

SNOWFALL (IN)
  YESTERDAY        0.0           6.0  1932   0.2   -0.2      0.0
  MONTH TO DATE    T                         4.6   -4.6      7.9
  SINCE DEC 1     36.5                      27.3    9.2     22.5
  SINCE JUL 1     38.2                      33.6    4.6     23.9
  SNOW DEPTH       1

DEGREE DAYS
 HEATING
  YESTERDAY       26                        45    -19       50
  MONTH TO DATE  724                       807    -83      858
  SINCE DEC 1   3589                      3805   -216     3427
  SINCE JUL 1   4798                      5551   -753     4789

 COOLING
  YESTERDAY        0                         0      0        0
  MONTH TO DATE    0                         0      0        0
  SINCE DEC 1      0                         0      0        0
  SINCE JAN 1      0                         0      0        0
..................................................................


WIND (MPH)
  HIGHEST WIND SPEED    12   HIGHEST WIND DIRECTION    SW (240)
  HIGHEST GUST SPEED    14   HIGHEST GUST DIRECTION     S (180)
  AVERAGE WIND SPEED     5.7


SKY COVER
  POSSIBLE SUNSHINE  MM
  AVERAGE SKY COVER 0.0


WEATHER CONDITIONS
 THE FOLLOWING WEATHER WAS RECORDED YESTERDAY.
  NO SIGNIFICANT WEATHER WAS OBSERVED.


RELATIVE HUMIDITY (PERCENT)
 HIGHEST    82          1000 PM
 LOWEST     41           400 PM
 AVERAGE    62

..........................................................


THE EAU CLAIRE WI CLIMATE NORMALS FOR TODAY
                         NORMAL    RECORD    YEAR
 MAXIMUM TEMPERATURE (F)   30        59      1981
 MINIMUM TEMPERATURE (F)   11       -22      1903


SUNRISE AND SUNSET
FEBRUARY 18 2017......SUNRISE   701 AM CST   SUNSET   539 PM CST
FEBRUARY 19 2017......SUNRISE   700 AM CST   SUNSET   540 PM CST


-  INDICATES NEGATIVE NUMBERS.
R  INDICATES RECORD WAS SET OR TIED.
MM INDICATES DATA IS MISSING.
T  INDICATES TRACE AMOUNT.




$$
