000
CDUS43 KMPX 270043
CLIEAU


CLIMATE REPORT
NATIONAL WEATHER SERVICE CHANHASSEN MN
742 PM CDT FRI SEP 26 2014


...................................

...THE EAU CLAIRE WI CLIMATE SUMMARY FOR SEPTEMBER 26 2014...
VALID TODAY AS OF 0700 PM LOCAL TIME.

CLIMATE NORMAL PERIOD 1981 TO 2010
CLIMATE RECORD PERIOD 1893 TO 2014


WEATHER ITEM   OBSERVED TIME   RECORD YEAR NORMAL DEPARTURE LAST
                VALUE   (LST)  VALUE       VALUE  FROM      YEAR
                                                  NORMAL
..................................................................
TEMPERATURE (F)
 TODAY
  MAXIMUM         79    307 PM  86    1986  67     12       77
  MINIMUM         49    356 AM  28    1926  44      5       48
                                      1965
                                      1984
  AVERAGE         64                        56      8       63

PRECIPITATION (IN)
  TODAY            0.00          3.00 1930   0.12  -0.12     0.00
  MONTH TO DATE    5.46                      3.24   2.22     1.50
  SINCE SEP 1      5.46                      3.24   2.22     1.50
  SINCE JAN 1     38.13                     25.36  12.77    29.14

SNOWFALL (IN)
  TODAY            0.0           T    1926   0.0    0.0      0.0
  MONTH TO DATE    0.0                       0.0    0.0      0.0
  SINCE SEP 1      0.0                       0.0    0.0      0.0
  SINCE JUL 1      0.0                       0.0    0.0      0.0
  SNOW DEPTH       0

DEGREE DAYS
 HEATING
  TODAY            1                        10     -9        2
  MONTH TO DATE  158                       148     10      117
  SINCE SEP 1    158                       148     10      117
  SINCE JUL 1    181                       187     -6      155

 COOLING
  TODAY            0                         1     -1        0
  MONTH TO DATE   18                        47    -29       82
  SINCE SEP 1     18                        47    -29       82
  SINCE JAN 1    496                       574    -78      648
..................................................................


WIND (MPH)
  HIGHEST WIND SPEED    16   HIGHEST WIND DIRECTION     S (170)
  HIGHEST GUST SPEED    20   HIGHEST GUST DIRECTION    SE (150)
  AVERAGE WIND SPEED     6.2


SKY COVER
  POSSIBLE SUNSHINE  MM
  AVERAGE SKY COVER 0.0


WEATHER CONDITIONS
 THE FOLLOWING WEATHER WAS RECORDED TODAY.
  FOG


RELATIVE HUMIDITY (PERCENT)
 HIGHEST   100          1200 AM
 LOWEST     39           100 PM
 AVERAGE    70

..........................................................


THE EAU CLAIRE WI CLIMATE NORMALS FOR TOMORROW
                         NORMAL    RECORD    YEAR
 MAXIMUM TEMPERATURE (F)   66        86      1943
                                             1987
 MINIMUM TEMPERATURE (F)   44        25      1896


SUNRISE AND SUNSET
SEPTEMBER 26 2014.....SUNRISE   658 AM CDT   SUNSET   656 PM CDT
SEPTEMBER 27 2014.....SUNRISE   659 AM CDT   SUNSET   654 PM CDT


-  INDICATES NEGATIVE NUMBERS.
R  INDICATES RECORD WAS SET OR TIED.
MM INDICATES DATA IS MISSING.
T  INDICATES TRACE AMOUNT.




$$
