744
CDUS43 KMPX 150724
CLIEAU


CLIMATE REPORT
NATIONAL WEATHER SERVICE CHANHASSEN MN
124 AM CST THU FEB 15 2018


...................................

...THE EAU CLAIRE WI CLIMATE SUMMARY FOR FEBRUARY 14 2018...

CLIMATE NORMAL PERIOD 1981 TO 2010
CLIMATE RECORD PERIOD 1893 TO 2018


WEATHER ITEM   OBSERVED TIME   RECORD YEAR NORMAL DEPARTURE LAST
                VALUE   (LST)  VALUE       VALUE  FROM      YEAR
                                                  NORMAL
..................................................................
TEMPERATURE (F)
 YESTERDAY
  MAXIMUM         43    445 PM  49    1934  29     14       40
  MINIMUM          6    746 AM -27    1951   9     -3       25
  AVERAGE         25                        19      6       33

PRECIPITATION (IN)
  YESTERDAY        0.00          0.73 1918   0.03  -0.03     0.00
  MONTH TO DATE    0.24                      0.38  -0.14     0.01
  SINCE DEC 1      2.41                      2.27   0.14     4.46
  SINCE JAN 1      1.50                      1.27   0.23     2.36

SNOWFALL (IN)
  YESTERDAY        0.0           3.2  2013   0.2   -0.2      0.0
  MONTH TO DATE    4.5                       3.9    0.6       T
  SINCE DEC 1     27.0                      26.6    0.4     36.5
  SINCE JUL 1     30.3                      32.9   -2.6     38.2
  SNOW DEPTH       7

DEGREE DAYS
 HEATING
  YESTERDAY       40                        46     -6       32
  MONTH TO DATE  832                       671    161      621
  SINCE DEC 1   3921                      3669    252     3486
  SINCE JUL 1   5562                      5415    147     4695

 COOLING
  YESTERDAY        0                         0      0        0
  MONTH TO DATE    0                         0      0        0
  SINCE DEC 1      0                         0      0        0
  SINCE JAN 1      0                         0      0        0
..................................................................


WIND (MPH)
  HIGHEST WIND SPEED    16   HIGHEST WIND DIRECTION    SW (210)
  HIGHEST GUST SPEED    21   HIGHEST GUST DIRECTION    SW (220)
  AVERAGE WIND SPEED     7.1


SKY COVER
  POSSIBLE SUNSHINE  MM
  AVERAGE SKY COVER 0.0


WEATHER CONDITIONS
 THE FOLLOWING WEATHER WAS RECORDED YESTERDAY.
  FOG
  FOG W/VISIBILITY <= 1/4 MILE
  HAZE


RELATIVE HUMIDITY (PERCENT)
 HIGHEST   100           700 AM
 LOWEST     57           300 PM
 AVERAGE    79

..........................................................


THE EAU CLAIRE WI CLIMATE NORMALS FOR TODAY
                         NORMAL    RECORD    YEAR
 MAXIMUM TEMPERATURE (F)   29        58      1921
 MINIMUM TEMPERATURE (F)   10       -25      1905


SUNRISE AND SUNSET
FEBRUARY 15 2018......SUNRISE   706 AM CST   SUNSET   534 PM CST
FEBRUARY 16 2018......SUNRISE   705 AM CST   SUNSET   536 PM CST


-  INDICATES NEGATIVE NUMBERS.
R  INDICATES RECORD WAS SET OR TIED.
MM INDICATES DATA IS MISSING.
T  INDICATES TRACE AMOUNT.




$$
