000
CDUS43 KMPX 160714
CLIEAU


CLIMATE REPORT
NATIONAL WEATHER SERVICE CHANHASSEN MN
113 AM CST TUE DEC 16 2014


...................................

...THE EAU CLAIRE WI CLIMATE SUMMARY FOR DECEMBER 15 2014...

CLIMATE NORMAL PERIOD 1981 TO 2010
CLIMATE RECORD PERIOD 1893 TO 2014


WEATHER ITEM   OBSERVED TIME   RECORD YEAR NORMAL DEPARTURE LAST
                VALUE   (LST)  VALUE       VALUE  FROM      YEAR
                                                  NORMAL
..................................................................
TEMPERATURE (F)
 YESTERDAY
  MAXIMUM         48    921 AM  54    1894  27     21        6
  MINIMUM         41   1159 PM -29    1961  10     31      -12
  AVERAGE         45                        19     26       -3

PRECIPITATION (IN)
  YESTERDAY        0.08          1.00 1902   0.03   0.05     0.00
  MONTH TO DATE    0.09                      0.55  -0.46     1.03
  SINCE DEC 1      0.09                      0.55  -0.46     1.03
  SINCE JAN 1     42.39                     30.53  11.86    35.40

SNOWFALL (IN)
  YESTERDAY        0.0          10.0  1902   0.3   -0.3      0.0
  MONTH TO DATE    0.2                       4.6   -4.4      8.6
  SINCE DEC 1      0.2                       4.6   -4.4      8.6
  SINCE JUL 1     14.4                      10.9    3.5     10.8
  SNOW DEPTH       0

DEGREE DAYS
 HEATING
  YESTERDAY       20                        46    -26       68
  MONTH TO DATE  593                       656    -63      811
  SINCE DEC 1    593                       656    -63      811
  SINCE JUL 1   2565                      2402    163     2556

 COOLING
  YESTERDAY        0                         0      0        0
  MONTH TO DATE    0                         0      0        0
  SINCE DEC 1      0                         0      0        0
  SINCE JAN 1    500                       579    -79      653
..................................................................


WIND (MPH)
  HIGHEST WIND SPEED    14   HIGHEST WIND DIRECTION     N (360)
  HIGHEST GUST SPEED    18   HIGHEST GUST DIRECTION     N (10)
  AVERAGE WIND SPEED     6.6


SKY COVER
  POSSIBLE SUNSHINE  MM
  AVERAGE SKY COVER 1.0


WEATHER CONDITIONS
 THE FOLLOWING WEATHER WAS RECORDED YESTERDAY.
  LIGHT RAIN
  FOG


RELATIVE HUMIDITY (PERCENT)
 HIGHEST   100          1200 AM
 LOWEST     89          1100 PM
 AVERAGE    95

..........................................................


THE EAU CLAIRE WI CLIMATE NORMALS FOR TODAY
                         NORMAL    RECORD    YEAR
 MAXIMUM TEMPERATURE (F)   27        52      1939
 MINIMUM TEMPERATURE (F)   10       -26      1932


SUNRISE AND SUNSET
DECEMBER 16 2014......SUNRISE   738 AM CST   SUNSET   426 PM CST
DECEMBER 17 2014......SUNRISE   738 AM CST   SUNSET   426 PM CST


-  INDICATES NEGATIVE NUMBERS.
R  INDICATES RECORD WAS SET OR TIED.
MM INDICATES DATA IS MISSING.
T  INDICATES TRACE AMOUNT.




$$
