000
CDUS43 KMPX 200630
CLIEAU


CLIMATE REPORT
NATIONAL WEATHER SERVICE CHANHASSEN MN
1229 AM CST MON NOV 20 2017


...................................

...THE EAU CLAIRE WI CLIMATE SUMMARY FOR NOVEMBER 19 2017...

CLIMATE NORMAL PERIOD 1981 TO 2010
CLIMATE RECORD PERIOD 1893 TO 2017


WEATHER ITEM   OBSERVED TIME   RECORD YEAR NORMAL DEPARTURE LAST
                VALUE   (LST)  VALUE       VALUE  FROM      YEAR
                                                  NORMAL
..................................................................
TEMPERATURE (F)
 YESTERDAY
  MAXIMUM         33    255 PM  66    1941  39     -6       33
  MINIMUM         15    721 AM  -2    1951  23     -8       21
                                      1911
  AVERAGE         24                        31     -7       27

PRECIPITATION (IN)
  YESTERDAY        0.00          1.16 1953   0.06  -0.06      T
  MONTH TO DATE    0.45                      1.21  -0.76     0.05
  SINCE SEP 1      6.26                      7.23  -0.97    10.97
  SINCE JAN 1     34.38                     29.35   5.03    37.80

SNOWFALL (IN)
  YESTERDAY        0.0           3.6  1970   0.2   -0.2       T
  MONTH TO DATE    1.4                       2.9   -1.5       T
  SINCE SEP 1      3.3                       3.3    0.0       T
  SINCE JUL 1      3.3                       3.3    0.0       T
  SNOW DEPTH       0

DEGREE DAYS
 HEATING
  YESTERDAY       41                        34      7       38
  MONTH TO DATE  662                       550    112      351
  SINCE SEP 1   1252                      1295    -43      858
  SINCE JUL 1   1295                      1334    -39      868

 COOLING
  YESTERDAY        0                         0      0        0
  MONTH TO DATE    0                         0      0        0
  SINCE SEP 1     94                        52     42       41
  SINCE JAN 1    466                       579   -113      624
..................................................................


WIND (MPH)
  HIGHEST WIND SPEED    16   HIGHEST WIND DIRECTION    NW (320)
  HIGHEST GUST SPEED    24   HIGHEST GUST DIRECTION    NW (320)
  AVERAGE WIND SPEED     7.3


SKY COVER
  POSSIBLE SUNSHINE  MM
  AVERAGE SKY COVER 0.1


WEATHER CONDITIONS
 THE FOLLOWING WEATHER WAS RECORDED YESTERDAY.
  HAZE


RELATIVE HUMIDITY (PERCENT)
 HIGHEST    81          1100 PM
 LOWEST     45           200 PM
 AVERAGE    63

..........................................................


THE EAU CLAIRE WI CLIMATE NORMALS FOR TODAY
                         NORMAL    RECORD    YEAR
 MAXIMUM TEMPERATURE (F)   39        66      1930
 MINIMUM TEMPERATURE (F)   22        -3      1921


SUNRISE AND SUNSET
NOVEMBER 20 2017......SUNRISE   710 AM CST   SUNSET   433 PM CST
NOVEMBER 21 2017......SUNRISE   712 AM CST   SUNSET   432 PM CST


-  INDICATES NEGATIVE NUMBERS.
R  INDICATES RECORD WAS SET OR TIED.
MM INDICATES DATA IS MISSING.
T  INDICATES TRACE AMOUNT.




$$
