000
CDUS43 KMPX 140029
CLIEAU


CLIMATE REPORT
NATIONAL WEATHER SERVICE CHANHASSEN MN
628 PM CST SAT DEC 13 2014


...................................

...THE EAU CLAIRE WI CLIMATE SUMMARY FOR DECEMBER 13 2014...
VALID TODAY AS OF 0600 PM LOCAL TIME.

CLIMATE NORMAL PERIOD 1981 TO 2010
CLIMATE RECORD PERIOD 1893 TO 2014


WEATHER ITEM   OBSERVED TIME   RECORD YEAR NORMAL DEPARTURE LAST
                VALUE   (LST)  VALUE       VALUE  FROM      YEAR
                                                  NORMAL
..................................................................
TEMPERATURE (F)
 TODAY
  MAXIMUM         44    405 PM  51    1998  28     16       18
  MINIMUM         33   1257 AM -28    1901  11     22       11
  AVERAGE         39                        19     20       15

PRECIPITATION (IN)
  TODAY            0.00          0.54 1995   0.03  -0.03      T
  MONTH TO DATE    0.01                      0.49  -0.48     0.95
  SINCE DEC 1      0.01                      0.49  -0.48     0.95
  SINCE JAN 1     42.31                     30.47  11.84    35.32

SNOWFALL (IN)
  TODAY            0.0           4.4  1995   0.3   -0.3       T
  MONTH TO DATE    0.2                       4.0   -3.8      6.9
  SINCE DEC 1      0.2                       4.0   -3.8      6.9
  SINCE JUL 1     14.4                      10.3    4.1      9.1
  SNOW DEPTH       T

DEGREE DAYS
 HEATING
  TODAY           26                        46    -20       50
  MONTH TO DATE  552                       564    -12      689
  SINCE DEC 1    552                       564    -12      689
  SINCE JUL 1   2524                      2310    214     2434

 COOLING
  TODAY            0                         0      0        0
  MONTH TO DATE    0                         0      0        0
  SINCE DEC 1      0                         0      0        0
  SINCE JAN 1    500                       579    -79      653
..................................................................


WIND (MPH)
  HIGHEST WIND SPEED    13   HIGHEST WIND DIRECTION    SW (230)
  HIGHEST GUST SPEED    17   HIGHEST GUST DIRECTION    SW (240)
  AVERAGE WIND SPEED     6.2


SKY COVER
  POSSIBLE SUNSHINE  MM
  AVERAGE SKY COVER 1.0


WEATHER CONDITIONS
 THE FOLLOWING WEATHER WAS RECORDED TODAY.
  FOG
  FOG W/VISIBILITY <= 1/4 MILE


RELATIVE HUMIDITY (PERCENT)
 HIGHEST   100           200 AM
 LOWEST     89           100 PM
 AVERAGE    95

..........................................................


THE EAU CLAIRE WI CLIMATE NORMALS FOR TOMORROW
                         NORMAL    RECORD    YEAR
 MAXIMUM TEMPERATURE (F)   27        55      1998
 MINIMUM TEMPERATURE (F)   11       -26      1901


SUNRISE AND SUNSET
DECEMBER 13 2014......SUNRISE   735 AM CST   SUNSET   425 PM CST
DECEMBER 14 2014......SUNRISE   736 AM CST   SUNSET   425 PM CST


-  INDICATES NEGATIVE NUMBERS.
R  INDICATES RECORD WAS SET OR TIED.
MM INDICATES DATA IS MISSING.
T  INDICATES TRACE AMOUNT.




$$
