000
CDUS43 KGRR 201350
CLILAN


CLIMATE REPORT
NATIONAL WEATHER SERVICE GRAND RAPIDS, MI
948 AM EDT SAT MAY 20 2017


...................................

...THE LANSING MI CLIMATE SUMMARY FOR MAY 20 2017...
VALID AS OF 0900 AM LOCAL TIME.

CLIMATE NORMAL PERIOD 1981 TO 2010
CLIMATE RECORD PERIOD 1864 TO 2017


WEATHER ITEM   OBSERVED TIME   RECORD YEAR NORMAL DEPARTURE LAST
                VALUE   (LST)  VALUE       VALUE  FROM      YEAR
                                                  NORMAL
..................................................................
TEMPERATURE (F)
 TODAY
  MAXIMUM         53    759 AM  93    1977  70    -17       70
  MINIMUM         45    603 AM  25    1895  48     -3       43
  AVERAGE         49                        59    -10       57

PRECIPITATION (IN)
  TODAY            0.00          1.94 1996   0.11  -0.11     0.00
  MONTH TO DATE    1.13                      2.11  -0.98     2.66
  SINCE MAR 1      9.42                      7.20   2.22     9.42
  SINCE JAN 1     15.70                     10.32   5.38    12.58

SNOWFALL (IN)
  TODAY            0.0           T    2002   0.0    0.0      0.0
  MONTH TO DATE    0.0                       0.0    0.0       T
  SINCE MAR 1      2.6                       8.9   -6.3     16.4
  SINCE JUL 1     30.2                      51.1  -20.9     50.0
  SNOW DEPTH       0

DEGREE DAYS
 HEATING
  TODAY           16                         7      9        8
  MONTH TO DATE  224                       195     29      234
  SINCE MAR 1   1523                      1658   -135     1599
  SINCE JUL 1   5568                      6593  -1025     5759

 COOLING
  TODAY            0                         1     -1        0
  MONTH TO DATE   20                        14      6        0
  SINCE MAR 1     28                        21      7        1
  SINCE JAN 1     28                        21      7        1
..................................................................


WIND (MPH)
  RESULTANT WIND SPEED   9   RESULTANT WIND DIRECTION  NE (60)
  HIGHEST WIND SPEED    15   HIGHEST WIND DIRECTION    NE (50)
  HIGHEST GUST SPEED    18   HIGHEST GUST DIRECTION    NE (50)
  AVERAGE WIND SPEED     9.2


SKY COVER
  AVERAGE SKY COVER 1.0


WEATHER CONDITIONS
 THE FOLLOWING WEATHER WAS RECORDED TODAY.
  NO SIGNIFICANT WEATHER WAS OBSERVED.


RELATIVE HUMIDITY (PERCENT)
 HIGHEST    65           600 AM
 LOWEST     53           100 AM
 AVERAGE    59

..........................................................


THE LANSING MI CLIMATE NORMALS FOR TOMORROW
                         NORMAL    RECORD    YEAR
 MAXIMUM TEMPERATURE (F)   70        94      1977
 MINIMUM TEMPERATURE (F)   48        27      1869


SUNRISE AND SUNSET
MAY 20 2017...........SUNRISE   611 AM EDT   SUNSET   900 PM EDT
MAY 21 2017...........SUNRISE   610 AM EDT   SUNSET   901 PM EDT


-  INDICATES NEGATIVE NUMBERS.
R  INDICATES RECORD WAS SET OR TIED.
MM INDICATES DATA IS MISSING.
T  INDICATES TRACE AMOUNT.




$$

63
