000
CDUS43 KGRR 080539
CLILAN


CLIMATE REPORT
NATIONAL WEATHER SERVICE GRAND RAPIDS, MI
1238 AM EST MON JAN 8 2018


...................................

...THE LANSING MI CLIMATE SUMMARY FOR JANUARY 7 2018...

CLIMATE NORMAL PERIOD 1981 TO 2010
CLIMATE RECORD PERIOD 1864 TO 2018


WEATHER ITEM   OBSERVED TIME   RECORD YEAR NORMAL DEPARTURE LAST
                VALUE   (LST)  VALUE       VALUE  FROM      YEAR
                                                  NORMAL
..................................................................
TEMPERATURE (F)
 YESTERDAY
  MAXIMUM         31   1152 PM  62    2008  30      1       14
  MINIMUM          4   1246 AM -24    1887  17    -13        4
  AVERAGE         18                        24     -6        9

PRECIPITATION (IN)
  YESTERDAY        0.02          0.77 1907   0.06  -0.04     0.02
  MONTH TO DATE    0.04                      0.42  -0.38     0.57
  SINCE DEC 1      1.36                      2.29  -0.93     2.33
  SINCE JAN 1      0.04                      0.42  -0.38     0.57

SNOWFALL (IN)
  YESTERDAY        T             4.0  1881   0.4   -0.4      0.4
  MONTH TO DATE    0.3                       3.1   -2.8      0.9
  SINCE DEC 1     17.7                      16.1    1.6     17.0
  SINCE JUL 1     18.1                      19.9   -1.8     17.0
  SNOW DEPTH       4

DEGREE DAYS
 HEATING
  YESTERDAY       47                        41      6       56
  MONTH TO DATE  403                       287    116      298
  SINCE DEC 1   1666                      1425    241     1440
  SINCE JUL 1   2922                      2839     83     2415

 COOLING
  YESTERDAY        0                         0      0        0
  MONTH TO DATE    0                         0      0        0
  SINCE DEC 1      0                         0      0        0
  SINCE JAN 1      0                         0      0        0
..................................................................


WIND (MPH)
  RESULTANT WIND SPEED  15   RESULTANT WIND DIRECTION   S (200)
  HIGHEST WIND SPEED    24   HIGHEST WIND DIRECTION     S (190)
  HIGHEST GUST SPEED    33   HIGHEST GUST DIRECTION    SW (210)
  AVERAGE WIND SPEED    15.5


SKY COVER
  AVERAGE SKY COVER 0.8


WEATHER CONDITIONS
 THE FOLLOWING WEATHER WAS RECORDED YESTERDAY.
  LT FREEZING RAIN
  LIGHT SNOW
  FOG


RELATIVE HUMIDITY (PERCENT)
 HIGHEST    83           100 AM
 LOWEST     55           300 PM
 AVERAGE    69

..........................................................


THE LANSING MI CLIMATE NORMALS FOR TODAY
                         NORMAL    RECORD    YEAR
 MAXIMUM TEMPERATURE (F)   30        59      1965
 MINIMUM TEMPERATURE (F)   17       -17      1870


SUNRISE AND SUNSET
JANUARY  8 2018.......SUNRISE   809 AM EST   SUNSET   522 PM EST
JANUARY  9 2018.......SUNRISE   808 AM EST   SUNSET   523 PM EST


-  INDICATES NEGATIVE NUMBERS.
R  INDICATES RECORD WAS SET OR TIED.
MM INDICATES DATA IS MISSING.
T  INDICATES TRACE AMOUNT.




$$
