000
CDUS43 KGRR 050518
CLILAN


CLIMATE REPORT
NATIONAL WEATHER SERVICE GRAND RAPIDS, MI
117 AM EDT SUN NOV 5 2017


...................................

...THE LANSING MI CLIMATE SUMMARY FOR NOVEMBER 4 2017...

CLIMATE NORMAL PERIOD 1981 TO 2010
CLIMATE RECORD PERIOD 1864 TO 2017


WEATHER ITEM   OBSERVED TIME   RECORD YEAR NORMAL DEPARTURE LAST
                VALUE   (LST)  VALUE       VALUE  FROM      YEAR
                                                  NORMAL
..................................................................
TEMPERATURE (F)
 YESTERDAY
  MAXIMUM         47   1159 PM  76    2015  52     -5       57
  MINIMUM         34    640 AM   9    1966  36     -2       35
  AVERAGE         41                        44     -3       46

PRECIPITATION (IN)
  YESTERDAY        0.70          1.36 1959   0.09   0.61     0.00
                                      1935
  MONTH TO DATE    1.23                      0.38   0.85     1.55
  SINCE SEP 1     10.90                      6.41   4.49     8.10
  SINCE JAN 1     36.20                     27.50   8.70    31.58

SNOWFALL (IN)
  YESTERDAY        0.0           4.5  1864   0.1   -0.1      0.0
  MONTH TO DATE    0.0                       0.2   -0.2      0.0
  SINCE SEP 1      T                         0.6   -0.6       T
  SINCE JUL 1      T                         0.6   -0.6       T
  SNOW DEPTH       0

DEGREE DAYS
 HEATING
  YESTERDAY       24                        21      3       19
  MONTH TO DATE   92                        82     10       40
  SINCE SEP 1    509                       697   -188      430
  SINCE JUL 1    538                       732   -194      433

 COOLING
  YESTERDAY        0                         0      0        0
  MONTH TO DATE    0                         0      0        0
  SINCE SEP 1    148                        68     80      103
  SINCE JAN 1    782                       625    157      869
..................................................................


WIND (MPH)
  RESULTANT WIND SPEED   7   RESULTANT WIND DIRECTION   E (110)
  HIGHEST WIND SPEED    21   HIGHEST WIND DIRECTION     E (110)
  HIGHEST GUST SPEED    26   HIGHEST GUST DIRECTION     E (100)
  AVERAGE WIND SPEED     9.7


SKY COVER
  AVERAGE SKY COVER 0.7


WEATHER CONDITIONS
 THE FOLLOWING WEATHER WAS RECORDED YESTERDAY.
  THUNDERSTORM
  HEAVY RAIN
  RAIN
  LIGHT RAIN
  FOG


RELATIVE HUMIDITY (PERCENT)
 HIGHEST    93          1000 PM
 LOWEST     70           100 AM
 AVERAGE    82

..........................................................


THE LANSING MI CLIMATE NORMALS FOR TODAY
                         NORMAL    RECORD    YEAR
 MAXIMUM TEMPERATURE (F)   52        75      1978
 MINIMUM TEMPERATURE (F)   36         4      1877


SUNRISE AND SUNSET
NOVEMBER  5 2017......SUNRISE   718 AM EST   SUNSET   526 PM EST
NOVEMBER  6 2017......SUNRISE   719 AM EST   SUNSET   524 PM EST


-  INDICATES NEGATIVE NUMBERS.
R  INDICATES RECORD WAS SET OR TIED.
MM INDICATES DATA IS MISSING.
T  INDICATES TRACE AMOUNT.




$$
