000
CDUS43 KGRR 190526
CLILAN


CLIMATE REPORT
NATIONAL WEATHER SERVICE GRAND RAPIDS, MI
1224 AM EST MON JAN 19 2015


...................................

...THE LANSING MI CLIMATE SUMMARY FOR JANUARY 18 2015...

CLIMATE NORMAL PERIOD 1981 TO 2010
CLIMATE RECORD PERIOD 1864 TO 2015


WEATHER ITEM   OBSERVED TIME   RECORD YEAR NORMAL DEPARTURE LAST
                VALUE   (LST)  VALUE       VALUE  FROM      YEAR
                                                  NORMAL
..................................................................
TEMPERATURE (F)
 YESTERDAY
  MAXIMUM         39   1210 AM  60    1996  30      9       21
  MINIMUM         32   1159 PM -25    1976  16     16       13
  AVERAGE         36                        23     13       17

PRECIPITATION (IN)
  YESTERDAY        0.07          1.58 1949   0.05   0.02      T
  MONTH TO DATE    1.07                      1.04   0.03     1.73
  SINCE DEC 1      2.63                      2.91  -0.28     3.61
  SINCE JAN 1      1.07                      1.04   0.03     1.73

SNOWFALL (IN)
  YESTERDAY        T             5.5  1913   0.5   -0.5       T
  MONTH TO DATE    7.7                       8.2   -0.5     16.8
  SINCE DEC 1      9.2                      21.2  -12.0     32.6
  SINCE JUL 1     15.4                      25.0   -9.6     33.3
  SNOW DEPTH       3

DEGREE DAYS
 HEATING
  YESTERDAY       29                        42    -13       48
  MONTH TO DATE  854                       747    107      832
  SINCE DEC 1   1883                      1885     -2     2049
  SINCE JUL 1   3479                      3299    180     3495

 COOLING
  YESTERDAY        0                         0      0        0
  MONTH TO DATE    0                         0      0        0
  SINCE DEC 1      0                         0      0        0
  SINCE JAN 1      0                         0      0        0
..................................................................


WIND (MPH)
  RESULTANT WIND SPEED  10   RESULTANT WIND DIRECTION   W (260)
  HIGHEST WIND SPEED    20   HIGHEST WIND DIRECTION    SW (240)
  HIGHEST GUST SPEED    26   HIGHEST GUST DIRECTION    SW (230)
  AVERAGE WIND SPEED    10.5


SKY COVER
  AVERAGE SKY COVER 1.0


WEATHER CONDITIONS
 THE FOLLOWING WEATHER WAS RECORDED YESTERDAY.
  LIGHT RAIN
  LIGHT SNOW
  FOG


RELATIVE HUMIDITY (PERCENT)
 HIGHEST    89           300 AM
 LOWEST     75           100 PM
 AVERAGE    82

..........................................................


THE LANSING MI CLIMATE NORMALS FOR TODAY
                         NORMAL    RECORD    YEAR
 MAXIMUM TEMPERATURE (F)   30        53      1949
 MINIMUM TEMPERATURE (F)   16       -20      1892


SUNRISE AND SUNSET
JANUARY 19 2015.......SUNRISE   804 AM EST   SUNSET   534 PM EST
JANUARY 20 2015.......SUNRISE   803 AM EST   SUNSET   536 PM EST


-  INDICATES NEGATIVE NUMBERS.
R  INDICATES RECORD WAS SET OR TIED.
MM INDICATES DATA IS MISSING.
T  INDICATES TRACE AMOUNT.




$$

CAS
