000
CDUS43 KGRR 102230
CLILAN


CLIMATE REPORT
NATIONAL WEATHER SERVICE GRAND RAPIDS, MI
527 PM EST FRI FEB 10 2017


...................................

...THE LANSING MI CLIMATE SUMMARY FOR FEBRUARY 10 2017...
VALID TODAY AS OF 0500 PM LOCAL TIME.

CLIMATE NORMAL PERIOD 1981 TO 2010
CLIMATE RECORD PERIOD 1864 TO 2017


WEATHER ITEM   OBSERVED TIME   RECORD YEAR NORMAL DEPARTURE LAST
                VALUE   (LST)  VALUE       VALUE  FROM      YEAR
                                                  NORMAL
..................................................................
TEMPERATURE (F)
 TODAY
  MAXIMUM         35    444 PM  60    2009  32      3       22
  MINIMUM         14   1225 AM -28    1868  18     -4       11
  AVERAGE         25                        25      0       17

PRECIPITATION (IN)
  TODAY            T             1.25 1881   0.05  -0.05     0.01
  MONTH TO DATE    0.78                      0.46   0.32     0.71
  SINCE DEC 1      6.19                      3.98   2.21     4.88
  SINCE JAN 1      4.43                      2.11   2.32     2.16

SNOWFALL (IN)
  TODAY            T             5.0  1892   0.4   -0.4      0.2
  MONTH TO DATE    1.9                       4.3   -2.4      3.5
  SINCE DEC 1     27.1                      31.1   -4.0     13.2
  SINCE JUL 1     27.1                      34.9   -7.8     21.4
  SNOW DEPTH       0

DEGREE DAYS
 HEATING
  TODAY           40                        40      0       48
  MONTH TO DATE  398                       408    -10      344
  SINCE DEC 1   2648                      2834   -186     2352
  SINCE JUL 1   3623                      4248   -625     3460

 COOLING
  TODAY            0                         0      0        0
  MONTH TO DATE    0                         0      0        0
  SINCE DEC 1      0                         0      0        0
  SINCE JAN 1      0                         0      0        0
..................................................................


WIND (MPH)
  RESULTANT WIND SPEED  12   RESULTANT WIND DIRECTION   S (200)
  HIGHEST WIND SPEED    26   HIGHEST WIND DIRECTION     S (190)
  HIGHEST GUST SPEED    34   HIGHEST GUST DIRECTION     S (190)
  AVERAGE WIND SPEED    13.0


SKY COVER
  AVERAGE SKY COVER 0.6


WEATHER CONDITIONS
 THE FOLLOWING WEATHER WAS RECORDED TODAY.
  NO SIGNIFICANT WEATHER WAS OBSERVED.


RELATIVE HUMIDITY (PERCENT)
 HIGHEST    74           300 AM
 LOWEST     35           200 PM
 AVERAGE    55

..........................................................


THE LANSING MI CLIMATE NORMALS FOR TOMORROW
                         NORMAL    RECORD    YEAR
 MAXIMUM TEMPERATURE (F)   32        69      1999
 MINIMUM TEMPERATURE (F)   18       -22      1899
                                             1885


SUNRISE AND SUNSET
FEBRUARY 10 2017......SUNRISE   742 AM EST   SUNSET   604 PM EST
FEBRUARY 11 2017......SUNRISE   741 AM EST   SUNSET   605 PM EST


-  INDICATES NEGATIVE NUMBERS.
R  INDICATES RECORD WAS SET OR TIED.
MM INDICATES DATA IS MISSING.
T  INDICATES TRACE AMOUNT.




$$
