000
CDUS43 KGRR 170516
CLILAN


CLIMATE REPORT
NATIONAL WEATHER SERVICE GRAND RAPIDS, MI
116 AM EDT WED SEP 17 2014


...................................

...THE LANSING MI CLIMATE SUMMARY FOR SEPTEMBER 16 2014...

CLIMATE NORMAL PERIOD 1981 TO 2010
CLIMATE RECORD PERIOD 1864 TO 2014


WEATHER ITEM   OBSERVED TIME   RECORD YEAR NORMAL DEPARTURE LAST
                VALUE   (LST)  VALUE       VALUE  FROM      YEAR
                                                  NORMAL
..................................................................
TEMPERATURE (F)
 YESTERDAY
  MAXIMUM         65    342 PM  92    1939  73     -8       62
  MINIMUM         44   1155 PM  24    1868  51     -7       42
  AVERAGE         55                        62     -7       52

PRECIPITATION (IN)
  YESTERDAY        0.00          2.28 2010   0.13  -0.13     0.01
  MONTH TO DATE    1.87                      1.82   0.05     0.84
  SINCE SEP 1      1.87                      1.82   0.05     0.84
  SINCE JAN 1     29.09                     22.91   6.18    33.76

SNOWFALL (IN)
  YESTERDAY        0.0           0.0    MM   0.0    0.0      0.0
  MONTH TO DATE    0.0                       0.0    0.0      0.0
  SINCE SEP 1      0.0                       0.0    0.0      0.0
  SINCE JUL 1      0.0                       0.0    0.0      0.0
  SNOW DEPTH       0

DEGREE DAYS
 HEATING
  YESTERDAY       10                         5      5       13
  MONTH TO DATE   74                        50     24       58
  SINCE SEP 1     74                        50     24       58
  SINCE JUL 1    114                        85     29       93

 COOLING
  YESTERDAY        0                         2     -2        0
  MONTH TO DATE   41                        45     -4       55
  SINCE SEP 1     41                        45     -4       55
  SINCE JAN 1    486                       602   -116      643
..................................................................


WIND (MPH)
  RESULTANT WIND SPEED   4   RESULTANT WIND DIRECTION   W (280)
  HIGHEST WIND SPEED    16   HIGHEST WIND DIRECTION    NW (310)
  HIGHEST GUST SPEED    22   HIGHEST GUST DIRECTION    NW (300)
  AVERAGE WIND SPEED     4.7


SKY COVER
  AVERAGE SKY COVER 0.5


WEATHER CONDITIONS
 THE FOLLOWING WEATHER WAS RECORDED YESTERDAY.
  FOG
  FOG W/VISIBILITY <= 1/4 MILE


RELATIVE HUMIDITY (PERCENT)
 HIGHEST   100          1200 AM
 LOWEST     52           200 PM
 AVERAGE    76

..........................................................


THE LANSING MI CLIMATE NORMALS FOR TODAY
                         NORMAL    RECORD    YEAR
 MAXIMUM TEMPERATURE (F)   72        93      1955
                                             1906
 MINIMUM TEMPERATURE (F)   51        26      1875
                                             1868


SUNRISE AND SUNSET
SEPTEMBER 17 2014.....SUNRISE   720 AM EDT   SUNSET   745 PM EDT
SEPTEMBER 18 2014.....SUNRISE   721 AM EDT   SUNSET   743 PM EDT


-  INDICATES NEGATIVE NUMBERS.
R  INDICATES RECORD WAS SET OR TIED.
MM INDICATES DATA IS MISSING.
T  INDICATES TRACE AMOUNT.




$$
