000
CDUS43 KGRR 142126
CLILAN


CLIMATE REPORT
NATIONAL WEATHER SERVICE GRAND RAPIDS, MI
525 PM EDT FRI JUL 14 2017


...................................

...THE LANSING MI CLIMATE SUMMARY FOR JULY 14 2017...
VALID TODAY AS OF 0500 PM LOCAL TIME.

CLIMATE NORMAL PERIOD 1981 TO 2010
CLIMATE RECORD PERIOD 1864 TO 2017


WEATHER ITEM   OBSERVED TIME   RECORD YEAR NORMAL DEPARTURE LAST
                VALUE   (LST)  VALUE       VALUE  FROM      YEAR
                                                  NORMAL
..................................................................
TEMPERATURE (F)
 TODAY
  MAXIMUM         81    306 PM 101    1936  83     -2       85
  MINIMUM         67    552 AM  46    2001  61      6       69
                                      1950
                                      1926
  AVERAGE         74                        72      2       77

PRECIPITATION (IN)
  TODAY            0.00          1.28 1949   0.09  -0.09     0.00
  MONTH TO DATE    2.64                      1.29   1.35     1.87
  SINCE JUN 1      6.39                      4.74   1.65     2.46
  SINCE JAN 1     23.45                     16.31   7.14    15.37

SNOWFALL (IN)
  TODAY            0.0           0.0    MM   0.0    0.0      0.0
  MONTH TO DATE    0.0                       0.0    0.0      0.0
  SINCE JUN 1      0.0                       0.0    0.0      0.0
  SINCE JUL 1      0.0                       0.0    0.0      0.0
  SNOW DEPTH       0

DEGREE DAYS
 HEATING
  TODAY            0                         0      0        0
  MONTH TO DATE    0                         2     -2        3
  SINCE JUN 1     13                        57    -44       37
  SINCE JUL 1      0                         2     -2        3

 COOLING
  TODAY            9                         7      2       12
  MONTH TO DATE  137                        98     39      112
  SINCE JUN 1    342                       230    112      260
  SINCE JAN 1    377                       271    106      322
..................................................................


WIND (MPH)
  RESULTANT WIND SPEED   6   RESULTANT WIND DIRECTION   W (290)
  HIGHEST WIND SPEED    17   HIGHEST WIND DIRECTION     W (290)
  HIGHEST GUST SPEED    22   HIGHEST GUST DIRECTION     W (290)
  AVERAGE WIND SPEED     7.2


SKY COVER
  AVERAGE SKY COVER 0.7


WEATHER CONDITIONS
 THE FOLLOWING WEATHER WAS RECORDED TODAY.
  NO SIGNIFICANT WEATHER WAS OBSERVED.


RELATIVE HUMIDITY (PERCENT)
 HIGHEST    87           200 AM
 LOWEST     45           300 PM
 AVERAGE    66

..........................................................


THE LANSING MI CLIMATE NORMALS FOR TOMORROW
                         NORMAL    RECORD    YEAR
 MAXIMUM TEMPERATURE (F)   83        99      1977
 MINIMUM TEMPERATURE (F)   61        31      1863


SUNRISE AND SUNSET
JULY 14 2017..........SUNRISE   613 AM EDT   SUNSET   915 PM EDT
JULY 15 2017..........SUNRISE   614 AM EDT   SUNSET   915 PM EDT


-  INDICATES NEGATIVE NUMBERS.
R  INDICATES RECORD WAS SET OR TIED.
MM INDICATES DATA IS MISSING.
T  INDICATES TRACE AMOUNT.




$$

63
