000
CDUS43 KICT 302207
CLIICT


CLIMATE REPORT
NATIONAL WEATHER SERVICE WICHITA KS
507 PM CDT THU MAR 30 2017


...................................

...THE WICHITA EISENHOWER NATIONAL CLIMATE SUMMARY FOR MARCH 30 2017...
VALID TODAY AS OF 0500 PM LOCAL TIME.

CLIMATE NORMAL PERIOD 1981 TO 2010
CLIMATE RECORD PERIOD 1888 TO 2017


WEATHER ITEM   OBSERVED TIME   RECORD YEAR NORMAL DEPARTURE LAST
                VALUE   (LST)  VALUE       VALUE  FROM      YEAR
                                                  NORMAL
..................................................................
TEMPERATURE (F)
 TODAY
  MAXIMUM         49    331 PM  83    1917  63    -14       81
  MINIMUM         41    630 AM  18    1964  39      2       57
  AVERAGE         45                        51     -6       69

PRECIPITATION (IN)
  TODAY            T             1.88 1953   0.10  -0.10     0.00
  MONTH TO DATE    3.50                      2.59   0.91     1.53
  SINCE MAR 1      3.50                      2.59   0.91     1.53
  SINCE JAN 1      7.12                      4.60   2.52     2.27

SNOWFALL (IN)
  TODAY           MM             5.5  1926   0.0   MM        0.0
  MONTH TO DATE    T                         2.2   -2.2      3.5
  SINCE MAR 1      T                         2.2   -2.2      3.5
  SINCE JUL 1      2.0                      14.6  -12.6      4.3
  SNOW DEPTH       0

DEGREE DAYS
 HEATING
  TODAY           20                        14      6        0
  MONTH TO DATE  415                       562   -147      376
  SINCE MAR 1    415                       562   -147      376
  SINCE JUL 1   3259                      4202   -943     3226

 COOLING
  TODAY            0                         0      0        4
  MONTH TO DATE   18                         0     18        7
  SINCE MAR 1     18                         0     18        7
  SINCE JAN 1     18                         0     18        7
..................................................................


WIND (MPH)
  HIGHEST WIND SPEED    28   HIGHEST WIND DIRECTION    NW (330)
  HIGHEST GUST SPEED    35   HIGHEST GUST DIRECTION    NW (320)
  AVERAGE WIND SPEED    18.9


SKY COVER
  POSSIBLE SUNSHINE  MM
  AVERAGE SKY COVER 1.0


WEATHER CONDITIONS
 THE FOLLOWING WEATHER WAS RECORDED TODAY.
  LIGHT RAIN
  FOG
  HAZE


RELATIVE HUMIDITY (PERCENT)
 HIGHEST   100          1200 AM
 LOWEST     80           300 PM
 AVERAGE    90

..........................................................


THE WICHITA EISENHOWER NATIONAL CLIMATE NORMALS FOR TOMORROW
                         NORMAL    RECORD    YEAR
 MAXIMUM TEMPERATURE (F)   63        88      1946
                                             1940
 MINIMUM TEMPERATURE (F)   39        19      1926


SUNRISE AND SUNSET
MARCH 30 2017.........SUNRISE   718 AM CDT   SUNSET   751 PM CDT
MARCH 31 2017.........SUNRISE   716 AM CDT   SUNSET   752 PM CDT


-  INDICATES NEGATIVE NUMBERS.
R  INDICATES RECORD WAS SET OR TIED.
MM INDICATES DATA IS MISSING.
T  INDICATES TRACE AMOUNT.




$$
