291
CDUS41 KALY 020626
CLIALB


CLIMATE REPORT
NATIONAL WEATHER SERVICE ALBANY NY
225 AM EDT MON MAY 2 2016


...................................

...THE ALBANY NY CLIMATE SUMMARY FOR MAY 1 2016...

CLIMATE NORMAL PERIOD 1981 TO 2010
CLIMATE RECORD PERIOD 1874 TO 2016


WEATHER ITEM   OBSERVED TIME   RECORD YEAR NORMAL DEPARTURE LAST
                VALUE   (LST)  VALUE       VALUE  FROM      YEAR
                                                  NORMAL
..................................................................
TEMPERATURE (F)
 YESTERDAY
  MAXIMUM         54   1242 AM  86    2001  65    -11       66
  MINIMUM         44   1158 PM  28    2008  43      1       46
                                      1961
  AVERAGE         49                        54     -5       56

PRECIPITATION (IN)
  YESTERDAY        0.11          1.54 1953   0.11   0.00     0.00
  MONTH TO DATE    0.11                      0.11   0.00     0.00
  SINCE MAR 1      3.13                      6.49  -3.36     3.35
  SINCE JAN 1      8.44                     11.28  -2.84     7.67

SNOWFALL (IN)
  YESTERDAY        0.0           T    1978   0.0    0.0      0.0
  MONTH TO DATE    0.0                       0.0    0.0      0.0
  SINCE MAR 1      6.6                      13.3   -6.7      5.3
  SINCE JUL 1     16.9                      60.2  -43.3     75.9
  SNOW DEPTH       0

DEGREE DAYS
 HEATING
  YESTERDAY       16                        12      4        9
  MONTH TO DATE   16                        12      4        9
  SINCE MAR 1   1267                      1461   -194     1605
  SINCE JUL 1   5196                      6405  -1209     6735

 COOLING
  YESTERDAY        0                         0      0        0
  MONTH TO DATE    0                         0      0        0
  SINCE MAR 1      2                         4     -2        0
  SINCE JAN 1      2                         4     -2        0
..................................................................


WIND (MPH)
  HIGHEST WIND SPEED    17   HIGHEST WIND DIRECTION     S (160)
  HIGHEST GUST SPEED    27   HIGHEST GUST DIRECTION     S (170)
  AVERAGE WIND SPEED     8.2


SKY COVER
  AVERAGE SKY COVER 1.0



RELATIVE HUMIDITY (PERCENT)
 HIGHEST    89
 LOWEST     54
 AVERAGE    72

..........................................................


THE ALBANY NY CLIMATE NORMALS FOR TODAY
                         NORMAL    RECORD    YEAR
 MAXIMUM TEMPERATURE (F)   65        88      2001
 MINIMUM TEMPERATURE (F)   43        29      1974


SUNRISE AND SUNSET
MAY  2 2016...........SUNRISE   548 AM EDT   SUNSET   757 PM EDT
MAY  3 2016...........SUNRISE   546 AM EDT   SUNSET   758 PM EDT


-  INDICATES NEGATIVE NUMBERS.
R  INDICATES RECORD WAS SET OR TIED.
MM INDICATES DATA IS MISSING.
T  INDICATES TRACE AMOUNT.




$$
