000
CDUS41 KALY 250622
CLIALB


CLIMATE REPORT
NATIONAL WEATHER SERVICE ALBANY NY
222 AM EDT SAT OCT 25 2014


...................................

...THE ALBANY NY CLIMATE SUMMARY FOR OCTOBER 24 2014...

CLIMATE NORMAL PERIOD 1981 TO 2010
CLIMATE RECORD PERIOD 1874 TO 2014


WEATHER ITEM   OBSERVED TIME   RECORD YEAR NORMAL DEPARTURE LAST
                VALUE   (LST)  VALUE       VALUE  FROM      YEAR
                                                  NORMAL
..................................................................
TEMPERATURE (F)
 YESTERDAY
  MAXIMUM         49    229 PM  74    1973  57     -8       51
  MINIMUM         41   1156 PM  16    1969  37      4       31
  AVERAGE         45                        47     -2       41

PRECIPITATION (IN)
  YESTERDAY        0.27          1.69 1923   0.11   0.16      T
  MONTH TO DATE    3.81                      2.88   0.93     2.00
  SINCE SEP 1      4.70                      6.18  -1.48     6.81
  SINCE JAN 1     31.48                     32.33  -0.85    38.32

SNOWFALL (IN)
  YESTERDAY        0.0           T    1962   0.0    0.0      0.0
  MONTH TO DATE    0.0                       0.0    0.0      0.0
  SINCE SEP 1      0.0                       0.0    0.0      0.0
  SINCE JUL 1      0.0                       0.0    0.0      0.0
  SNOW DEPTH       0

DEGREE DAYS
 HEATING
  YESTERDAY       20                        18      2       24
  MONTH TO DATE  238                       343   -105      217
  SINCE SEP 1    360                       487   -127      383
  SINCE JUL 1    368                       510   -142      389

 COOLING
  YESTERDAY        0                         0      0        0
  MONTH TO DATE   18                         0     18        0
  SINCE SEP 1     92                        51     41       65
  SINCE JAN 1    659                       594     65      763
..................................................................


WIND (MPH)
  HIGHEST WIND SPEED    12   HIGHEST WIND DIRECTION     N (20)
  HIGHEST GUST SPEED    15   HIGHEST GUST DIRECTION     N (20)
  AVERAGE WIND SPEED     4.9


SKY COVER
  AVERAGE SKY COVER 0.7



RELATIVE HUMIDITY (PERCENT)
 HIGHEST    93
 LOWEST     86
 AVERAGE    90

..........................................................


THE ALBANY NY CLIMATE NORMALS FOR TODAY
                         NORMAL    RECORD    YEAR
 MAXIMUM TEMPERATURE (F)   56        77      1963
 MINIMUM TEMPERATURE (F)   37        19      1981


SUNRISE AND SUNSET
OCTOBER 25 2014.......SUNRISE   720 AM EDT   SUNSET   557 PM EDT
OCTOBER 26 2014.......SUNRISE   722 AM EDT   SUNSET   556 PM EDT


-  INDICATES NEGATIVE NUMBERS.
R  INDICATES RECORD WAS SET OR TIED.
MM INDICATES DATA IS MISSING.
T  INDICATES TRACE AMOUNT.




$$
