000
CDUS41 KALY 220625
CLIALB


CLIMATE REPORT
NATIONAL WEATHER SERVICE ALBANY NY
124 AM EST MON DEC 22 2014


...................................

...THE ALBANY NY CLIMATE SUMMARY FOR DECEMBER 21 2014...

CLIMATE NORMAL PERIOD 1981 TO 2010
CLIMATE RECORD PERIOD 1874 TO 2014


WEATHER ITEM   OBSERVED TIME   RECORD YEAR NORMAL DEPARTURE LAST
                VALUE   (LST)  VALUE       VALUE  FROM      YEAR
                                                  NORMAL
..................................................................
TEMPERATURE (F)
 YESTERDAY
  MAXIMUM         31    856 PM  59    1957  34     -3       48
  MINIMUM         27    924 AM -18    1942  19      8       39
  AVERAGE         29                        26      3       44

PRECIPITATION (IN)
  YESTERDAY        T             1.67 1973   0.09  -0.09     0.16
  MONTH TO DATE    3.99                      2.07   1.92     2.22
  SINCE DEC 1      3.99                      2.07   1.92     2.22
  SINCE JAN 1     38.32                     38.49  -0.17    42.67

SNOWFALL (IN)
  YESTERDAY        T             6.6  2008   0.5   -0.5      0.0
  MONTH TO DATE   12.1                       8.5    3.6     18.8
  SINCE DEC 1     12.1                       8.5    3.6     18.8
  SINCE JUL 1     24.4                      11.3   13.1     20.9
  SNOW DEPTH       1

DEGREE DAYS
 HEATING
  YESTERDAY       36                        38     -2       21
  MONTH TO DATE  699                       730    -31      790
  SINCE DEC 1    699                       730    -31      790
  SINCE JUL 1   1974                      2134   -160     2160

 COOLING
  YESTERDAY        0                         0      0        0
  MONTH TO DATE    0                         0      0        0
  SINCE DEC 1      0                         0      0        0
  SINCE JAN 1    659                       598     61      763
..................................................................


WIND (MPH)
  HIGHEST WIND SPEED     7   HIGHEST WIND DIRECTION    NW (330)
  HIGHEST GUST SPEED     9   HIGHEST GUST DIRECTION     N (340)
  AVERAGE WIND SPEED     2.9


SKY COVER
  AVERAGE SKY COVER 1.0



RELATIVE HUMIDITY (PERCENT)
 HIGHEST    81
 LOWEST     69
 AVERAGE    75

..........................................................


THE ALBANY NY CLIMATE NORMALS FOR TODAY
                         NORMAL    RECORD    YEAR
 MAXIMUM TEMPERATURE (F)   34        60      1990
 MINIMUM TEMPERATURE (F)   19        -8      1955


SUNRISE AND SUNSET
DECEMBER 22 2014......SUNRISE   723 AM EST   SUNSET   425 PM EST
DECEMBER 23 2014......SUNRISE   723 AM EST   SUNSET   425 PM EST


-  INDICATES NEGATIVE NUMBERS.
R  INDICATES RECORD WAS SET OR TIED.
MM INDICATES DATA IS MISSING.
T  INDICATES TRACE AMOUNT.




$$
