000
CDUS41 KALY 310627
CLIALB


CLIMATE REPORT
NATIONAL WEATHER SERVICE ALBANY NY
226 AM EDT THU JUL 31 2014


...................................

...THE ALBANY NY CLIMATE SUMMARY FOR JULY 30 2014...

CLIMATE NORMAL PERIOD 1981 TO 2010
CLIMATE RECORD PERIOD 1874 TO 2014


WEATHER ITEM   OBSERVED TIME   RECORD YEAR NORMAL DEPARTURE LAST
                VALUE   (LST)  VALUE       VALUE  FROM      YEAR
                                                  NORMAL
..................................................................
TEMPERATURE (F)
 YESTERDAY
  MAXIMUM         77    316 PM 100    1933  82     -5       80
  MINIMUM         60    546 AM  44    1968  62     -2       55
  AVERAGE         69                        72     -3       68

PRECIPITATION (IN)
  YESTERDAY        0.00          2.70 1960   0.13  -0.13     0.00
  MONTH TO DATE    6.85                      3.99   2.86     5.39
  SINCE JUN 1     11.62                      7.78   3.84    14.07
  SINCE JAN 1     25.18                     22.56   2.62    28.81

DEGREE DAYS
 HEATING
  YESTERDAY        0                         0      0        0
  MONTH TO DATE    0                         0      0        2
  SINCE JUN 1     12                        52    -40       57
  SINCE JUL 1      0                         0      0        2

 COOLING
  YESTERDAY        4                         7     -3        3
  MONTH TO DATE  232                       207     25      347
  SINCE JUN 1    380                       325     55      490
  SINCE JAN 1    415                       355     60      539
..................................................................


WIND (MPH)
  HIGHEST WIND SPEED    13   HIGHEST WIND DIRECTION    SW (210)
  HIGHEST GUST SPEED    17   HIGHEST GUST DIRECTION    SW (210)
  AVERAGE WIND SPEED     3.4


SKY COVER
  AVERAGE SKY COVER 0.7



RELATIVE HUMIDITY (PERCENT)
 HIGHEST    84
 LOWEST     43
 AVERAGE    64

..........................................................


THE ALBANY NY CLIMATE NORMALS FOR TODAY
                         NORMAL    RECORD    YEAR
 MAXIMUM TEMPERATURE (F)   82        98      1917
 MINIMUM TEMPERATURE (F)   62        40      1978


SUNRISE AND SUNSET
JULY 31 2014..........SUNRISE   546 AM EDT   SUNSET   817 PM EDT
AUGUST  1 2014........SUNRISE   547 AM EDT   SUNSET   816 PM EDT


-  INDICATES NEGATIVE NUMBERS.
R  INDICATES RECORD WAS SET OR TIED.
MM INDICATES DATA IS MISSING.
T  INDICATES TRACE AMOUNT.




$$
