000
CDUS41 KALY 282042
CLIALB


CLIMATE REPORT
NATIONAL WEATHER SERVICE ALBANY NY
441 PM EDT THU MAY 28 2015


...................................

...THE ALBANY NY CLIMATE SUMMARY FOR MAY 28 2015...
VALID TODAY AS OF 0400 PM LOCAL TIME.

CLIMATE NORMAL PERIOD 1981 TO 2010
CLIMATE RECORD PERIOD 1874 TO 2015


WEATHER ITEM   OBSERVED TIME   RECORD YEAR NORMAL DEPARTURE LAST
                VALUE   (LST)  VALUE       VALUE  FROM      YEAR
                                                  NORMAL
..................................................................
TEMPERATURE (F)
 TODAY
  MAXIMUM         84   1249 PM  91    1911  73     11       63
  MINIMUM         68    528 AM  33    1994  51     17       53
  AVERAGE         76                        62     14       58

PRECIPITATION (IN)
  TODAY            T             1.13 1882   0.12  -0.12     0.06
  MONTH TO DATE    0.42                      3.23  -2.81     2.35
  SINCE MAR 1      3.77                      9.61  -5.84     7.51
  SINCE JAN 1      8.09                     14.40  -6.31    13.30

SNOWFALL (IN)
  TODAY            0.0           T    1902   0.0    0.0      0.0
  MONTH TO DATE    0.0                       0.1   -0.1      0.0
  SINCE MAR 1      5.3                      12.6   -7.3      8.3
  SINCE JUL 1     75.9                      59.1   16.8     73.5
  SNOW DEPTH       0

DEGREE DAYS
 HEATING
  TODAY            0                         5     -5        7
  MONTH TO DATE   91                       222   -131      161
  SINCE MAR 1   1687                      1671     16     1833
  SINCE JUL 1   6817                      6615    202     6950

 COOLING
  TODAY           11                         2      9        0
  MONTH TO DATE  111                        18     93       29
  SINCE MAR 1    111                        22     89       35
  SINCE JAN 1    111                        22     89       35
..................................................................


WIND (MPH)
  HIGHEST WIND SPEED    26   HIGHEST WIND DIRECTION    NW (300)
  HIGHEST GUST SPEED    35   HIGHEST GUST DIRECTION     W (290)
  AVERAGE WIND SPEED    11.3


SKY COVER
  AVERAGE SKY COVER 0.8



RELATIVE HUMIDITY (PERCENT)
 HIGHEST    87          1200 AM
 LOWEST     47           100 PM
 AVERAGE    67

..........................................................


THE ALBANY NY CLIMATE NORMALS FOR TOMORROW
                         NORMAL    RECORD    YEAR
 MAXIMUM TEMPERATURE (F)   73        93      1931
 MINIMUM TEMPERATURE (F)   51        34      1956


SUNRISE AND SUNSET
MAY 28 2015...........SUNRISE   522 AM EDT   SUNSET   823 PM EDT
MAY 29 2015...........SUNRISE   521 AM EDT   SUNSET   824 PM EDT


-  INDICATES NEGATIVE NUMBERS.
R  INDICATES RECORD WAS SET OR TIED.
MM INDICATES DATA IS MISSING.
T  INDICATES TRACE AMOUNT.




$$
