000
CDUS41 KALY 240621
CLIALB


CLIMATE REPORT
NATIONAL WEATHER SERVICE ALBANY NY
220 AM EDT MON JUL 24 2017


...................................

...THE ALBANY NY CLIMATE SUMMARY FOR JULY 23 2017...

CLIMATE NORMAL PERIOD 1981 TO 2010
CLIMATE RECORD PERIOD 1874 TO 2017


WEATHER ITEM   OBSERVED TIME   RECORD YEAR NORMAL DEPARTURE LAST
                VALUE   (LST)  VALUE       VALUE  FROM      YEAR
                                                  NORMAL
..................................................................
TEMPERATURE (F)
 YESTERDAY
  MAXIMUM         80    320 PM  96    1955  83     -3       91
  MINIMUM         63    413 AM  45    1981  62      1       65
  AVERAGE         72                        72      0       78

PRECIPITATION (IN)
  YESTERDAY        T             2.49 2008   0.13  -0.13     0.03
  MONTH TO DATE    2.88                      3.06  -0.18     3.19
  SINCE JUN 1      8.00                      6.85   1.15     5.50
  SINCE JAN 1     26.91                     21.63   5.28    16.26

DEGREE DAYS
 HEATING
  YESTERDAY        0                         0      0        0
  MONTH TO DATE    0                         0      0        0
  SINCE JUN 1     51                        52     -1       38
  SINCE JUL 1      0                         0      0        0

 COOLING
  YESTERDAY        7                         7      0       13
  MONTH TO DATE  199                       158     41      204
  SINCE JUN 1    346                       276     70      347
  SINCE JAN 1    396                       306     90      422
..................................................................


WIND (MPH)
  HIGHEST WIND SPEED     9   HIGHEST WIND DIRECTION    NE (40)
  HIGHEST GUST SPEED    13   HIGHEST GUST DIRECTION    NE (60)
  AVERAGE WIND SPEED     4.2


SKY COVER
  AVERAGE SKY COVER 0.8



RELATIVE HUMIDITY (PERCENT)
 HIGHEST    87
 LOWEST     58
 AVERAGE    73

..........................................................


THE ALBANY NY CLIMATE NORMALS FOR TODAY
                         NORMAL    RECORD    YEAR
 MAXIMUM TEMPERATURE (F)   83        96      1941
 MINIMUM TEMPERATURE (F)   62        45      1985


SUNRISE AND SUNSET
JULY 24 2017..........SUNRISE   539 AM EDT   SUNSET   824 PM EDT
JULY 25 2017..........SUNRISE   540 AM EDT   SUNSET   823 PM EDT


-  INDICATES NEGATIVE NUMBERS.
R  INDICATES RECORD WAS SET OR TIED.
MM INDICATES DATA IS MISSING.
T  INDICATES TRACE AMOUNT.




$$
