000
CDUS41 KBOX 212235
CLIBDL


CLIMATE REPORT
NATIONAL WEATHER SERVICE TAUNTON MA
635 PM EDT WED SEP 21 2016


...................................

...THE HARTFORD CT CLIMATE SUMMARY FOR SEPTEMBER 21 2016...
VALID TODAY AS OF 0600 PM LOCAL TIME.

CLIMATE NORMAL PERIOD 1981 TO 2010
CLIMATE RECORD PERIOD 1904 TO 2016


WEATHER ITEM   OBSERVED TIME   RECORD YEAR NORMAL DEPARTURE LAST
                VALUE   (LST)  VALUE       VALUE  FROM      YEAR
                                                  NORMAL
..................................................................
TEMPERATURE (F)
 TODAY
  MAXIMUM         81        MM  91    1965  73      8       73
                                      1914
  MINIMUM         59        MM  31    1962  51      8       47
  AVERAGE         70                        62      8       60

PRECIPITATION (IN)
  TODAY            0.00          3.22 1938   0.13  -0.13     0.00
  MONTH TO DATE    1.32                      2.55  -1.23     2.43
  SINCE SEP 1      1.32                      2.55  -1.23     2.43
  SINCE JAN 1     23.66                     32.82  -9.16    27.84

SNOWFALL (IN)
  TODAY            0.0           0.0  2002   0.0    0.0      0.0
                                      2001
                                      2000
  MONTH TO DATE    0.0                       0.0    0.0      0.0
  SINCE SEP 1      0.0                       0.0    0.0      0.0
  SINCE JUL 1      0.0                       0.0    0.0      0.0
  SNOW DEPTH       0

DEGREE DAYS
 HEATING
  TODAY            0                         5     -5        5
  MONTH TO DATE    9                        52    -43        8
  SINCE SEP 1      9                        52    -43        8
  SINCE JUL 1      9                        64    -55        9

 COOLING
  TODAY            5                         2      3        0
  MONTH TO DATE  119                        67     52      138
  SINCE SEP 1    119                        67     52      138
  SINCE JAN 1   1049                       742    307      952
..................................................................


WIND (MPH)
  HIGHEST WIND SPEED     9   HIGHEST WIND DIRECTION     N (10)
  HIGHEST GUST SPEED    MM   HIGHEST GUST DIRECTION    MM
  AVERAGE WIND SPEED     3.7


SKY COVER
  POSSIBLE SUNSHINE  MM
  AVERAGE SKY COVER 0.6


WEATHER CONDITIONS
 THE FOLLOWING WEATHER WAS RECORDED TODAY.
  NO SIGNIFICANT WEATHER WAS OBSERVED.


RELATIVE HUMIDITY (PERCENT)
 HIGHEST   100          1200 AM
 LOWEST     33           200 PM
 AVERAGE    67

..........................................................


THE HARTFORD CT CLIMATE NORMALS FOR TOMORROW
                         NORMAL    RECORD    YEAR
 MAXIMUM TEMPERATURE (F)   73        94      1970
 MINIMUM TEMPERATURE (F)   50        32      1962


SUNRISE AND SUNSET
SEPTEMBER 21 2016.....SUNRISE   638 AM EDT   SUNSET   649 PM EDT
SEPTEMBER 22 2016.....SUNRISE   639 AM EDT   SUNSET   647 PM EDT


-  INDICATES NEGATIVE NUMBERS.
R  INDICATES RECORD WAS SET OR TIED.
MM INDICATES DATA IS MISSING.
T  INDICATES TRACE AMOUNT.




$$
