000
CDUS41 KBOX 190608
CLIBDL


CLIMATE REPORT
NATIONAL WEATHER SERVICE TAUNTON MA
202 AM EDT SAT AUG 19 2017


...................................

...THE HARTFORD CT CLIMATE SUMMARY FOR AUGUST 18 2017...

CLIMATE NORMAL PERIOD 1981 TO 2010
CLIMATE RECORD PERIOD 1904 TO 2017


WEATHER ITEM   OBSERVED TIME   RECORD YEAR NORMAL DEPARTURE LAST
                VALUE   (LST)  VALUE       VALUE  FROM      YEAR
                                                  NORMAL
..................................................................
TEMPERATURE (F)
 YESTERDAY
  MAXIMUM         81    443 PM  96    2002  83     -2       89
  MINIMUM         68    217 AM  45    1941  61      7       67
  AVERAGE         75                        72      3       78

PRECIPITATION (IN)
  YESTERDAY        0.12          6.27 1955   0.12   0.00     0.02
  MONTH TO DATE    2.22                      2.49  -0.27     3.08
  SINCE JUN 1     12.40                     11.02   1.38     7.29
  SINCE JAN 1     30.67                     28.83   1.84    21.23

SNOWFALL (IN)
  YESTERDAY        0.0           0.0  2002   0.0    0.0      0.0
                                      2001
                                      2000
  MONTH TO DATE    0.0                       0.0    0.0      0.0
  SINCE JUN 1      0.0                       0.0    0.0      0.0
  SINCE JUL 1      0.0                       0.0    0.0      0.0
  SNOW DEPTH       0

DEGREE DAYS
 HEATING
  YESTERDAY        0                         0      0        0
  MONTH TO DATE    0                         0      0        0
  SINCE JUN 1     52                        43      9       16
  SINCE JUL 1      8                         3      5        0

 COOLING
  YESTERDAY       10                         7      3       13
  MONTH TO DATE  142                       144     -2      228
  SINCE JUN 1    566                       557      9      738
  SINCE JAN 1    626                       596     30      812
..................................................................


WIND (MPH)
  RESULTANT WIND SPEED   7   RESULTANT WIND DIRECTION   S (170)
  HIGHEST WIND SPEED    18   HIGHEST WIND DIRECTION     S (170)
  HIGHEST GUST SPEED    21   HIGHEST GUST DIRECTION     S (200)
  AVERAGE WIND SPEED     8.3


SKY COVER
  POSSIBLE SUNSHINE  MM
  AVERAGE SKY COVER 1.0


WEATHER CONDITIONS
 THE FOLLOWING WEATHER WAS RECORDED YESTERDAY.
  LIGHT RAIN
  FOG


RELATIVE HUMIDITY (PERCENT)
 HIGHEST   100          1100 PM
 LOWEST     69          1100 AM
 AVERAGE    85

..........................................................


THE HARTFORD CT CLIMATE NORMALS FOR TODAY
                         NORMAL    RECORD    YEAR
 MAXIMUM TEMPERATURE (F)   83        95      1966
 MINIMUM TEMPERATURE (F)   61        46      1977
                                             1963


SUNRISE AND SUNSET
AUGUST 19 2017........SUNRISE   603 AM EDT   SUNSET   745 PM EDT
AUGUST 20 2017........SUNRISE   604 AM EDT   SUNSET   743 PM EDT


-  INDICATES NEGATIVE NUMBERS.
R  INDICATES RECORD WAS SET OR TIED.
MM INDICATES DATA IS MISSING.
T  INDICATES TRACE AMOUNT.




$$
