000
CDUS41 KBOX 182157
CLIBDL


CLIMATE REPORT
NATIONAL WEATHER SERVICE TAUNTON MA
555 PM EDT TUE APR 18 2017


...................................

...THE HARTFORD CT CLIMATE SUMMARY FOR APRIL 18 2017...
VALID TODAY AS OF 0500 PM LOCAL TIME.

CLIMATE NORMAL PERIOD 1981 TO 2010
CLIMATE RECORD PERIOD 1904 TO 2017


WEATHER ITEM   OBSERVED TIME   RECORD YEAR NORMAL DEPARTURE LAST
                VALUE   (LST)  VALUE       VALUE  FROM      YEAR
                                                  NORMAL
..................................................................
TEMPERATURE (F)
 TODAY
  MAXIMUM         62    359 PM  95    1976  62      0       80
  MINIMUM         39    453 AM  24    1962  39      0       35
  AVERAGE         51                        51      0       58

PRECIPITATION (IN)
  TODAY            0.00          0.95 1924   0.11  -0.11     0.00
  MONTH TO DATE    2.34                      2.25   0.09     1.60
  SINCE MAR 1      6.27                      5.87   0.40     3.80
  SINCE JAN 1     12.25                     11.99   0.26    10.63

SNOWFALL (IN)
  TODAY            0.0           1.7  1965   0.0    0.0      0.0
  MONTH TO DATE    0.5                       1.2   -0.7      6.9
  SINCE MAR 1     19.6                       7.6   12.0      9.8
  SINCE JUL 1     62.3                      40.3   22.0     26.9
  SNOW DEPTH       0

DEGREE DAYS
 HEATING
  TODAY           14                        15     -1        7
  MONTH TO DATE  252                       324    -72      379
  SINCE MAR 1   1229                      1167     62     1023
  SINCE JUL 1   5122                      5605   -483     4699

 COOLING
  TODAY            0                         0      0        0
  MONTH TO DATE    9                         0      9        0
  SINCE MAR 1      9                         0      9        0
  SINCE JAN 1      9                         0      9        0
..................................................................


WIND (MPH)
  HIGHEST WIND SPEED    16   HIGHEST WIND DIRECTION     N (20)
  HIGHEST GUST SPEED    20   HIGHEST GUST DIRECTION    NE (30)
  AVERAGE WIND SPEED     7.0


SKY COVER
  POSSIBLE SUNSHINE  MM
  AVERAGE SKY COVER 0.2


WEATHER CONDITIONS
 THE FOLLOWING WEATHER WAS RECORDED TODAY.
  NO SIGNIFICANT WEATHER WAS OBSERVED.


RELATIVE HUMIDITY (PERCENT)
 HIGHEST    76           500 AM
 LOWEST     25           400 PM
 AVERAGE    51

..........................................................


THE HARTFORD CT CLIMATE NORMALS FOR TOMORROW
                         NORMAL    RECORD    YEAR
 MAXIMUM TEMPERATURE (F)   62        96      1976
 MINIMUM TEMPERATURE (F)   40        26      1926


SUNRISE AND SUNSET
APRIL 18 2017.........SUNRISE   605 AM EDT   SUNSET   735 PM EDT
APRIL 19 2017.........SUNRISE   604 AM EDT   SUNSET   736 PM EDT


-  INDICATES NEGATIVE NUMBERS.
R  INDICATES RECORD WAS SET OR TIED.
MM INDICATES DATA IS MISSING.
T  INDICATES TRACE AMOUNT.




$$
