140
CDUS41 KBOX 122125
CLIBDL


CLIMATE REPORT
NATIONAL WEATHER SERVICE TAUNTON MA
421 PM EST SUN NOV 12 2017


...................................

...THE HARTFORD CT CLIMATE SUMMARY FOR NOVEMBER 12 2017...
VALID AS OF 0400 PM LOCAL TIME.

CLIMATE NORMAL PERIOD 1981 TO 2010
CLIMATE RECORD PERIOD 1904 TO 2017


WEATHER ITEM   OBSERVED TIME   RECORD YEAR NORMAL DEPARTURE LAST
                VALUE   (LST)  VALUE       VALUE  FROM      YEAR
                                                  NORMAL
..................................................................
TEMPERATURE (F)
 TODAY
  MAXIMUM         46    259 PM  74    1909  53     -7       49
  MINIMUM         21    417 AM  20    1976  34    -13       27
                                      1957
  AVERAGE         34                        44    -10       38

PRECIPITATION (IN)
  TODAY            0.00          2.05 1947   0.12  -0.12     0.00
  MONTH TO DATE    0.18                      1.50  -1.32     0.01
  SINCE SEP 1     11.20                      9.75   1.45     4.60
  SINCE JAN 1     42.31                     40.02   2.29    26.94

SNOWFALL (IN)
  TODAY            0.0           4.6  1968   0.1   -0.1      0.0
  MONTH TO DATE    T                         0.5   -0.5      0.0
  SINCE SEP 1      T                         0.5   -0.5      1.5
  SINCE JUL 1      T                         0.5   -0.5      1.5
  SNOW DEPTH       0

DEGREE DAYS
 HEATING
  TODAY           31                        21     10       27
  MONTH TO DATE  254                       235     19      215
  SINCE SEP 1    499                       752   -253      624
  SINCE JUL 1    515                       764   -249      624

 COOLING
  TODAY            0                         0      0        0
  MONTH TO DATE    0                         0      0        0
  SINCE SEP 1    178                        81     97      138
  SINCE JAN 1    865                       756    109     1068
..................................................................


WIND (MPH)
  HIGHEST WIND SPEED     9   HIGHEST WIND DIRECTION    SE (150)
  HIGHEST GUST SPEED    13   HIGHEST GUST DIRECTION     S (180)
  AVERAGE WIND SPEED     2.6


SKY COVER
  POSSIBLE SUNSHINE  MM
  AVERAGE SKY COVER 0.6


WEATHER CONDITIONS
 THE FOLLOWING WEATHER WAS RECORDED TODAY.
  NO SIGNIFICANT WEATHER WAS OBSERVED.


RELATIVE HUMIDITY (PERCENT)
 HIGHEST    84           300 AM
 LOWEST     33           400 PM
 AVERAGE    59

..........................................................


THE HARTFORD CT CLIMATE NORMALS FOR TOMORROW
                         NORMAL    RECORD    YEAR
 MAXIMUM TEMPERATURE (F)   53        73      1964
 MINIMUM TEMPERATURE (F)   34        18      2001


SUNRISE AND SUNSET
NOVEMBER 12 2017......SUNRISE   637 AM EST   SUNSET   432 PM EST
NOVEMBER 13 2017......SUNRISE   638 AM EST   SUNSET   431 PM EST


-  INDICATES NEGATIVE NUMBERS.
R  INDICATES RECORD WAS SET OR TIED.
MM INDICATES DATA IS MISSING.
T  INDICATES TRACE AMOUNT.




$$
