000
CDUS41 KBOX 102132
CLIBDL


CLIMATE REPORT
NATIONAL WEATHER SERVICE TAUNTON MA
422 PM EST WED JAN 10 2018


...................................

...THE HARTFORD CT CLIMATE SUMMARY FOR JANUARY 10 2018...
VALID AS OF 0400 PM LOCAL TIME.

CLIMATE NORMAL PERIOD 1981 TO 2010
CLIMATE RECORD PERIOD 1904 TO 2018


WEATHER ITEM   OBSERVED TIME   RECORD YEAR NORMAL DEPARTURE LAST
                VALUE   (LST)  VALUE       VALUE  FROM      YEAR
                                                  NORMAL
..................................................................
TEMPERATURE (F)
 TODAY
  MAXIMUM         36    327 PM  59    2016  34      2       36
  MINIMUM         14    717 AM  -8    1942  17     -3        1
  AVERAGE         25                        26     -1       19

PRECIPITATION (IN)
  TODAY            0.00          1.46 2016   0.10  -0.10      T
  MONTH TO DATE    0.68                      1.00  -0.32     1.21
  SINCE DEC 1      3.09                      4.44  -1.35     3.94
  SINCE JAN 1      0.68                      1.00  -0.32     1.21

SNOWFALL (IN)
  TODAY            0.0           4.7  1957   0.4   -0.4       T
  MONTH TO DATE   10.2                       3.9    6.3      4.1
  SINCE DEC 1     20.0                      11.3    8.7     14.3
  SINCE JUL 1     20.0                      13.3    6.7     15.8
  SNOW DEPTH       7

DEGREE DAYS
 HEATING
  TODAY           40                        39      1       46
  MONTH TO DATE  505                       387    118      389
  SINCE DEC 1   1664                      1424    240     1399
  SINCE JUL 1   2655                      2631     24     2436

 COOLING
  TODAY            0                         0      0        0
  MONTH TO DATE    0                         0      0        0
  SINCE DEC 1      0                         0      0        0
  SINCE JAN 1      0                         0      0        0
..................................................................


WIND (MPH)
  HIGHEST WIND SPEED    14   HIGHEST WIND DIRECTION     S (170)
  HIGHEST GUST SPEED    16   HIGHEST GUST DIRECTION     S (190)
  AVERAGE WIND SPEED     4.9


SKY COVER
  POSSIBLE SUNSHINE  MM
  AVERAGE SKY COVER 0.2


WEATHER CONDITIONS
 THE FOLLOWING WEATHER WAS RECORDED TODAY.
  NO SIGNIFICANT WEATHER WAS OBSERVED.


RELATIVE HUMIDITY (PERCENT)
 HIGHEST    88           600 AM
 LOWEST     47           200 PM
 AVERAGE    68

..........................................................


THE HARTFORD CT CLIMATE NORMALS FOR TOMORROW
                         NORMAL    RECORD    YEAR
 MAXIMUM TEMPERATURE (F)   34        60      1983
 MINIMUM TEMPERATURE (F)   17       -14      1988


SUNRISE AND SUNSET
JANUARY 10 2018.......SUNRISE   718 AM EST   SUNSET   439 PM EST
JANUARY 11 2018.......SUNRISE   718 AM EST   SUNSET   440 PM EST


-  INDICATES NEGATIVE NUMBERS.
R  INDICATES RECORD WAS SET OR TIED.
MM INDICATES DATA IS MISSING.
T  INDICATES TRACE AMOUNT.




$$
