463
CDUS41 KBOX 230543
CLIBDL


CLIMATE REPORT
NATIONAL WEATHER SERVICE TAUNTON MA
137 AM EDT TUE MAY 23 2017


...................................

...THE HARTFORD CT CLIMATE SUMMARY FOR MAY 22 2017...

CLIMATE NORMAL PERIOD 1981 TO 2010
CLIMATE RECORD PERIOD 1904 TO 2017


WEATHER ITEM   OBSERVED TIME   RECORD YEAR NORMAL DEPARTURE LAST
                VALUE   (LST)  VALUE       VALUE  FROM      YEAR
                                                  NORMAL
..................................................................
TEMPERATURE (F)
 YESTERDAY
  MAXIMUM         59   1251 PM  95    1992  73    -14       75
  MINIMUM         51    424 AM  35    2002  49      2       53
  AVERAGE         55                        61     -6       64

PRECIPITATION (IN)
  YESTERDAY        0.05          0.88 2001   0.16  -0.11      T
  MONTH TO DATE    3.11                      2.90   0.21     1.77
  SINCE MAR 1     10.81                     10.24   0.57     6.41
  SINCE JAN 1     16.79                     16.36   0.43    13.24

SNOWFALL (IN)
  YESTERDAY        0.0           0.0  2002   0.0    0.0      0.0
                                      2001
                                      2000
  MONTH TO DATE    0.0                       0.0    0.0      0.0
  SINCE MAR 1     19.6                       7.8   11.8      9.8
  SINCE JUL 1     62.3                      40.5   21.8     26.9
  SNOW DEPTH       0

DEGREE DAYS
 HEATING
  YESTERDAY       10                         5      5        1
  MONTH TO DATE  192                       166     26      204
  SINCE MAR 1   1534                      1481     53     1364
  SINCE JUL 1   5427                      5919   -492     5040

 COOLING
  YESTERDAY        0                         1     -1        0
  MONTH TO DATE   37                        15     22        0
  SINCE MAR 1     60                        21     39        2
  SINCE JAN 1     60                        21     39        2
..................................................................


WIND (MPH)
  RESULTANT WIND SPEED   7   RESULTANT WIND DIRECTION   S (170)
  HIGHEST WIND SPEED    15   HIGHEST WIND DIRECTION     S (170)
  HIGHEST GUST SPEED    21   HIGHEST GUST DIRECTION     S (180)
  AVERAGE WIND SPEED     7.8


SKY COVER
  POSSIBLE SUNSHINE  MM
  AVERAGE SKY COVER 1.0


WEATHER CONDITIONS
 THE FOLLOWING WEATHER WAS RECORDED YESTERDAY.
  LIGHT RAIN
  FOG


RELATIVE HUMIDITY (PERCENT)
 HIGHEST   100           900 PM
 LOWEST     47          1200 AM
 AVERAGE    74

..........................................................


THE HARTFORD CT CLIMATE NORMALS FOR TODAY
                         NORMAL    RECORD    YEAR
 MAXIMUM TEMPERATURE (F)   73        96      1964
 MINIMUM TEMPERATURE (F)   50        37      1976


SUNRISE AND SUNSET
MAY 23 2017...........SUNRISE   523 AM EDT   SUNSET   812 PM EDT
MAY 24 2017...........SUNRISE   523 AM EDT   SUNSET   813 PM EDT


-  INDICATES NEGATIVE NUMBERS.
R  INDICATES RECORD WAS SET OR TIED.
MM INDICATES DATA IS MISSING.
T  INDICATES TRACE AMOUNT.




$$
