000
CDUS41 KBOX 210544
CLIBDL


CLIMATE REPORT
NATIONAL WEATHER SERVICE TAUNTON MA
137 AM EDT THU SEP 21 2017


...................................

...THE HARTFORD CT CLIMATE SUMMARY FOR SEPTEMBER 20 2017...

CLIMATE NORMAL PERIOD 1981 TO 2010
CLIMATE RECORD PERIOD 1904 TO 2017


WEATHER ITEM   OBSERVED TIME   RECORD YEAR NORMAL DEPARTURE LAST
                VALUE   (LST)  VALUE       VALUE  FROM      YEAR
                                                  NORMAL
..................................................................
TEMPERATURE (F)
 YESTERDAY
  MAXIMUM         78   1241 PM  95    1983  73      5       81
  MINIMUM         69    511 AM  30    1979  51     18       63
  AVERAGE         74                        62     12       72

PRECIPITATION (IN)
  YESTERDAY        T             6.10 1938   0.15  -0.15      T
  MONTH TO DATE    2.19                      2.42  -0.23     1.32
  SINCE SEP 1      2.19                      2.42  -0.23     1.32
  SINCE JAN 1     33.30                     32.69   0.61    23.66

SNOWFALL (IN)
  YESTERDAY        0.0           0.0  2002   0.0    0.0      0.0
                                      2001
                                      2000
  MONTH TO DATE    0.0                       0.0    0.0      0.0
  SINCE SEP 1      0.0                       0.0    0.0      0.0
  SINCE JUL 1      0.0                       0.0    0.0      0.0
  SNOW DEPTH       0

DEGREE DAYS
 HEATING
  YESTERDAY        0                         4     -4        0
  MONTH TO DATE   39                        47     -8        9
  SINCE SEP 1     39                        47     -8        9
  SINCE JUL 1     55                        59     -4        9

 COOLING
  YESTERDAY        9                         2      7        7
  MONTH TO DATE   72                        65      7      114
  SINCE SEP 1     72                        65      7      114
  SINCE JAN 1    759                       740     19     1044
..................................................................


WIND (MPH)
  RESULTANT WIND SPEED  13   RESULTANT WIND DIRECTION   N (0)
  HIGHEST WIND SPEED    23   HIGHEST WIND DIRECTION     N (20)
  HIGHEST GUST SPEED    29   HIGHEST GUST DIRECTION     N (20)
  AVERAGE WIND SPEED    13.1


SKY COVER
  POSSIBLE SUNSHINE  MM
  AVERAGE SKY COVER 1.0


WEATHER CONDITIONS
 THE FOLLOWING WEATHER WAS RECORDED YESTERDAY.
  LIGHT RAIN


RELATIVE HUMIDITY (PERCENT)
 HIGHEST    84          1200 AM
 LOWEST     68          1100 PM
 AVERAGE    76

..........................................................


THE HARTFORD CT CLIMATE NORMALS FOR TODAY
                         NORMAL    RECORD    YEAR
 MAXIMUM TEMPERATURE (F)   73        91      1965
                                             1914
 MINIMUM TEMPERATURE (F)   51        31      1962


SUNRISE AND SUNSET
SEPTEMBER 21 2017.....SUNRISE   637 AM EDT   SUNSET   649 PM EDT
SEPTEMBER 22 2017.....SUNRISE   638 AM EDT   SUNSET   648 PM EDT


-  INDICATES NEGATIVE NUMBERS.
R  INDICATES RECORD WAS SET OR TIED.
MM INDICATES DATA IS MISSING.
T  INDICATES TRACE AMOUNT.




$$
