000
CDUS41 KBOX 210548
CLIBDL


CLIMATE REPORT
NATIONAL WEATHER SERVICE TAUNTON MA
147 AM EDT TUE OCT 21 2014


...................................

...THE HARTFORD CT CLIMATE SUMMARY FOR OCTOBER 20 2014...

CLIMATE NORMAL PERIOD 1981 TO 2010
CLIMATE RECORD PERIOD 1904 TO 2014


WEATHER ITEM   OBSERVED TIME   RECORD YEAR NORMAL DEPARTURE LAST
                VALUE   (LST)  VALUE       VALUE  FROM      YEAR
                                                  NORMAL
..................................................................
TEMPERATURE (F)
 YESTERDAY
  MAXIMUM         57   1257 PM  81    1969  62     -5       63
  MINIMUM         33    239 AM  23    1972  40     -7       44
  AVERAGE         45                        51     -6       54

PRECIPITATION (IN)
  YESTERDAY        0.00          3.06 1989   0.14  -0.14     0.00
  MONTH TO DATE    2.93                      2.94  -0.01     2.08
  SINCE SEP 1      4.55                      6.82  -2.27     5.66
  SINCE JAN 1     36.52                     37.09  -0.57    43.66

SNOWFALL (IN)
  YESTERDAY        0.0           T    1952   0.0    0.0      0.0
  MONTH TO DATE    0.0                       0.0    0.0      0.0
  SINCE SEP 1      0.0                       0.0    0.0      0.0
  SINCE JUL 1      0.0                       0.0    0.0      0.0
  SNOW DEPTH       0

DEGREE DAYS
 HEATING
  YESTERDAY       20                        14      6       11
  MONTH TO DATE  163                       228    -65      134
  SINCE SEP 1    247                       338    -91      265
  SINCE JUL 1    249                       350   -101      267

 COOLING
  YESTERDAY        0                         0      0        0
  MONTH TO DATE   15                         5     10        5
  SINCE SEP 1    112                        79     33       70
  SINCE JAN 1    771                       754     17      894
..................................................................


WIND (MPH)
  RESULTANT WIND SPEED   5   RESULTANT WIND DIRECTION   S (200)
  HIGHEST WIND SPEED    17   HIGHEST WIND DIRECTION     S (190)
  HIGHEST GUST SPEED    21   HIGHEST GUST DIRECTION     S (190)
  AVERAGE WIND SPEED     5.7


SKY COVER
  POSSIBLE SUNSHINE  MM
  AVERAGE SKY COVER 0.7


WEATHER CONDITIONS
 THE FOLLOWING WEATHER WAS RECORDED YESTERDAY.
  NO SIGNIFICANT WEATHER WAS OBSERVED.


RELATIVE HUMIDITY (PERCENT)
 HIGHEST    82           600 AM
 LOWEST     40           100 PM
 AVERAGE    61

..........................................................


THE HARTFORD CT CLIMATE NORMALS FOR TODAY
                         NORMAL    RECORD    YEAR
 MAXIMUM TEMPERATURE (F)   61        82      1920
 MINIMUM TEMPERATURE (F)   39        19      1972


SUNRISE AND SUNSET
OCTOBER 21 2014.......SUNRISE   710 AM EDT   SUNSET   600 PM EDT
OCTOBER 22 2014.......SUNRISE   711 AM EDT   SUNSET   559 PM EDT


-  INDICATES NEGATIVE NUMBERS.
R  INDICATES RECORD WAS SET OR TIED.
MM INDICATES DATA IS MISSING.
T  INDICATES TRACE AMOUNT.




$$
