000
CDUS41 KBOX 040531
CLIBDL


CLIMATE REPORT
NATIONAL WEATHER SERVICE TAUNTON MA
1231 AM EST SUN DEC 4 2016


...................................

...THE HARTFORD CT CLIMATE SUMMARY FOR DECEMBER 3 2016...

CLIMATE NORMAL PERIOD 1981 TO 2010
CLIMATE RECORD PERIOD 1904 TO 2016


WEATHER ITEM   OBSERVED TIME   RECORD YEAR NORMAL DEPARTURE LAST
                VALUE   (LST)  VALUE       VALUE  FROM      YEAR
                                                  NORMAL
..................................................................
TEMPERATURE (F)
 YESTERDAY
  MAXIMUM         46   1217 PM  67    2009  44      2       49
  MINIMUM         33   1150 PM   5    1940  28      5       40
  AVERAGE         40                        36      4       45

PRECIPITATION (IN)
  YESTERDAY        0.00          1.60 1967   0.13  -0.13     0.00
  MONTH TO DATE    0.30                      0.38  -0.08     0.58
  SINCE DEC 1      0.30                      0.38  -0.08     0.58
  SINCE JAN 1     30.29                     42.79 -12.50    35.54

SNOWFALL (IN)
  YESTERDAY        0.0           4.3  1949   0.2   -0.2      0.0
  MONTH TO DATE    0.0                       0.5   -0.5      0.0
  SINCE DEC 1      0.0                       0.5   -0.5      0.0
  SINCE JUL 1      1.5                       2.5   -1.0       T
  SNOW DEPTH       0

DEGREE DAYS
 HEATING
  YESTERDAY       25                        29     -4       20
  MONTH TO DATE   67                        85    -18       77
  SINCE DEC 1     67                        85    -18       77
  SINCE JUL 1   1104                      1292   -188     1061

 COOLING
  YESTERDAY        0                         0      0        0
  MONTH TO DATE    0                         0      0        0
  SINCE DEC 1      0                         0      0        0
  SINCE JAN 1   1068                       756    312      964
..................................................................


WIND (MPH)
  RESULTANT WIND SPEED  14   RESULTANT WIND DIRECTION  NW (310)
  HIGHEST WIND SPEED    25   HIGHEST WIND DIRECTION    NW (320)
  HIGHEST GUST SPEED    36   HIGHEST GUST DIRECTION    NW (310)
  AVERAGE WIND SPEED    13.9


SKY COVER
  POSSIBLE SUNSHINE  MM
  AVERAGE SKY COVER 0.7


WEATHER CONDITIONS
 THE FOLLOWING WEATHER WAS RECORDED YESTERDAY.
  NO SIGNIFICANT WEATHER WAS OBSERVED.


RELATIVE HUMIDITY (PERCENT)
 HIGHEST    64           200 AM
 LOWEST     43           200 PM
 AVERAGE    54

..........................................................


THE HARTFORD CT CLIMATE NORMALS FOR TODAY
                         NORMAL    RECORD    YEAR
 MAXIMUM TEMPERATURE (F)   44        71      1998
                                             1982
 MINIMUM TEMPERATURE (F)   28         2      1906


SUNRISE AND SUNSET
DECEMBER  4 2016......SUNRISE   702 AM EST   SUNSET   420 PM EST
DECEMBER  5 2016......SUNRISE   703 AM EST   SUNSET   420 PM EST


-  INDICATES NEGATIVE NUMBERS.
R  INDICATES RECORD WAS SET OR TIED.
MM INDICATES DATA IS MISSING.
T  INDICATES TRACE AMOUNT.




$$
