000
CDUS41 KBOX 252121
CLIBDL


CLIMATE REPORT
NATIONAL WEATHER SERVICE TAUNTON MA
421 PM EST THU DEC 25 2014


...................................

...THE HARTFORD CT CLIMATE SUMMARY FOR DECEMBER 25 2014...
VALID AS OF 0400 PM LOCAL TIME.

CLIMATE NORMAL PERIOD 1981 TO 2010
CLIMATE RECORD PERIOD 1904 TO 2014


WEATHER ITEM   OBSERVED TIME   RECORD YEAR NORMAL DEPARTURE LAST
                VALUE   (LST)  VALUE       VALUE  FROM      YEAR
                                                  NORMAL
..................................................................
TEMPERATURE (F)
 TODAY
  MAXIMUM         56    641 AM  64    1964  37     19       26
  MINIMUM         43    340 AM -13    1980  20     23       13
  AVERAGE         50                        29     21       20

PRECIPITATION (IN)
  TODAY            0.04          1.39 1979   0.11  -0.07     0.00
  MONTH TO DATE    4.51                      2.84   1.67     2.73
  SINCE DEC 1      4.51                      2.84   1.67     2.73
  SINCE JAN 1     45.79                     45.25   0.54    50.52

SNOWFALL (IN)
  TODAY            0.0           7.0  1966   0.3   -0.3      0.0
  MONTH TO DATE    0.7                       5.5   -4.8     12.4
  SINCE DEC 1      0.7                       5.5   -4.8     12.4
  SINCE JUL 1      5.8                       7.5   -1.7     12.4
  SNOW DEPTH       0

DEGREE DAYS
 HEATING
  TODAY           15                        36    -21       45
  MONTH TO DATE  720                       812    -92      844
  SINCE DEC 1    720                       812    -92      844
  SINCE JUL 1   1817                      2019   -202     2076

 COOLING
  TODAY            0                         0      0        0
  MONTH TO DATE    0                         0      0        0
  SINCE DEC 1      0                         0      0        0
  SINCE JAN 1    771                       756     15      894
..................................................................


WIND (MPH)
  HIGHEST WIND SPEED    28   HIGHEST WIND DIRECTION     W (290)
  HIGHEST GUST SPEED    41   HIGHEST GUST DIRECTION     W (280)
  AVERAGE WIND SPEED     9.8


SKY COVER
  POSSIBLE SUNSHINE  MM
  AVERAGE SKY COVER 0.8


WEATHER CONDITIONS
 THE FOLLOWING WEATHER WAS RECORDED TODAY.
  LIGHT RAIN
  FOG
  FOG W/VISIBILITY <= 1/4 MILE


RELATIVE HUMIDITY (PERCENT)
 HIGHEST    96           100 AM
 LOWEST     41           300 PM
 AVERAGE    69

..........................................................


THE HARTFORD CT CLIMATE NORMALS FOR TOMORROW
                         NORMAL    RECORD    YEAR
 MAXIMUM TEMPERATURE (F)   37        61      1982
 MINIMUM TEMPERATURE (F)   20       -14      1980


SUNRISE AND SUNSET
DECEMBER 25 2014......SUNRISE   717 AM EST   SUNSET   425 PM EST
DECEMBER 26 2014......SUNRISE   717 AM EST   SUNSET   425 PM EST


-  INDICATES NEGATIVE NUMBERS.
R  INDICATES RECORD WAS SET OR TIED.
MM INDICATES DATA IS MISSING.
T  INDICATES TRACE AMOUNT.




$$
