134
CDUS41 KBOX 232147
CLIBDL


CLIMATE REPORT
NATIONAL WEATHER SERVICE TAUNTON MA
437 PM EST FRI FEB 23 2018


...................................

...THE HARTFORD CT CLIMATE SUMMARY FOR FEBRUARY 23 2018...
VALID TODAY AS OF 0400 PM LOCAL TIME.

CLIMATE NORMAL PERIOD 1981 TO 2010
CLIMATE RECORD PERIOD 1904 TO 2018


WEATHER ITEM   OBSERVED TIME   RECORD YEAR NORMAL DEPARTURE LAST
                VALUE   (LST)  VALUE       VALUE  FROM      YEAR
                                                  NORMAL
..................................................................
TEMPERATURE (F)
 TODAY
  MAXIMUM         35    259 PM  68    1990  41     -6       66
  MINIMUM         27    644 AM  -3    1907  23      4       34
  AVERAGE         31                        32     -1       50

PRECIPITATION (IN)
  TODAY            0.03          0.83 2003   0.11  -0.08     0.00
                                      1919
  MONTH TO DATE    4.07                      2.34   1.73     2.09
  SINCE DEC 1     10.34                      9.01   1.33     8.31
  SINCE JAN 1      7.93                      5.57   2.36     5.58

SNOWFALL (IN)
  TODAY            0.0           5.5  1935   0.3   -0.3      0.0
  MONTH TO DATE    8.3                       9.5   -1.2     22.6
  SINCE DEC 1     31.8                      29.2    2.6     41.2
  SINCE JUL 1     31.8                      31.2    0.6     42.7
  SNOW DEPTH       1

DEGREE DAYS
 HEATING
  TODAY           34                        33      1       15
  MONTH TO DATE  714                       825   -111      764
  SINCE DEC 1   3100                      3068     32     2767
  SINCE JUL 1   4091                      4275   -184     3804

 COOLING
  TODAY            0                         0      0        0
  MONTH TO DATE    0                         0      0        0
  SINCE DEC 1      0                         0      0        0
  SINCE JAN 1      0                         0      0        0
..................................................................


WIND (MPH)
  HIGHEST WIND SPEED    10   HIGHEST WIND DIRECTION    NE (30)
  HIGHEST GUST SPEED    12   HIGHEST GUST DIRECTION    NE (30)
  AVERAGE WIND SPEED     3.3


SKY COVER
  POSSIBLE SUNSHINE  MM
  AVERAGE SKY COVER 0.9


WEATHER CONDITIONS
 THE FOLLOWING WEATHER WAS RECORDED TODAY.
  RAIN
  LIGHT RAIN
  FOG


RELATIVE HUMIDITY (PERCENT)
 HIGHEST   100          1200 AM
 LOWEST     82          1000 AM
 AVERAGE    91

..........................................................


THE HARTFORD CT CLIMATE NORMALS FOR TOMORROW
                         NORMAL    RECORD    YEAR
 MAXIMUM TEMPERATURE (F)   41        73      1985
 MINIMUM TEMPERATURE (F)   23        -8      2015


SUNRISE AND SUNSET
FEBRUARY 23 2018......SUNRISE   635 AM EST   SUNSET   534 PM EST
FEBRUARY 24 2018......SUNRISE   634 AM EST   SUNSET   535 PM EST


-  INDICATES NEGATIVE NUMBERS.
R  INDICATES RECORD WAS SET OR TIED.
MM INDICATES DATA IS MISSING.
T  INDICATES TRACE AMOUNT.




$$
