000
CDUS41 KBOX 032214
CLIBDL


CLIMATE REPORT
NATIONAL WEATHER SERVICE TAUNTON MA
614 PM EDT TUE OCT 3 2017


...................................

...THE HARTFORD CT CLIMATE SUMMARY FOR OCTOBER 3 2017...
VALID TODAY AS OF 0600 PM LOCAL TIME.

CLIMATE NORMAL PERIOD 1981 TO 2010
CLIMATE RECORD PERIOD 1904 TO 2017


WEATHER ITEM   OBSERVED TIME   RECORD YEAR NORMAL DEPARTURE LAST
                VALUE   (LST)  VALUE       VALUE  FROM      YEAR
                                                  NORMAL
..................................................................
TEMPERATURE (F)
 TODAY
  MAXIMUM         72    200 PM  85    1919  68      4       73
  MINIMUM         41        MM  32    1975  46     -5       57
  AVERAGE         57                        57      0       65

PRECIPITATION (IN)
  TODAY            0.00          2.18 1979   0.14  -0.14      T
  MONTH TO DATE    0.00                      0.45  -0.45     0.06
  SINCE SEP 1      2.25                      4.33  -2.08     2.48
  SINCE JAN 1     33.36                     34.60  -1.24    24.82

SNOWFALL (IN)
  TODAY            0.0           T    1974   0.0    0.0      0.0
  MONTH TO DATE    0.0                       0.0    0.0      0.0
  SINCE SEP 1      0.0                       0.0    0.0      0.0
  SINCE JUL 1      0.0                       0.0    0.0      0.0
  SNOW DEPTH       0

DEGREE DAYS
 HEATING
  TODAY            8                         9     -1        0
  MONTH TO DATE   28                        25      3       21
  SINCE SEP 1     87                       135    -48       79
  SINCE JUL 1    103                       147    -44       79

 COOLING
  TODAY            0                         1     -1        0
  MONTH TO DATE    0                         3     -3        0
  SINCE SEP 1    142                        77     65      126
  SINCE JAN 1    829                       752     77     1056
..................................................................


WIND (MPH)
  HIGHEST WIND SPEED    10   HIGHEST WIND DIRECTION     S (190)
  HIGHEST GUST SPEED    MM   HIGHEST GUST DIRECTION    MM
  AVERAGE WIND SPEED     4.3


SKY COVER
  POSSIBLE SUNSHINE  MM
  AVERAGE SKY COVER 0.2


WEATHER CONDITIONS
 THE FOLLOWING WEATHER WAS RECORDED TODAY.
  FOG


RELATIVE HUMIDITY (PERCENT)
 HIGHEST   100           100 AM
 LOWEST     44           200 PM
 AVERAGE    72

..........................................................


THE HARTFORD CT CLIMATE NORMALS FOR TOMORROW
                         NORMAL    RECORD    YEAR
 MAXIMUM TEMPERATURE (F)   68        86      2007
 MINIMUM TEMPERATURE (F)   45        27      1945


SUNRISE AND SUNSET
OCTOBER  3 2017.......SUNRISE   650 AM EDT   SUNSET   629 PM EDT
OCTOBER  4 2017.......SUNRISE   651 AM EDT   SUNSET   627 PM EDT


-  INDICATES NEGATIVE NUMBERS.
R  INDICATES RECORD WAS SET OR TIED.
MM INDICATES DATA IS MISSING.
T  INDICATES TRACE AMOUNT.




$$
