000
CDUS41 KBOX 210534
CLIBDL


CLIMATE REPORT
NATIONAL WEATHER SERVICE TAUNTON MA
134 AM EDT THU AUG 21 2014


...................................

...THE HARTFORD CT CLIMATE SUMMARY FOR AUGUST 20 2014...

CLIMATE NORMAL PERIOD 1981 TO 2010
CLIMATE RECORD PERIOD 1904 TO 2014


WEATHER ITEM   OBSERVED TIME   RECORD YEAR NORMAL DEPARTURE LAST
                VALUE   (LST)  VALUE       VALUE  FROM      YEAR
                                                  NORMAL
..................................................................
TEMPERATURE (F)
 YESTERDAY
  MAXIMUM         84    428 PM  96    1937  82      2       87
  MINIMUM         57    527 AM  46    1995  61     -4       59
                                      1949
                                      1944
  AVERAGE         71                        72     -1       73

PRECIPITATION (IN)
  YESTERDAY        0.00          2.43 1950   0.12  -0.12     0.00
  MONTH TO DATE    3.32                      2.74   0.58     5.31
  SINCE JUN 1      9.52                     11.27  -1.75    20.29
  SINCE JAN 1     31.53                     29.08   2.45    36.43

SNOWFALL (IN)
  YESTERDAY        0.0           0.0  2002   0.0    0.0      0.0
                                      2001
                                      2000
  MONTH TO DATE    0.0                       0.0    0.0      0.0
  SINCE JUN 1      0.0                       0.0    0.0      0.0
  SINCE JUL 1      0.0                       0.0    0.0      0.0
  SNOW DEPTH       0

DEGREE DAYS
 HEATING
  YESTERDAY        0                         0      0        0
  MONTH TO DATE    2                         0      2        0
  SINCE JUN 1      8                        43    -35       35
  SINCE JUL 1      2                         3     -1        2

 COOLING
  YESTERDAY        6                         7     -1        8
  MONTH TO DATE  107                       158    -51       97
  SINCE JUN 1    559                       571    -12      685
  SINCE JAN 1    591                       610    -19      739
..................................................................


WIND (MPH)
  RESULTANT WIND SPEED   3   RESULTANT WIND DIRECTION  SE (140)
  HIGHEST WIND SPEED    12   HIGHEST WIND DIRECTION     S (170)
  HIGHEST GUST SPEED    15   HIGHEST GUST DIRECTION     S (170)
  AVERAGE WIND SPEED     4.6


SKY COVER
  POSSIBLE SUNSHINE  MM
  AVERAGE SKY COVER 0.5


WEATHER CONDITIONS
 THE FOLLOWING WEATHER WAS RECORDED YESTERDAY.
  NO SIGNIFICANT WEATHER WAS OBSERVED.


RELATIVE HUMIDITY (PERCENT)
 HIGHEST    93           200 AM
 LOWEST     43           300 PM
 AVERAGE    68

..........................................................


THE HARTFORD CT CLIMATE NORMALS FOR TODAY
                         NORMAL    RECORD    YEAR
 MAXIMUM TEMPERATURE (F)   82        93      1995
                                             1976
                                             1955
 MINIMUM TEMPERATURE (F)   61        45      2000
                                             1984
                                             1949


SUNRISE AND SUNSET
AUGUST 21 2014........SUNRISE   605 AM EDT   SUNSET   742 PM EDT
AUGUST 22 2014........SUNRISE   606 AM EDT   SUNSET   740 PM EDT


-  INDICATES NEGATIVE NUMBERS.
R  INDICATES RECORD WAS SET OR TIED.
MM INDICATES DATA IS MISSING.
T  INDICATES TRACE AMOUNT.




$$
