000
CDUS41 KBOX 092133
CLIBDL


CLIMATE REPORT
NATIONAL WEATHER SERVICE TAUNTON MA
533 PM EDT TUE SEP 9 2014


...................................

...THE HARTFORD CT CLIMATE SUMMARY FOR SEPTEMBER 9 2014...
VALID AS OF 0500 PM LOCAL TIME.

CLIMATE NORMAL PERIOD 1981 TO 2010
CLIMATE RECORD PERIOD 1904 TO 2014


WEATHER ITEM   OBSERVED TIME   RECORD YEAR NORMAL DEPARTURE LAST
                VALUE   (LST)  VALUE       VALUE  FROM      YEAR
                                                  NORMAL
..................................................................
TEMPERATURE (F)
 TODAY
  MAXIMUM         74    236 PM  91    2002  77     -3       72
                                      1971
                                      1915
  MINIMUM         52    301 AM  38    1986  55     -3       43
  AVERAGE         63                        66     -3       58

PRECIPITATION (IN)
  TODAY            0.00          1.44 1935   0.12  -0.12     0.00
  MONTH TO DATE    0.21                      0.98  -0.77     1.41
  SINCE SEP 1      0.21                      0.98  -0.77     1.41
  SINCE JAN 1     32.18                     31.25   0.93    39.41

SNOWFALL (IN)
  TODAY            0.0           0.0  2002   0.0    0.0      0.0
                                      2001
                                      2000
  MONTH TO DATE    0.0                       0.0    0.0      0.0
  SINCE SEP 1      0.0                       0.0    0.0      0.0
  SINCE JUL 1      0.0                       0.0    0.0      0.0
  SNOW DEPTH       0

DEGREE DAYS
 HEATING
  TODAY            2                         2      0        7
  MONTH TO DATE    2                        12    -10       18
  SINCE SEP 1      2                        12    -10       18
  SINCE JUL 1      4                        24    -20       20

 COOLING
  TODAY            0                         3     -3        0
  MONTH TO DATE   77                        38     39       27
  SINCE SEP 1     77                        38     39       27
  SINCE JAN 1    736                       713     23      851
..................................................................


WIND (MPH)
  HIGHEST WIND SPEED    13   HIGHEST WIND DIRECTION    NE (30)
  HIGHEST GUST SPEED    15   HIGHEST GUST DIRECTION     N (10)
  AVERAGE WIND SPEED     7.1


SKY COVER
  POSSIBLE SUNSHINE  MM
  AVERAGE SKY COVER 0.7


WEATHER CONDITIONS
 THE FOLLOWING WEATHER WAS RECORDED TODAY.
  NO SIGNIFICANT WEATHER WAS OBSERVED.


RELATIVE HUMIDITY (PERCENT)
 HIGHEST    89           400 AM
 LOWEST     49           300 PM
 AVERAGE    69

..........................................................


THE HARTFORD CT CLIMATE NORMALS FOR TOMORROW
                         NORMAL    RECORD    YEAR
 MAXIMUM TEMPERATURE (F)   77        95      1931
 MINIMUM TEMPERATURE (F)   55        37      1978


SUNRISE AND SUNSET
SEPTEMBER  9 2014.....SUNRISE   625 AM EDT   SUNSET   711 PM EDT
SEPTEMBER 10 2014.....SUNRISE   626 AM EDT   SUNSET   709 PM EDT


-  INDICATES NEGATIVE NUMBERS.
R  INDICATES RECORD WAS SET OR TIED.
MM INDICATES DATA IS MISSING.
T  INDICATES TRACE AMOUNT.




$$
