000
CDUS41 KBUF 211037
CLIART


CLIMATE REPORT
NATIONAL WEATHER SERVICE BUFFALO NY
626 AM EDT SAT OCT 21 2017


...................................

...THE WATERTOWN NY CLIMATE SUMMARY FOR OCTOBER 20 2017...

CLIMATE NORMAL PERIOD 1981 TO 2010
CLIMATE RECORD PERIOD 1949 TO 2017


WEATHER ITEM   OBSERVED TIME   RECORD YEAR NORMAL DEPARTURE LAST
                VALUE   (LST)  VALUE       VALUE  FROM      YEAR
                                                  NORMAL
..................................................................
TEMPERATURE (F)
 YESTERDAY
  MAXIMUM         61    311 PM  75    1995  57      4       56
  MINIMUM         42    655 AM  12    1972  37      5       46
  AVERAGE         52                        47      5       51

PRECIPITATION (IN)
  YESTERDAY        0.00          1.33 2016   0.11  -0.11     1.33
  MONTH TO DATE    5.56                      2.42   3.14     3.91
  SINCE SEP 1      6.85                      6.14   0.71     6.36
  SINCE JAN 1     37.58                     27.94   9.64    25.39

DEGREE DAYS
 HEATING
  YESTERDAY       13                        18     -5       14
  MONTH TO DATE  171                       303   -132      198
  SINCE SEP 1    318                       505   -187      342
  SINCE JUL 1    388                       577   -189      353

 COOLING
  YESTERDAY        0                         0      0        0
  MONTH TO DATE    5                         0      5        5
  SINCE SEP 1     58                        35     23       52
  SINCE JAN 1    388                       359     29      566
..................................................................


WIND (MPH)
  HIGHEST WIND SPEED    14   HIGHEST WIND DIRECTION     W (260)
  HIGHEST GUST SPEED    19   HIGHEST GUST DIRECTION    SW (230)
  AVERAGE WIND SPEED     6.1


SKY COVER
  AVERAGE SKY COVER 0.0


WEATHER CONDITIONS
 THE FOLLOWING WEATHER WAS RECORDED YESTERDAY.
  NO SIGNIFICANT WEATHER WAS OBSERVED.


RELATIVE HUMIDITY (PERCENT)
 HIGHEST    89           700 AM
 LOWEST     51           400 PM
 AVERAGE    70

..........................................................


THE WATERTOWN NY CLIMATE NORMALS FOR TODAY
                         NORMAL    RECORD    YEAR
 MAXIMUM TEMPERATURE (F)   56        78      1979
 MINIMUM TEMPERATURE (F)   37        14      1974


SUNRISE AND SUNSET
OCTOBER 21 2017.......SUNRISE   727 AM EDT   SUNSET   610 PM EDT
OCTOBER 22 2017.......SUNRISE   728 AM EDT   SUNSET   609 PM EDT


-  INDICATES NEGATIVE NUMBERS.
R  INDICATES RECORD WAS SET OR TIED.
MM INDICATES DATA IS MISSING.
T  INDICATES TRACE AMOUNT.




$$
