000
CDUS41 KBUF 210705
CLIART


CLIMATE REPORT
NATIONAL WEATHER SERVICE BUFFALO NY
205 AM EST TUE FEB 21 2017


...................................

...THE WATERTOWN NY CLIMATE SUMMARY FOR FEBRUARY 20 2017...

CLIMATE NORMAL PERIOD 1981 TO 2010
CLIMATE RECORD PERIOD 1949 TO 2017


WEATHER ITEM   OBSERVED TIME   RECORD YEAR NORMAL DEPARTURE LAST
                VALUE   (LST)  VALUE       VALUE  FROM      YEAR
                                                  NORMAL
..................................................................
TEMPERATURE (F)
 YESTERDAY
  MAXIMUM         38    335 PM  62    1994  33      5       47
  MINIMUM         21    721 AM -16    1950  11     10       35
  AVERAGE         30                        22      8       41

PRECIPITATION (IN)
  YESTERDAY        0.00          0.70 1981   0.08  -0.08     0.11
  MONTH TO DATE    1.11                      1.57  -0.46     2.29
  SINCE DEC 1      5.08                      7.38  -2.30     6.25
  SINCE JAN 1      2.89                      4.23  -1.34     3.81

DEGREE DAYS
 HEATING
  YESTERDAY       35                        43     -8       24
  MONTH TO DATE  789                       897   -108      875
  SINCE DEC 1   3078                      3509   -431     2942
  SINCE JUL 1   4420                      5108   -688     4309

 COOLING
  YESTERDAY        0                         0      0        0
  MONTH TO DATE    0                         0      0        0
  SINCE DEC 1      0                         0      0        0
  SINCE JAN 1      0                         0      0        0
..................................................................


WIND (MPH)
  HIGHEST WIND SPEED    15   HIGHEST WIND DIRECTION     N (360)
  HIGHEST GUST SPEED    19   HIGHEST GUST DIRECTION     N (360)
  AVERAGE WIND SPEED     6.2


SKY COVER
  AVERAGE SKY COVER 0.0


WEATHER CONDITIONS
 THE FOLLOWING WEATHER WAS RECORDED YESTERDAY.
  NO SIGNIFICANT WEATHER WAS OBSERVED.


RELATIVE HUMIDITY (PERCENT)
 HIGHEST    92           700 AM
 LOWEST     35           300 PM
 AVERAGE    64

..........................................................


THE WATERTOWN NY CLIMATE NORMALS FOR TODAY
                         NORMAL    RECORD    YEAR
 MAXIMUM TEMPERATURE (F)   33        63      1997
 MINIMUM TEMPERATURE (F)   12       -20      1972


SUNRISE AND SUNSET
FEBRUARY 21 2017......SUNRISE   654 AM EST   SUNSET   542 PM EST
FEBRUARY 22 2017......SUNRISE   652 AM EST   SUNSET   544 PM EST


-  INDICATES NEGATIVE NUMBERS.
R  INDICATES RECORD WAS SET OR TIED.
MM INDICATES DATA IS MISSING.
T  INDICATES TRACE AMOUNT.




$$
