282
CDUS41 KBUF 271023
CLIART


CLIMATE REPORT
NATIONAL WEATHER SERVICE BUFFALO NY
622 AM EDT THU APR 27 2017


...................................

...THE WATERTOWN NY CLIMATE SUMMARY FOR APRIL 26 2017...

CLIMATE NORMAL PERIOD 1981 TO 2010
CLIMATE RECORD PERIOD 1949 TO 2017


WEATHER ITEM   OBSERVED TIME   RECORD YEAR NORMAL DEPARTURE LAST
                VALUE   (LST)  VALUE       VALUE  FROM      YEAR
                                                  NORMAL
..................................................................
TEMPERATURE (F)
 YESTERDAY
  MAXIMUM         75    333 PM  82    2008  59     16       46
  MINIMUM         50   1141 PM  26    2015  37     13       29
                                      2012
                                      2001
  AVERAGE         63                        48     15       38

PRECIPITATION (IN)
  YESTERDAY        0.00          0.94 2011   0.10  -0.10     0.29
  MONTH TO DATE    3.68                      2.51   1.17     1.14
  SINCE MAR 1      6.03                      4.81   1.22     3.79
  SINCE JAN 1      9.66                      9.69  -0.03     9.60

DEGREE DAYS
 HEATING
  YESTERDAY        2                        17    -15       27
  MONTH TO DATE  474                       571    -97      661
  SINCE MAR 1   1648                      1637     11     1572
  SINCE JUL 1   6259                      7078   -819     6220

 COOLING
  YESTERDAY        0                         0      0        0
  MONTH TO DATE    4                         0      4        0
  SINCE MAR 1      4                         0      4        0
  SINCE JAN 1      4                         0      4        0
..................................................................


WIND (MPH)
  HIGHEST WIND SPEED    13   HIGHEST WIND DIRECTION     W (260)
  HIGHEST GUST SPEED    15   HIGHEST GUST DIRECTION     W (260)
  AVERAGE WIND SPEED     5.4


SKY COVER
  AVERAGE SKY COVER 0.6


WEATHER CONDITIONS
 THE FOLLOWING WEATHER WAS RECORDED YESTERDAY.
  HAZE


RELATIVE HUMIDITY (PERCENT)
 HIGHEST   100           300 AM
 LOWEST     61           200 PM
 AVERAGE    81

..........................................................


THE WATERTOWN NY CLIMATE NORMALS FOR TODAY
                         NORMAL    RECORD    YEAR
 MAXIMUM TEMPERATURE (F)   60        85      2009
 MINIMUM TEMPERATURE (F)   37        19      1972


SUNRISE AND SUNSET
APRIL 27 2017.........SUNRISE   601 AM EDT   SUNSET   803 PM EDT
APRIL 28 2017.........SUNRISE   600 AM EDT   SUNSET   804 PM EDT


-  INDICATES NEGATIVE NUMBERS.
R  INDICATES RECORD WAS SET OR TIED.
MM INDICATES DATA IS MISSING.
T  INDICATES TRACE AMOUNT.




$$
