000
CDUS41 KBUF 301011
CLIART


CLIMATE REPORT
NATIONAL WEATHER SERVICE BUFFALO NY
610 AM EDT SAT AUG 30 2014


...................................

...THE WATERTOWN NY CLIMATE SUMMARY FOR AUGUST 29 2014...

CLIMATE NORMAL PERIOD 1981 TO 2010
CLIMATE RECORD PERIOD 1949 TO 2014


WEATHER ITEM   OBSERVED TIME   RECORD YEAR NORMAL DEPARTURE LAST
                VALUE   (LST)  VALUE       VALUE  FROM      YEAR
                                                  NORMAL
..................................................................
TEMPERATURE (F)
 YESTERDAY
  MAXIMUM         73    456 PM  89    1953  76     -3       83
  MINIMUM         45    523 AM  34    1982  54     -9       59
  AVERAGE         59                        65     -6       71

PRECIPITATION (IN)
  YESTERDAY        0.00          1.32 1979   0.10  -0.10     0.00
  MONTH TO DATE    5.10                      2.95   2.15     2.04
  SINCE JUN 1     13.04                      8.45   4.59    11.13
  SINCE JAN 1     31.64                     21.60  10.04    21.75

DEGREE DAYS
 HEATING
  YESTERDAY        6                         2      4        0
  MONTH TO DATE   31                        39     -8       32
  SINCE JUN 1    112                       172    -60      146
  SINCE JUL 1     50                        65    -15       43

 COOLING
  YESTERDAY        0                         2     -2        6
  MONTH TO DATE   86                       107    -21       87
  SINCE JUN 1    321                       308     13      385
  SINCE JAN 1    344                       319     25      417
..................................................................


WIND (MPH)
  HIGHEST WIND SPEED    13   HIGHEST WIND DIRECTION     W (260)
  HIGHEST GUST SPEED    17   HIGHEST GUST DIRECTION     W (260)
  AVERAGE WIND SPEED     3.7


SKY COVER
  AVERAGE SKY COVER 0.0


WEATHER CONDITIONS
 THE FOLLOWING WEATHER WAS RECORDED YESTERDAY.
  NO SIGNIFICANT WEATHER WAS OBSERVED.


RELATIVE HUMIDITY (PERCENT)
 HIGHEST    86           100 AM
 LOWEST     49           400 PM
 AVERAGE    68

..........................................................


THE WATERTOWN NY CLIMATE NORMALS FOR TODAY
                         NORMAL    RECORD    YEAR
 MAXIMUM TEMPERATURE (F)   76        92      1953
 MINIMUM TEMPERATURE (F)   54        38      1999


SUNRISE AND SUNSET
AUGUST 30 2014........SUNRISE   625 AM EDT   SUNSET   743 PM EDT
AUGUST 31 2014........SUNRISE   626 AM EDT   SUNSET   742 PM EDT


-  INDICATES NEGATIVE NUMBERS.
R  INDICATES RECORD WAS SET OR TIED.
MM INDICATES DATA IS MISSING.
T  INDICATES TRACE AMOUNT.

$$
