581
CDUS43 KDMX 170630 RRA
CLIOTM

CLIMATE REPORT
NATIONAL WEATHER SERVICE DES MOINES IA
128 AM CDT TUE MAY 17 2016

...................................

...THE OTTUMWA IA CLIMATE SUMMARY FOR MAY 16 2016...

CLIMATE NORMAL PERIOD 1981 TO 2010
CLIMATE RECORD PERIOD 1920 TO 2016


WEATHER ITEM   OBSERVED TIME   RECORD YEAR NORMAL DEPARTURE LAST
                VALUE   (LST)  VALUE       VALUE  FROM      YEAR
                                                  NORMAL
..................................................................
TEMPERATURE (F)
 YESTERDAY
  MAXIMUM         60   1128 AM  91    1931  72    -12       81
  MINIMUM         47    452 AM  35    2011  51     -4       63
  AVERAGE         54                        61     -7       72

PRECIPITATION (IN)
  YESTERDAY        0.14          2.10 1896   0.16  -0.02     0.01
  MONTH TO DATE    2.06                      2.36  -0.30     1.97
  SINCE MAR 1      5.93                      8.00  -2.07     4.97
  SINCE JAN 1      6.36                     10.18  -3.82     7.09

DEGREE DAYS
 HEATING
  YESTERDAY       11                         5      6        0
  MONTH TO DATE  143                       112     31       51
  SINCE MAR 1   1165                      1357   -192     1167
  SINCE JUL 1   5219                      6242  -1023     6298

 COOLING
  YESTERDAY        0                         2     -2        7
  MONTH TO DATE    3                        17    -14       34
  SINCE MAR 1     12                        28    -16       35
  SINCE JAN 1     12                        28    -16       35
..................................................................


WIND (MPH)
  HIGHEST WIND SPEED    15   HIGHEST WIND DIRECTION     S (180)
  HIGHEST GUST SPEED    18   HIGHEST GUST DIRECTION     S (180)
  AVERAGE WIND SPEED     6.8


SKY COVER
  POSSIBLE SUNSHINE  MM
  AVERAGE SKY COVER 0.5


WEATHER CONDITIONS
 THE FOLLOWING WEATHER WAS RECORDED YESTERDAY.
  LIGHT RAIN
  FOG


RELATIVE HUMIDITY (PERCENT)
 HIGHEST   100          1100 PM
 LOWEST     53          1200 PM
 AVERAGE    77

..........................................................


THE OTTUMWA IA CLIMATE NORMALS FOR TODAY
                         NORMAL    RECORD    YEAR
 MAXIMUM TEMPERATURE (F)   73        90      1996
 MINIMUM TEMPERATURE (F)   51        36      2009


SUNRISE AND SUNSET
MAY 17 2016...........SUNRISE   549 AM CDT   SUNSET   824 PM CDT
MAY 18 2016...........SUNRISE   548 AM CDT   SUNSET   825 PM CDT


-  INDICATES NEGATIVE NUMBERS.
R  INDICATES RECORD WAS SET OR TIED.
MM INDICATES DATA IS MISSING.
T  INDICATES TRACE AMOUNT.

$$

REV
