000
CDUS43 KDMX 150634 RRA
CLIOTM

CLIMATE REPORT
NATIONAL WEATHER SERVICE DES MOINES IA
128 AM CDT WED OCT 15 2014


...................................

...THE OTTUMWA IA CLIMATE SUMMARY FOR OCTOBER 14 2014...

CLIMATE NORMAL PERIOD 1981 TO 2010
CLIMATE RECORD PERIOD 1920 TO 2014


WEATHER ITEM   OBSERVED TIME   RECORD YEAR NORMAL DEPARTURE LAST
                VALUE   (LST)  VALUE       VALUE  FROM      YEAR
                                                  NORMAL
..................................................................
TEMPERATURE (F)
 YESTERDAY
  MAXIMUM         53   1151 PM  91    1938  64    -11       66
  MINIMUM         50    727 PM  20    1937  42      8       37
  AVERAGE         52                        53     -1       52

PRECIPITATION (IN)
  YESTERDAY        0.51          1.57 2012   0.08   0.43      T
  MONTH TO DATE    3.51                      1.30   2.21     1.61
  SINCE SEP 1      7.67                      5.09   2.58     2.68
  SINCE JAN 1     38.96                     31.79   7.17    31.79

DEGREE DAYS
 HEATING
  YESTERDAY       13                        12      1       13
  MONTH TO DATE  177                       142     35       77
  SINCE SEP 1    298                       252     46      144
  SINCE JUL 1    311                       263     48      160

 COOLING
  YESTERDAY        0                         0      0        0
  MONTH TO DATE    0                         9     -9       33
  SINCE SEP 1     68                       102    -34      199
  SINCE JAN 1    800                       936   -136     1014
..................................................................


WIND (MPH)
  HIGHEST WIND SPEED    32   HIGHEST WIND DIRECTION     N (350)
  HIGHEST GUST SPEED    42   HIGHEST GUST DIRECTION     N (350)
  AVERAGE WIND SPEED    22.0


SKY COVER
  POSSIBLE SUNSHINE  MM
  AVERAGE SKY COVER 1.0


WEATHER CONDITIONS
 THE FOLLOWING WEATHER WAS RECORDED YESTERDAY.
  LIGHT RAIN
  FOG


RELATIVE HUMIDITY (PERCENT)
 HIGHEST    96          1200 AM
 LOWEST     71           900 PM
 AVERAGE    84

..........................................................


THE OTTUMWA IA CLIMATE NORMALS FOR TODAY
                         NORMAL    RECORD    YEAR
 MAXIMUM TEMPERATURE (F)   64        90      1938
 MINIMUM TEMPERATURE (F)   42        21      1937


SUNRISE AND SUNSET
OCTOBER 15 2014.......SUNRISE   721 AM CDT   SUNSET   629 PM CDT
OCTOBER 16 2014.......SUNRISE   722 AM CDT   SUNSET   628 PM CDT


-  INDICATES NEGATIVE NUMBERS.
R  INDICATES RECORD WAS SET OR TIED.
MM INDICATES DATA IS MISSING.
T  INDICATES TRACE AMOUNT.




$$
