000
CDUS43 KDMX 230632
CLIOTM

CLIMATE REPORT
NATIONAL WEATHER SERVICE DES MOINES IA
130 AM CDT SAT AUG 23 2014


...................................

...THE OTTUMWA IA CLIMATE SUMMARY FOR AUGUST 22 2014...

CLIMATE NORMAL PERIOD 1981 TO 2010
CLIMATE RECORD PERIOD 1920 TO 2014


WEATHER ITEM   OBSERVED TIME   RECORD YEAR NORMAL DEPARTURE LAST
                VALUE   (LST)  VALUE       VALUE  FROM      YEAR
                                                  NORMAL
..................................................................
TEMPERATURE (F)
 YESTERDAY
  MAXIMUM         86    301 PM 104    1936  83      3       81
  MINIMUM         73    711 AM  44    1923  62     11       68
  AVERAGE         80                        72      8       75

PRECIPITATION (IN)
  YESTERDAY       MM             2.61 2002   0.15  MM         T
  MONTH TO DATE    1.32                      3.29  -1.97     0.96
  SINCE JUN 1     14.59                     12.85   1.74     4.79
  SINCE JAN 1     25.43                     25.38   0.05    29.11

DEGREE DAYS
 HEATING
  YESTERDAY        0                         0      0        0
  MONTH TO DATE    0                         0      0        6
  SINCE JUN 1     22                        23     -1       42
  SINCE JUL 1     13                         2     11       16

 COOLING
  YESTERDAY       15                         8      7       10
  MONTH TO DATE  144                       193    -49      126
  SINCE JUN 1    522                       708   -186      590
  SINCE JAN 1    633                       772   -139      667
..................................................................


WIND (MPH)
  HIGHEST WIND SPEED    16   HIGHEST WIND DIRECTION    SW (230)
  HIGHEST GUST SPEED    24   HIGHEST GUST DIRECTION    SW (230)
  AVERAGE WIND SPEED     5.6


SKY COVER
  POSSIBLE SUNSHINE  MM
  AVERAGE SKY COVER 0.2


WEATHER CONDITIONS
 THE FOLLOWING WEATHER WAS RECORDED YESTERDAY.
  THUNDERSTORM
  LIGHT RAIN
  FOG


RELATIVE HUMIDITY (PERCENT)
 HIGHEST   100          1100 PM
 LOWEST     71           900 AM
 AVERAGE    86

..........................................................


THE OTTUMWA IA CLIMATE NORMALS FOR TODAY
                         NORMAL    RECORD    YEAR
 MAXIMUM TEMPERATURE (F)   83       102      1948
 MINIMUM TEMPERATURE (F)   61        44      1923


SUNRISE AND SUNSET
AUGUST 23 2014........SUNRISE   627 AM CDT   SUNSET   757 PM CDT
AUGUST 24 2014........SUNRISE   628 AM CDT   SUNSET   755 PM CDT


-  INDICATES NEGATIVE NUMBERS.
R  INDICATES RECORD WAS SET OR TIED.
MM INDICATES DATA IS MISSING.
T  INDICATES TRACE AMOUNT.




$$
