000
CDUS43 KDMX 200705
CLIOTM

CLIMATE REPORT
NATIONAL WEATHER SERVICE DES MOINES IA
105 AM CST FRI FEB 20 2015

...................................

...THE OTTUMWA IA CLIMATE SUMMARY FOR FEBRUARY 19 2015...

CLIMATE NORMAL PERIOD 1981 TO 2010
CLIMATE RECORD PERIOD 1920 TO 2015


WEATHER ITEM   OBSERVED TIME   RECORD YEAR NORMAL DEPARTURE LAST
                VALUE   (LST)  VALUE       VALUE  FROM      YEAR
                                                  NORMAL
..................................................................
TEMPERATURE (F)
 YESTERDAY
  MAXIMUM         16    433 PM  72    1930  38    -22       46
  MINIMUM         -6    654 AM -23    1936  19    -25       30
  AVERAGE          5                        28    -23       38

PRECIPITATION (IN)
  YESTERDAY        0.00          0.63 1994   0.05  -0.05     0.09
  MONTH TO DATE    0.21                      0.73  -0.52     1.43
  SINCE DEC 1      2.13                      3.00  -0.87     2.53
  SINCE JAN 1      1.15                      1.63  -0.48     1.87

DEGREE DAYS
 HEATING
  YESTERDAY       60                        37     23       27
  MONTH TO DATE  889                       749    140      954
  SINCE DEC 1   3168                      3273   -105     3789
  SINCE JUL 1   4676                      4571    105     5119

 COOLING
  YESTERDAY        0                         0      0        0
  MONTH TO DATE    0                         0      0        0
  SINCE DEC 1      0                         0      0        0
  SINCE JAN 1      0                         0      0        0
..................................................................


WIND (MPH)
  HIGHEST WIND SPEED    15   HIGHEST WIND DIRECTION    NW (330)
  HIGHEST GUST SPEED    19   HIGHEST GUST DIRECTION    NW (330)
  AVERAGE WIND SPEED     5.8


SKY COVER
  POSSIBLE SUNSHINE  MM
  AVERAGE SKY COVER 0.1


WEATHER CONDITIONS
 THE FOLLOWING WEATHER WAS RECORDED YESTERDAY.
  NO SIGNIFICANT WEATHER WAS OBSERVED.


RELATIVE HUMIDITY (PERCENT)
 HIGHEST    75           500 AM
 LOWEST     36           300 PM
 AVERAGE    56

..........................................................


THE OTTUMWA IA CLIMATE NORMALS FOR TODAY
                         NORMAL    RECORD    YEAR
 MAXIMUM TEMPERATURE (F)   38        65      1930
 MINIMUM TEMPERATURE (F)   19       -16      1929


SUNRISE AND SUNSET
FEBRUARY 20 2015......SUNRISE   658 AM CST   SUNSET   550 PM CST
FEBRUARY 21 2015......SUNRISE   656 AM CST   SUNSET   551 PM CST


-  INDICATES NEGATIVE NUMBERS.
R  INDICATES RECORD WAS SET OR TIED.
MM INDICATES DATA IS MISSING.
T  INDICATES TRACE AMOUNT.

$$

SMALL
