000
CDUS43 KDMX 100858
CLIOTM

CLIMATE REPORT
NATIONAL WEATHER SERVICE DES MOINES IA
150 AM CDT WED MAY 10 2017

...................................

...THE OTTUMWA IA CLIMATE SUMMARY FOR MAY 9 2017...

CLIMATE NORMAL PERIOD 1981 TO 2010
CLIMATE RECORD PERIOD 1920 TO 2017

WEATHER ITEM   OBSERVED TIME   RECORD YEAR NORMAL DEPARTURE LAST
                VALUE   (LST)  VALUE       VALUE  FROM      YEAR
                                                  NORMAL
..................................................................
TEMPERATURE (F)
 YESTERDAY
  MAXIMUM         81    432 PM  91    1934  70     11       64
  MINIMUM         62   1142 PM  31    1947  48     14       56
  AVERAGE         72                        59     13       60

PRECIPITATION (IN)
  YESTERDAY        0.00          2.05 1950   0.15  -0.15     1.20
  MONTH TO DATE    0.02                      1.29  -1.27     1.37
  SINCE MAR 1      8.28                      6.93   1.35     5.24
  SINCE JAN 1      9.87                      9.11   0.76     6.54

DEGREE DAYS
 HEATING
  YESTERDAY        0                         7     -7        5
  MONTH TO DATE   81                        71     10       79
  SINCE MAR 1   1118                      1316   -198     1101
  SINCE JUL 1   4925                      6201  -1276     5155

 COOLING
  YESTERDAY        7                         1      6        0
  MONTH TO DATE    7                         9     -2        1
  SINCE MAR 1     22                        20      2       10
  SINCE JAN 1     22                        20      2       10
..................................................................

WIND (MPH)
  HIGHEST WIND SPEED    20   HIGHEST WIND DIRECTION    SW (240)
  HIGHEST GUST SPEED    26   HIGHEST GUST DIRECTION    SW (230)
  AVERAGE WIND SPEED     8.8

SKY COVER
  POSSIBLE SUNSHINE  MM
  AVERAGE SKY COVER 0.1

WEATHER CONDITIONS
 THE FOLLOWING WEATHER WAS RECORDED YESTERDAY.
  NO SIGNIFICANT WEATHER WAS OBSERVED.

RELATIVE HUMIDITY (PERCENT)
 HIGHEST    84           500 AM
 LOWEST     45           400 PM
 AVERAGE    65
..........................................................

THE OTTUMWA IA CLIMATE NORMALS FOR TODAY
                         NORMAL    RECORD    YEAR
 MAXIMUM TEMPERATURE (F)   70        92      2011
 MINIMUM TEMPERATURE (F)   49        30      1966

SUNRISE AND SUNSET
MAY 10 2017...........SUNRISE   557 AM CDT   SUNSET   816 PM CDT
MAY 11 2017...........SUNRISE   555 AM CDT   SUNSET   817 PM CDT

-  INDICATES NEGATIVE NUMBERS.
R  INDICATES RECORD WAS SET OR TIED.
MM INDICATES DATA IS MISSING.
T  INDICATES TRACE AMOUNT.

$$

FAB
