899
CDUS43 KDMX 180631 RRA
CLIOTM

CLIMATE REPORT
NATIONAL WEATHER SERVICE DES MOINES IA
1228 AM CST MON JAN 18 2016

...................................

...THE OTTUMWA IA CLIMATE SUMMARY FOR JANUARY 17 2016...

CLIMATE NORMAL PERIOD 1981 TO 2010
CLIMATE RECORD PERIOD 1920 TO 2016


WEATHER ITEM   OBSERVED TIME   RECORD YEAR NORMAL DEPARTURE LAST
                VALUE   (LST)  VALUE       VALUE  FROM      YEAR
                                                  NORMAL
..................................................................
TEMPERATURE (F)
 YESTERDAY
  MAXIMUM          7    114 AM  59    1996  31    -24       50
  MINIMUM         -5    831 AM -16    1982  13    -18       35
  AVERAGE          1                        22    -21       43

PRECIPITATION (IN)
  YESTERDAY        T             0.66 1996   0.03  -0.03     0.01
  MONTH TO DATE    0.02                      0.53  -0.51     0.38
  SINCE DEC 1      4.05                      1.90   2.15     1.36
  SINCE JAN 1      0.02                      0.53  -0.51     0.38

DEGREE DAYS
 HEATING
  YESTERDAY       64                        43     21       22
  MONTH TO DATE  730                       725      5      807
  SINCE DEC 1   1576                      1932   -356     1850
  SINCE JUL 1   2587                      3230   -643     3358

 COOLING
  YESTERDAY        0                         0      0        0
  MONTH TO DATE    0                         0      0        0
  SINCE DEC 1      0                         0      0        0
  SINCE JAN 1      0                         0      0        0
..................................................................


WIND (MPH)
  HIGHEST WIND SPEED    25   HIGHEST WIND DIRECTION     N (340)
  HIGHEST GUST SPEED    29   HIGHEST GUST DIRECTION     N (350)
  AVERAGE WIND SPEED    15.3


SKY COVER
  POSSIBLE SUNSHINE  MM
  AVERAGE SKY COVER 0.1


WEATHER CONDITIONS
 THE FOLLOWING WEATHER WAS RECORDED YESTERDAY.
  LIGHT SNOW
  FOG
  HAZE


RELATIVE HUMIDITY (PERCENT)
 HIGHEST    80           100 AM
 LOWEST     62           300 PM
 AVERAGE    71

..........................................................


THE OTTUMWA IA CLIMATE NORMALS FOR TODAY
                         NORMAL    RECORD    YEAR
 MAXIMUM TEMPERATURE (F)   31        60      1951
 MINIMUM TEMPERATURE (F)   13       -22      1930


SUNRISE AND SUNSET
JANUARY 18 2016.......SUNRISE   732 AM CST   SUNSET   509 PM CST
JANUARY 19 2016.......SUNRISE   731 AM CST   SUNSET   510 PM CST


-  INDICATES NEGATIVE NUMBERS.
R  INDICATES RECORD WAS SET OR TIED.
MM INDICATES DATA IS MISSING.
T  INDICATES TRACE AMOUNT.

$$

REV
