000
CDUS43 KDMX 060636 RRA
CLIOTM

CLIMATE REPORT
NATIONAL WEATHER SERVICE DES MOINES IA
134 AM CDT SAT AUG 6 2016


...................................

...THE OTTUMWA IA CLIMATE SUMMARY FOR AUGUST 5 2016...

CLIMATE NORMAL PERIOD 1981 TO 2010
CLIMATE RECORD PERIOD 1920 TO 2016


WEATHER ITEM   OBSERVED TIME   RECORD YEAR NORMAL DEPARTURE LAST
                VALUE   (LST)  VALUE       VALUE  FROM      YEAR
                                                  NORMAL
..................................................................
TEMPERATURE (F)
 YESTERDAY
  MAXIMUM         80    405 PM 101    1934  85     -5       82
  MINIMUM         63   1159 PM  50    1994  64     -1       66
  AVERAGE         72                        74     -2       74

PRECIPITATION (IN)
  YESTERDAY        0.00          3.45 1982   0.14  -0.14     0.00
  MONTH TO DATE    1.08                      0.71   0.37     0.01
  SINCE JUN 1      7.55                     10.27  -2.72    14.55
  SINCE JAN 1     15.59                     22.80  -7.21    24.42

DEGREE DAYS
 HEATING
  YESTERDAY        0                         0      0        0
  MONTH TO DATE    0                         0      0        0
  SINCE JUN 1      8                        23    -15       16
  SINCE JUL 1      7                         2      5        6

 COOLING
  YESTERDAY        7                         9     -2        9
  MONTH TO DATE   51                        47      4       40
  SINCE JUN 1    599                       562     37      520
  SINCE JAN 1    670                       626     44      581
..................................................................


WIND (MPH)
  HIGHEST WIND SPEED    18   HIGHEST WIND DIRECTION    NW (330)
  HIGHEST GUST SPEED    23   HIGHEST GUST DIRECTION     N (350)
  AVERAGE WIND SPEED     9.1


SKY COVER
  POSSIBLE SUNSHINE  MM
  AVERAGE SKY COVER 0.2


WEATHER CONDITIONS
 THE FOLLOWING WEATHER WAS RECORDED YESTERDAY.
  NO SIGNIFICANT WEATHER WAS OBSERVED.


RELATIVE HUMIDITY (PERCENT)
 HIGHEST    93          1200 AM
 LOWEST     51           400 PM
 AVERAGE    72

..........................................................


THE OTTUMWA IA CLIMATE NORMALS FOR TODAY
                         NORMAL    RECORD    YEAR
 MAXIMUM TEMPERATURE (F)   85       111      1934
 MINIMUM TEMPERATURE (F)   64        45      1903


SUNRISE AND SUNSET
AUGUST  6 2016........SUNRISE   611 AM CDT   SUNSET   820 PM CDT
AUGUST  7 2016........SUNRISE   612 AM CDT   SUNSET   818 PM CDT


-  INDICATES NEGATIVE NUMBERS.
R  INDICATES RECORD WAS SET OR TIED.
MM INDICATES DATA IS MISSING.
T  INDICATES TRACE AMOUNT.




$$
