617
CDUS43 KDMX 270635 RRA
CLIOTM

CLIMATE REPORT
NATIONAL WEATHER SERVICE DES MOINES IA
1233 AM CST MON NOV 27 2017


...................................

...THE OTTUMWA IA CLIMATE SUMMARY FOR NOVEMBER 26 2017...

CLIMATE NORMAL PERIOD 1981 TO 2010
CLIMATE RECORD PERIOD 1920 TO 2017


WEATHER ITEM   OBSERVED TIME   RECORD YEAR NORMAL DEPARTURE LAST
                VALUE   (LST)  VALUE       VALUE  FROM      YEAR
                                                  NORMAL
..................................................................
TEMPERATURE (F)
 YESTERDAY
  MAXIMUM         61    310 PM  71    1990  43     18       57
  MINIMUM         24    529 AM   1    1977  25     -1       27
  AVERAGE         43                        34      9       42

PRECIPITATION (IN)
  YESTERDAY        0.00          1.95 2015   0.07  -0.07     0.00
  MONTH TO DATE    0.67                      2.10  -1.43     0.24
  SINCE SEP 1      7.20                      8.72  -1.52     2.26
  SINCE JAN 1     23.04                     35.42 -12.38    23.45

DEGREE DAYS
 HEATING
  YESTERDAY       22                        31     -9       23
  MONTH TO DATE  682                       642     40      439
  SINCE SEP 1   1032                      1155   -123      698
  SINCE JUL 1   1032                      1166   -134      705

 COOLING
  YESTERDAY        0                         0      0        0
  MONTH TO DATE    0                         0      0        5
  SINCE SEP 1    195                       104     91      223
  SINCE JAN 1   1120                       938    182     1122
..................................................................


WIND (MPH)
  HIGHEST WIND SPEED    18   HIGHEST WIND DIRECTION    SW (230)
  HIGHEST GUST SPEED    22   HIGHEST GUST DIRECTION    SW (240)
  AVERAGE WIND SPEED     6.9


SKY COVER
  POSSIBLE SUNSHINE  MM
  AVERAGE SKY COVER 0.0


WEATHER CONDITIONS
 THE FOLLOWING WEATHER WAS RECORDED YESTERDAY.
  FOG


RELATIVE HUMIDITY (PERCENT)
 HIGHEST    92           400 AM
 LOWEST     39           200 PM
 AVERAGE    66

..........................................................


THE OTTUMWA IA CLIMATE NORMALS FOR TODAY
                         NORMAL    RECORD    YEAR
 MAXIMUM TEMPERATURE (F)   42        69      1998
 MINIMUM TEMPERATURE (F)   24         3      1936


SUNRISE AND SUNSET
NOVEMBER 27 2017......SUNRISE   712 AM CST   SUNSET   443 PM CST
NOVEMBER 28 2017......SUNRISE   713 AM CST   SUNSET   443 PM CST


-  INDICATES NEGATIVE NUMBERS.
R  INDICATES RECORD WAS SET OR TIED.
MM INDICATES DATA IS MISSING.
T  INDICATES TRACE AMOUNT.




$$
