000
CDUS43 KDMX 290627 RRB
CLIOTM

CLIMATE REPORT
NATIONAL WEATHER SERVICE DES MOINES IA
126 AM CDT TUE MAR 29 2016


...................................

...THE OTTUMWA IA CLIMATE SUMMARY FOR MARCH 28 2016...

CLIMATE NORMAL PERIOD 1981 TO 2010
CLIMATE RECORD PERIOD 1920 TO 2016


WEATHER ITEM   OBSERVED TIME   RECORD YEAR NORMAL DEPARTURE LAST
                VALUE   (LST)  VALUE       VALUE  FROM      YEAR
                                                  NORMAL
..................................................................
TEMPERATURE (F)
 YESTERDAY
  MAXIMUM         60    404 PM  85    1910  55      5       47
  MINIMUM         25    613 AM   8    1970  33     -8       22
  AVERAGE         43                        44     -1       35

PRECIPITATION (IN)
  YESTERDAY        0.00          1.68 1931   0.08  -0.08     0.00
  MONTH TO DATE    1.17                      1.98  -0.81     0.42
  SINCE MAR 1      1.17                      1.98  -0.81     0.42
  SINCE JAN 1      1.60                      4.16  -2.56     2.54

DEGREE DAYS
 HEATING
  YESTERDAY       22                        21      1       30
  MONTH TO DATE  582                       750   -168      728
  SINCE MAR 1    582                       750   -168      728
  SINCE JUL 1   4636                      5635   -999     5859

 COOLING
  YESTERDAY        0                         0      0        0
  MONTH TO DATE    0                         0      0        0
  SINCE MAR 1      0                         0      0        0
  SINCE JAN 1      0                         0      0        0
..................................................................


WIND (MPH)
  HIGHEST WIND SPEED    13   HIGHEST WIND DIRECTION    SE (120)
  HIGHEST GUST SPEED    15   HIGHEST GUST DIRECTION    SE (140)
  AVERAGE WIND SPEED     6.6


SKY COVER
  POSSIBLE SUNSHINE  MM
  AVERAGE SKY COVER 0.0


WEATHER CONDITIONS
 THE FOLLOWING WEATHER WAS RECORDED YESTERDAY.
  FOG


RELATIVE HUMIDITY (PERCENT)
 HIGHEST    92          1200 AM
 LOWEST     28           400 PM
 AVERAGE    60

..........................................................


THE OTTUMWA IA CLIMATE NORMALS FOR TODAY
                         NORMAL    RECORD    YEAR
 MAXIMUM TEMPERATURE (F)   55        88      1986
 MINIMUM TEMPERATURE (F)   33         9      1969


SUNRISE AND SUNSET
MARCH 29 2016.........SUNRISE   657 AM CDT   SUNSET   732 PM CDT
MARCH 30 2016.........SUNRISE   656 AM CDT   SUNSET   733 PM CDT


-  INDICATES NEGATIVE NUMBERS.
R  INDICATES RECORD WAS SET OR TIED.
MM INDICATES DATA IS MISSING.
T  INDICATES TRACE AMOUNT.




$$
