000
CDUS43 KDMX 070632
CLIOTM

CLIMATE REPORT
NATIONAL WEATHER SERVICE DES MOINES IA
128 AM CDT FRI APR 7 2017

...................................

...THE OTTUMWA IA CLIMATE SUMMARY FOR APRIL 6 2017...

CLIMATE NORMAL PERIOD 1981 TO 2010
CLIMATE RECORD PERIOD 1920 TO 2017


WEATHER ITEM   OBSERVED TIME   RECORD YEAR NORMAL DEPARTURE LAST
                VALUE   (LST)  VALUE       VALUE  FROM      YEAR
                                                  NORMAL
..................................................................
TEMPERATURE (F)
 YESTERDAY
  MAXIMUM         56    307 PM  84    1991  59     -3       56
  MINIMUM         34   1155 PM   9    1982  36     -2       38
  AVERAGE         45                        47     -2       47

PRECIPITATION (IN)
  YESTERDAY        0.00          1.62 1938   0.10  -0.10     0.22
  MONTH TO DATE    1.94                      0.55   1.39     0.30
  SINCE MAR 1      5.14                      2.79   2.35     1.52
  SINCE JAN 1      6.73                      4.97   1.76     2.82

DEGREE DAYS
 HEATING
  YESTERDAY       20                        18      2       18
  MONTH TO DATE  100                       113    -13      126
  SINCE MAR 1    827                       924    -97      741
  SINCE JUL 1   4634                      5809  -1175     4795

 COOLING
  YESTERDAY        0                         0      0        0
  MONTH TO DATE    0                         0      0        0
  SINCE MAR 1      0                         1     -1        0
  SINCE JAN 1      0                         1     -1        0
..................................................................


WIND (MPH)
  HIGHEST WIND SPEED    30   HIGHEST WIND DIRECTION    NW (330)
  HIGHEST GUST SPEED    37   HIGHEST GUST DIRECTION    NW (330)
  AVERAGE WIND SPEED    18.0


SKY COVER
  POSSIBLE SUNSHINE  MM
  AVERAGE SKY COVER 0.2


WEATHER CONDITIONS
 THE FOLLOWING WEATHER WAS RECORDED YESTERDAY.
  NO SIGNIFICANT WEATHER WAS OBSERVED.


RELATIVE HUMIDITY (PERCENT)
 HIGHEST    82          1200 AM
 LOWEST     41           400 PM
 AVERAGE    62

..........................................................


THE OTTUMWA IA CLIMATE NORMALS FOR TODAY
                         NORMAL    RECORD    YEAR
 MAXIMUM TEMPERATURE (F)   59        79      1991
 MINIMUM TEMPERATURE (F)   36        16      2007


SUNRISE AND SUNSET
APRIL  7 2017.........SUNRISE   643 AM CDT   SUNSET   742 PM CDT
APRIL  8 2017.........SUNRISE   641 AM CDT   SUNSET   743 PM CDT


-  INDICATES NEGATIVE NUMBERS.
R  INDICATES RECORD WAS SET OR TIED.
MM INDICATES DATA IS MISSING.
T  INDICATES TRACE AMOUNT.

$$

REV
