110
CDUS43 KDMX 090630
CLIOTM

CLIMATE REPORT
NATIONAL WEATHER SERVICE DES MOINES IA
127 AM CDT FRI SEP 9 2016

...................................

...THE OTTUMWA IA CLIMATE SUMMARY FOR SEPTEMBER 8 2016...

CLIMATE NORMAL PERIOD 1981 TO 2010
CLIMATE RECORD PERIOD 1920 TO 2016


WEATHER ITEM   OBSERVED TIME   RECORD YEAR NORMAL DEPARTURE LAST
                VALUE   (LST)  VALUE       VALUE  FROM      YEAR
                                                  NORMAL
..................................................................
TEMPERATURE (F)
 YESTERDAY
  MAXIMUM         86    240 PM 104    1912  79      7       80
  MINIMUM         71    509 AM  43    2008  56     15       67
  AVERAGE         79                        68     11       74

PRECIPITATION (IN)
  YESTERDAY        0.48          2.47 1989   0.13   0.35     0.63
  MONTH TO DATE    0.62                      1.10  -0.48     1.59
  SINCE SEP 1      0.62                      1.10  -0.48     1.59
  SINCE JAN 1     20.94                     27.80  -6.86    27.30

DEGREE DAYS
 HEATING
  YESTERDAY        0                         2     -2        0
  MONTH TO DATE    0                        10    -10        0
  SINCE SEP 1      0                        10    -10        0
  SINCE JUL 1      7                        21    -14       22

 COOLING
  YESTERDAY       14                         4     10        9
  MONTH TO DATE   61                        41     20      112
  SINCE SEP 1     61                        41     20      112
  SINCE JAN 1    960                       875     85      840
..................................................................


WIND (MPH)
  HIGHEST WIND SPEED    16   HIGHEST WIND DIRECTION    NW (330)
  HIGHEST GUST SPEED    18   HIGHEST GUST DIRECTION    NW (330)
  AVERAGE WIND SPEED     5.4


SKY COVER
  POSSIBLE SUNSHINE  MM
  AVERAGE SKY COVER 0.4


WEATHER CONDITIONS
 THE FOLLOWING WEATHER WAS RECORDED YESTERDAY.
  THUNDERSTORM
  HEAVY RAIN
  RAIN
  LIGHT RAIN
  FOG


RELATIVE HUMIDITY (PERCENT)
 HIGHEST   100           600 AM
 LOWEST     51           400 PM
 AVERAGE    76

..........................................................


THE OTTUMWA IA CLIMATE NORMALS FOR TODAY
                         NORMAL    RECORD    YEAR
 MAXIMUM TEMPERATURE (F)   79       102      1947
 MINIMUM TEMPERATURE (F)   56        40      2008
                                             1943


SUNRISE AND SUNSET
SEPTEMBER  9 2016.....SUNRISE   645 AM CDT   SUNSET   728 PM CDT
SEPTEMBER 10 2016.....SUNRISE   646 AM CDT   SUNSET   726 PM CDT


-  INDICATES NEGATIVE NUMBERS.
R  INDICATES RECORD WAS SET OR TIED.
MM INDICATES DATA IS MISSING.
T  INDICATES TRACE AMOUNT.

$$

REV
