000
CDUS43 KDMX 070646
CLIOTM

CLIMATE REPORT
NATIONAL WEATHER SERVICE DES MOINES IA
1244 AM CST SUN DEC 7 2014


...................................

...THE OTTUMWA IA CLIMATE SUMMARY FOR DECEMBER 6 2014...

CLIMATE NORMAL PERIOD 1981 TO 2010
CLIMATE RECORD PERIOD 1920 TO 2014


WEATHER ITEM   OBSERVED TIME   RECORD YEAR NORMAL DEPARTURE LAST
                VALUE   (LST)  VALUE       VALUE  FROM      YEAR
                                                  NORMAL
..................................................................
TEMPERATURE (F)
 YESTERDAY
  MAXIMUM         40    335 PM  68    1939  38      2       16
  MINIMUM         24   1159 PM  -6    2005  20      4        5
  AVERAGE         32                        29      3       11

PRECIPITATION (IN)
  YESTERDAY        0.00          0.74 1943   0.06  -0.06     0.00
  MONTH TO DATE    0.00                      0.34  -0.34      T
  SINCE DEC 1      0.00                      0.34  -0.34      T
  SINCE JAN 1     40.13                     36.04   4.09    36.32

DEGREE DAYS
 HEATING
  YESTERDAY       33                        36     -3       54
  MONTH TO DATE  230                       210     20      210
  SINCE DEC 1    230                       210     20      210
  SINCE JUL 1   1738                      1508    230     1540

 COOLING
  YESTERDAY        0                         0      0        0
  MONTH TO DATE    0                         0      0        0
  SINCE DEC 1      0                         0      0        0
  SINCE JAN 1    801                       938   -137     1014
..................................................................


WIND (MPH)
  HIGHEST WIND SPEED    17   HIGHEST WIND DIRECTION     N (340)
  HIGHEST GUST SPEED    19   HIGHEST GUST DIRECTION     N (350)
  AVERAGE WIND SPEED     7.6


SKY COVER
  POSSIBLE SUNSHINE  MM
  AVERAGE SKY COVER 0.6


WEATHER CONDITIONS
 THE FOLLOWING WEATHER WAS RECORDED YESTERDAY.
  FOG
  HAZE


RELATIVE HUMIDITY (PERCENT)
 HIGHEST   100          1200 AM
 LOWEST     64           200 PM
 AVERAGE    82

..........................................................


THE OTTUMWA IA CLIMATE NORMALS FOR TODAY
                         NORMAL    RECORD    YEAR
 MAXIMUM TEMPERATURE (F)   37        60      1947
 MINIMUM TEMPERATURE (F)   20       -10      2005
                                             1976


SUNRISE AND SUNSET
DECEMBER  7 2014......SUNRISE   721 AM CST   SUNSET   441 PM CST
DECEMBER  8 2014......SUNRISE   722 AM CST   SUNSET   441 PM CST


-  INDICATES NEGATIVE NUMBERS.
R  INDICATES RECORD WAS SET OR TIED.
MM INDICATES DATA IS MISSING.
T  INDICATES TRACE AMOUNT.




$$
