000
CDUS43 KDMX 210629 RRA
CLIOTM

CLIMATE REPORT
NATIONAL WEATHER SERVICE DES MOINES IA
126 AM CDT THU APR 21 2016

...................................

...THE OTTUMWA IA CLIMATE SUMMARY FOR APRIL 20 2016...

CLIMATE NORMAL PERIOD 1981 TO 2010
CLIMATE RECORD PERIOD 1920 TO 2016


WEATHER ITEM   OBSERVED TIME   RECORD YEAR NORMAL DEPARTURE LAST
                VALUE   (LST)  VALUE       VALUE  FROM      YEAR
                                                  NORMAL
..................................................................
TEMPERATURE (F)
 YESTERDAY
  MAXIMUM         67    430 PM  90    1987  64      3       55
  MINIMUM         48   1156 PM  27    2013  41      7       38
                                      1953
  AVERAGE         58                        53      5       47

PRECIPITATION (IN)
  YESTERDAY        0.13          3.25 1905   0.13   0.00      T
  MONTH TO DATE    0.73                      2.09  -1.36     1.91
  SINCE MAR 1      1.95                      4.33  -2.38     2.37
  SINCE JAN 1      2.38                      6.51  -4.13     4.49

DEGREE DAYS
 HEATING
  YESTERDAY        7                        13     -6       18
  MONTH TO DATE  307                       325    -18      204
  SINCE MAR 1    922                      1136   -214      971
  SINCE JUL 1   4976                      6021  -1045     6102

 COOLING
  YESTERDAY        0                         0      0        0
  MONTH TO DATE    3                         0      3        1
  SINCE MAR 1      3                         1      2        1
  SINCE JAN 1      3                         1      2        1
..................................................................


WIND (MPH)
  HIGHEST WIND SPEED    23   HIGHEST WIND DIRECTION    SE (140)
  HIGHEST GUST SPEED    29   HIGHEST GUST DIRECTION    SE (150)
  AVERAGE WIND SPEED    11.5


SKY COVER
  POSSIBLE SUNSHINE  MM
  AVERAGE SKY COVER 0.6


WEATHER CONDITIONS
 THE FOLLOWING WEATHER WAS RECORDED YESTERDAY.
  RAIN
  LIGHT RAIN
  FOG
  HAZE


RELATIVE HUMIDITY (PERCENT)
 HIGHEST    96           100 AM
 LOWEST     63           500 PM
 AVERAGE    80

..........................................................


THE OTTUMWA IA CLIMATE NORMALS FOR TODAY
                         NORMAL    RECORD    YEAR
 MAXIMUM TEMPERATURE (F)   64        89      1980
 MINIMUM TEMPERATURE (F)   42        25      1934


SUNRISE AND SUNSET
APRIL 21 2016.........SUNRISE   621 AM CDT   SUNSET   757 PM CDT
APRIL 22 2016.........SUNRISE   619 AM CDT   SUNSET   758 PM CDT


-  INDICATES NEGATIVE NUMBERS.
R  INDICATES RECORD WAS SET OR TIED.
MM INDICATES DATA IS MISSING.
T  INDICATES TRACE AMOUNT.

$$

REV
