000
CDUS43 KDMX 240627 RRB
CLIOTM

CLIMATE REPORT
NATIONAL WEATHER SERVICE DES MOINES IA
126 AM CDT FRI JUN 24 2016

...................................

...THE OTTUMWA IA CLIMATE SUMMARY FOR JUNE 23 2016...

CLIMATE NORMAL PERIOD 1981 TO 2010
CLIMATE RECORD PERIOD 1920 TO 2016


WEATHER ITEM   OBSERVED TIME   RECORD YEAR NORMAL DEPARTURE LAST
                VALUE   (LST)  VALUE       VALUE  FROM      YEAR
                                                  NORMAL
..................................................................
TEMPERATURE (F)
 YESTERDAY
  MAXIMUM         83    357 PM  99    1933  84     -1       79
  MINIMUM         63   1159 PM  48    1942  63      0       61
  AVERAGE         73                        73      0       70

PRECIPITATION (IN)
  YESTERDAY        0.00          3.14 2000   0.17  -0.17     0.00
  MONTH TO DATE    1.59                      3.92  -2.33     5.41
  SINCE JUN 1      1.59                      3.92  -2.33     5.41
  SINCE JAN 1      9.63                     16.45  -6.82    15.28

DEGREE DAYS
 HEATING
  YESTERDAY        0                         0      0        0
  MONTH TO DATE    1                        19    -18       10
  SINCE JUN 1      1                        19    -18       10
  SINCE JUL 1   5265                      6315  -1050     6379

 COOLING
  YESTERDAY        8                         8      0        5
  MONTH TO DATE  216                       136     80      161
  SINCE JUN 1    216                       136     80      161
  SINCE JAN 1    287                       200     87      222
..................................................................


WIND (MPH)
  HIGHEST WIND SPEED    18   HIGHEST WIND DIRECTION    NW (330)
  HIGHEST GUST SPEED    26   HIGHEST GUST DIRECTION    NW (320)
  AVERAGE WIND SPEED    10.3


SKY COVER
  POSSIBLE SUNSHINE  MM
  AVERAGE SKY COVER 0.0


WEATHER CONDITIONS
 THE FOLLOWING WEATHER WAS RECORDED YESTERDAY.
  NO SIGNIFICANT WEATHER WAS OBSERVED.


RELATIVE HUMIDITY (PERCENT)
 HIGHEST   100           100 AM
 LOWEST     51           300 PM
 AVERAGE    76

..........................................................


THE OTTUMWA IA CLIMATE NORMALS FOR TODAY
                         NORMAL    RECORD    YEAR
 MAXIMUM TEMPERATURE (F)   84       100      1988
 MINIMUM TEMPERATURE (F)   63        44      1936


SUNRISE AND SUNSET
JUNE 24 2016..........SUNRISE   538 AM CDT   SUNSET   846 PM CDT
JUNE 25 2016..........SUNRISE   539 AM CDT   SUNSET   846 PM CDT


-  INDICATES NEGATIVE NUMBERS.
R  INDICATES RECORD WAS SET OR TIED.
MM INDICATES DATA IS MISSING.
T  INDICATES TRACE AMOUNT.




$$
