000
CDUS43 KDMX 010657 RRB
CLIOTM

CLIMATE REPORT
NATIONAL WEATHER SERVICE DES MOINES IA
156 AM CDT SAT APR 1 2017

...................................

...THE OTTUMWA IA CLIMATE SUMMARY FOR MARCH 31 2017...

CLIMATE NORMAL PERIOD 1981 TO 2010
CLIMATE RECORD PERIOD 1920 TO 2017


WEATHER ITEM   OBSERVED TIME   RECORD YEAR NORMAL DEPARTURE LAST
                VALUE   (LST)  VALUE       VALUE  FROM      YEAR
                                                  NORMAL
..................................................................
TEMPERATURE (F)
 YESTERDAY
  MAXIMUM         43   1042 PM  83    1986  56    -13       62
  MINIMUM         35   1129 PM  12    1923  34      1       43
  AVERAGE         39                        45     -6       53

PRECIPITATION (IN)
  YESTERDAY        0.00          1.67 1929   0.09  -0.09     0.05
  MONTH TO DATE    3.20                      2.24   0.96     1.22
  SINCE MAR 1      3.20                      2.24   0.96     1.22
  SINCE JAN 1      4.79                      4.42   0.37     2.52

DEGREE DAYS
 HEATING
  YESTERDAY       26                        20      6       12
  MONTH TO DATE  727                       811    -84      615
  SINCE MAR 1    727                       811    -84      615
  SINCE JUL 1   4534                      5696  -1162     4669

 COOLING
  YESTERDAY        0                         0      0        0
  MONTH TO DATE    0                         1     -1        0
  SINCE MAR 1      0                         1     -1        0
  SINCE JAN 1      0                         1     -1        0
..................................................................


WIND (MPH)
  HIGHEST WIND SPEED    18   HIGHEST WIND DIRECTION     N (360)
  HIGHEST GUST SPEED    23   HIGHEST GUST DIRECTION     N (360)
  AVERAGE WIND SPEED    10.3


SKY COVER
  POSSIBLE SUNSHINE  MM
  AVERAGE SKY COVER 1.0


WEATHER CONDITIONS
 THE FOLLOWING WEATHER WAS RECORDED YESTERDAY.
  FOG


RELATIVE HUMIDITY (PERCENT)
 HIGHEST   100           100 AM
 LOWEST     82          1000 AM
 AVERAGE    91

..........................................................


THE OTTUMWA IA CLIMATE NORMALS FOR TODAY
                         NORMAL    RECORD    YEAR
 MAXIMUM TEMPERATURE (F)   57        87      2010
 MINIMUM TEMPERATURE (F)   34        12      1899


SUNRISE AND SUNSET
APRIL  1 2017.........SUNRISE   653 AM CDT   SUNSET   735 PM CDT
APRIL  2 2017.........SUNRISE   651 AM CDT   SUNSET   736 PM CDT


-  INDICATES NEGATIVE NUMBERS.
R  INDICATES RECORD WAS SET OR TIED.
MM INDICATES DATA IS MISSING.
T  INDICATES TRACE AMOUNT.




$$
