000
CDUS43 KDMX 270657 RRB
CLIOTM

CLIMATE REPORT
NATIONAL WEATHER SERVICE DES MOINES IA
155 AM CDT SAT SEP 27 2014


...................................

...THE OTTUMWA IA CLIMATE SUMMARY FOR SEPTEMBER 26 2014...

CLIMATE NORMAL PERIOD 1981 TO 2010
CLIMATE RECORD PERIOD 1920 TO 2014


WEATHER ITEM   OBSERVED TIME   RECORD YEAR NORMAL DEPARTURE LAST
                VALUE   (LST)  VALUE       VALUE  FROM      YEAR
                                                  NORMAL
..................................................................
TEMPERATURE (F)
 YESTERDAY
  MAXIMUM         82    212 PM  94    1938  72     10       85
  MINIMUM         55    614 AM  29    1984  48      7       52
  AVERAGE         69                        60      9       69

PRECIPITATION (IN)
  YESTERDAY        0.00          2.75 1933   0.11  -0.11     0.00
  MONTH TO DATE    4.16                      3.35   0.81     0.68
  SINCE SEP 1      4.16                      3.35   0.81     0.68
  SINCE JAN 1     35.13                     30.05   5.08    29.79

DEGREE DAYS
 HEATING
  YESTERDAY        0                         6     -6        0
  MONTH TO DATE  119                        80     39       48
  SINCE SEP 1    119                        80     39       48
  SINCE JUL 1    132                        91     41       64

 COOLING
  YESTERDAY        4                         1      3        4
  MONTH TO DATE   57                        88    -31      157
  SINCE SEP 1     57                        88    -31      157
  SINCE JAN 1    789                       922   -133      972
..................................................................


WIND (MPH)
  HIGHEST WIND SPEED    12   HIGHEST WIND DIRECTION     S (170)
  HIGHEST GUST SPEED    17   HIGHEST GUST DIRECTION    SE (150)
  AVERAGE WIND SPEED     5.2


SKY COVER
  POSSIBLE SUNSHINE  MM
  AVERAGE SKY COVER 0.3


WEATHER CONDITIONS
 THE FOLLOWING WEATHER WAS RECORDED YESTERDAY.
  NO SIGNIFICANT WEATHER WAS OBSERVED.


RELATIVE HUMIDITY (PERCENT)
 HIGHEST    93           200 AM
 LOWEST     43           200 PM
 AVERAGE    68

..........................................................


THE OTTUMWA IA CLIMATE NORMALS FOR TODAY
                         NORMAL    RECORD    YEAR
 MAXIMUM TEMPERATURE (F)   71        92      1905
 MINIMUM TEMPERATURE (F)   48        30      1942


SUNRISE AND SUNSET
SEPTEMBER 27 2014.....SUNRISE   702 AM CDT   SUNSET   658 PM CDT
SEPTEMBER 28 2014.....SUNRISE   703 AM CDT   SUNSET   657 PM CDT


-  INDICATES NEGATIVE NUMBERS.
R  INDICATES RECORD WAS SET OR TIED.
MM INDICATES DATA IS MISSING.
T  INDICATES TRACE AMOUNT.




$$
