000
CDUS43 KDMX 240720
CLIOTM

CLIMATE REPORT
NATIONAL WEATHER SERVICE DES MOINES IA
119 AM CST MON NOV 24 2014

...................................

...THE OTTUMWA IA CLIMATE SUMMARY FOR NOVEMBER 23 2014...

CLIMATE NORMAL PERIOD 1981 TO 2010
CLIMATE RECORD PERIOD 1920 TO 2014


WEATHER ITEM   OBSERVED TIME   RECORD YEAR NORMAL DEPARTURE LAST
                VALUE   (LST)  VALUE       VALUE  FROM      YEAR
                                                  NORMAL
..................................................................
TEMPERATURE (F)
 YESTERDAY
  MAXIMUM         54    246 AM  68    1966  45      9       19
  MINIMUM         36   1159 PM   1    1937  26     10        8
  AVERAGE         45                        35     10       14

PRECIPITATION (IN)
  YESTERDAY        0.88          1.57 1999   0.08   0.80     0.00
  MONTH TO DATE    1.09                      1.89  -0.80     1.76
  SINCE SEP 1      8.76                      8.51   0.25     7.21
  SINCE JAN 1     40.05                     35.21   4.84    36.32

DEGREE DAYS
 HEATING
  YESTERDAY       20                        30    -10       51
  MONTH TO DATE  722                       550    172      571
  SINCE SEP 1   1244                      1063    181     1043
  SINCE JUL 1   1257                      1074    183     1059

 COOLING
  YESTERDAY        0                         0      0        0
  MONTH TO DATE    0                         0      0        0
  SINCE SEP 1     69                       104    -35      199
  SINCE JAN 1    801                       938   -137     1014
..................................................................


WIND (MPH)
  HIGHEST WIND SPEED    35   HIGHEST WIND DIRECTION    NW (330)
  HIGHEST GUST SPEED    43   HIGHEST GUST DIRECTION    NW (330)
  AVERAGE WIND SPEED    13.1


SKY COVER
  POSSIBLE SUNSHINE  MM
  AVERAGE SKY COVER 1.0


WEATHER CONDITIONS
 THE FOLLOWING WEATHER WAS RECORDED YESTERDAY.
  RAIN
  LIGHT RAIN
  FOG


RELATIVE HUMIDITY (PERCENT)
 HIGHEST   100          1200 PM
 LOWEST     83          1200 AM
 AVERAGE    92

..........................................................


THE OTTUMWA IA CLIMATE NORMALS FOR TODAY
                         NORMAL    RECORD    YEAR
 MAXIMUM TEMPERATURE (F)   44        64      2011
 MINIMUM TEMPERATURE (F)   25         2      1950


SUNRISE AND SUNSET
NOVEMBER 24 2014......SUNRISE   708 AM CST   SUNSET   445 PM CST
NOVEMBER 25 2014......SUNRISE   709 AM CST   SUNSET   444 PM CST


-  INDICATES NEGATIVE NUMBERS.
R  INDICATES RECORD WAS SET OR TIED.
MM INDICATES DATA IS MISSING.
T  INDICATES TRACE AMOUNT.

$$

SMALL
