000
CDUS43 KDMX 310637 RRA
CLIOTM

CLIMATE REPORT
NATIONAL WEATHER SERVICE DES MOINES IA
1235 AM CST WED DEC 31 2014


...................................

...THE OTTUMWA IA CLIMATE SUMMARY FOR DECEMBER 30 2014...

CLIMATE NORMAL PERIOD 1981 TO 2010
CLIMATE RECORD PERIOD 1920 TO 2014


WEATHER ITEM   OBSERVED TIME   RECORD YEAR NORMAL DEPARTURE LAST
                VALUE   (LST)  VALUE       VALUE  FROM      YEAR
                                                  NORMAL
..................................................................
TEMPERATURE (F)
 YESTERDAY
  MAXIMUM         16    251 PM  64    1965  32    -16       18
  MINIMUM          3   1159 PM -10    1968  14    -11       -1
  AVERAGE         10                        23    -13        9

PRECIPITATION (IN)
  YESTERDAY        0.00          0.61 1931   0.03  -0.03     0.02
  MONTH TO DATE    0.98                      1.34  -0.36     0.66
  SINCE DEC 1      0.98                      1.34  -0.36     0.66
  SINCE JAN 1     42.76                     37.04   5.72    36.98

DEGREE DAYS
 HEATING
  YESTERDAY       55                        42     13       56
  MONTH TO DATE  990                      1166   -176     1292
  SINCE DEC 1    990                      1166   -176     1292
  SINCE JUL 1   2498                      2464     34     2622

 COOLING
  YESTERDAY        0                         0      0        0
  MONTH TO DATE    0                         0      0        0
  SINCE DEC 1      0                         0      0        0
  SINCE JAN 1    801                       938   -137     1014
..................................................................


WIND (MPH)
  HIGHEST WIND SPEED    18   HIGHEST WIND DIRECTION     N (350)
  HIGHEST GUST SPEED    25   HIGHEST GUST DIRECTION    NW (310)
  AVERAGE WIND SPEED    11.5


SKY COVER
  POSSIBLE SUNSHINE  MM
  AVERAGE SKY COVER 0.0


WEATHER CONDITIONS
 THE FOLLOWING WEATHER WAS RECORDED YESTERDAY.
  NO SIGNIFICANT WEATHER WAS OBSERVED.


RELATIVE HUMIDITY (PERCENT)
 HIGHEST    80          1200 AM
 LOWEST     46           200 PM
 AVERAGE    63

..........................................................


THE OTTUMWA IA CLIMATE NORMALS FOR TODAY
                         NORMAL    RECORD    YEAR
 MAXIMUM TEMPERATURE (F)   32        63      1965
 MINIMUM TEMPERATURE (F)   14       -13      1968


SUNRISE AND SUNSET
DECEMBER 31 2014......SUNRISE   735 AM CST   SUNSET   451 PM CST
JANUARY  1 2015.......SUNRISE   735 AM CST   SUNSET   452 PM CST


-  INDICATES NEGATIVE NUMBERS.
R  INDICATES RECORD WAS SET OR TIED.
MM INDICATES DATA IS MISSING.
T  INDICATES TRACE AMOUNT.




$$
