000
CDUS43 KDMX 080639 RRA
CLIOTM

CLIMATE REPORT
NATIONAL WEATHER SERVICE DES MOINES IA
135 AM CDT MON JUN 8 2015

...................................

...THE OTTUMWA IA CLIMATE SUMMARY FOR JUNE 7 2015...

CLIMATE NORMAL PERIOD 1981 TO 2010
CLIMATE RECORD PERIOD 1920 TO 2015


WEATHER ITEM   OBSERVED TIME   RECORD YEAR NORMAL DEPARTURE LAST
                VALUE   (LST)  VALUE       VALUE  FROM      YEAR
                                                  NORMAL
..................................................................
TEMPERATURE (F)
 YESTERDAY
  MAXIMUM         86    240 PM  97    1932  79      7       69
  MINIMUM         65   1159 PM  39    1935  58      7       59
  AVERAGE         76                        69      7       64

PRECIPITATION (IN)
  YESTERDAY        0.74          2.75 1906   0.17   0.57     0.95
  MONTH TO DATE    0.74                      1.19  -0.45     2.77
  SINCE JUN 1      0.74                      1.19  -0.45     2.77
  SINCE JAN 1      9.65                     13.72  -4.07    15.88

DEGREE DAYS
 HEATING
  YESTERDAY        0                         1     -1        1
  MONTH TO DATE   10                        11     -1        1
  SINCE JUN 1     10                        11     -1        1
  SINCE JUL 1   6379                      6307     72     7099

 COOLING
  YESTERDAY       11                         5      6        0
  MONTH TO DATE   31                        29      2       38
  SINCE JUN 1     31                        29      2       38
  SINCE JAN 1     92                        93     -1      149
..................................................................


WIND (MPH)
  HIGHEST WIND SPEED    35   HIGHEST WIND DIRECTION     N (340)
  HIGHEST GUST SPEED    41   HIGHEST GUST DIRECTION     N (350)
  AVERAGE WIND SPEED     9.9


SKY COVER
  POSSIBLE SUNSHINE  MM
  AVERAGE SKY COVER 0.4


WEATHER CONDITIONS
 THE FOLLOWING WEATHER WAS RECORDED YESTERDAY.
  THUNDERSTORM
  HEAVY RAIN
  RAIN
  LIGHT RAIN
  FOG


RELATIVE HUMIDITY (PERCENT)
 HIGHEST    97           900 PM
 LOWEST     65           200 PM
 AVERAGE    81

..........................................................


THE OTTUMWA IA CLIMATE NORMALS FOR TODAY
                         NORMAL    RECORD    YEAR
 MAXIMUM TEMPERATURE (F)   80        97      1985
 MINIMUM TEMPERATURE (F)   58        44      1935


SUNRISE AND SUNSET
JUNE  8 2015..........SUNRISE   537 AM CDT   SUNSET   840 PM CDT
JUNE  9 2015..........SUNRISE   537 AM CDT   SUNSET   841 PM CDT


-  INDICATES NEGATIVE NUMBERS.
R  INDICATES RECORD WAS SET OR TIED.
MM INDICATES DATA IS MISSING.
T  INDICATES TRACE AMOUNT.




$$
