113
CDUS43 KDMX 010710
CLIOTM

CLIMATE REPORT
NATIONAL WEATHER SERVICE DES MOINES IA
205 AM CDT FRI JUL 1 2016


...................................

...THE OTTUMWA IA CLIMATE SUMMARY FOR JUNE 30 2016...

CLIMATE NORMAL PERIOD 1981 TO 2010
CLIMATE RECORD PERIOD 1920 TO 2016


WEATHER ITEM   OBSERVED TIME   RECORD YEAR NORMAL DEPARTURE LAST
                VALUE   (LST)  VALUE       VALUE  FROM      YEAR
                                                  NORMAL
..................................................................
TEMPERATURE (F)
 YESTERDAY
  MAXIMUM         83    457 PM 100    1931  85     -2       81
  MINIMUM         61   1159 PM  47    1943  64     -3       64
  AVERAGE         72                        74     -2       73

PRECIPITATION (IN)
  YESTERDAY        0.97          1.55 1907   0.16   0.81     0.00
  MONTH TO DATE    2.58                      5.09  -2.51     7.78
  SINCE JUN 1      2.58                      5.09  -2.51     7.78
  SINCE JAN 1     10.62                     17.62  -7.00    17.65

DEGREE DAYS
 HEATING
  YESTERDAY        0                         0      0        0
  MONTH TO DATE    1                        19    -18       10
  SINCE JUN 1      1                        21    -20       10
  SINCE JUL 1   5265                      6317  -1052     6379

 COOLING
  YESTERDAY        7                        10     -3        8
  MONTH TO DATE  274                       201     73      204
  SINCE JUN 1    274                       201     73      204
  SINCE JAN 1    345                       265     80      265
..................................................................


WIND (MPH)
  HIGHEST WIND SPEED    33   HIGHEST WIND DIRECTION     N (360)
  HIGHEST GUST SPEED    44   HIGHEST GUST DIRECTION     N (360)
  AVERAGE WIND SPEED     8.0


SKY COVER
  POSSIBLE SUNSHINE  MM
  AVERAGE SKY COVER 0.3


WEATHER CONDITIONS
 THE FOLLOWING WEATHER WAS RECORDED YESTERDAY.
  THUNDERSTORM
  HEAVY RAIN
  RAIN
  LIGHT RAIN
  FOG
  HAZE


RELATIVE HUMIDITY (PERCENT)
 HIGHEST    93          1000 PM
 LOWEST     55           300 PM
 AVERAGE    74

..........................................................


THE OTTUMWA IA CLIMATE NORMALS FOR TODAY
                         NORMAL    RECORD    YEAR
 MAXIMUM TEMPERATURE (F)   85       103      1911
 MINIMUM TEMPERATURE (F)   64        49      1924


SUNRISE AND SUNSET
JULY  1 2016..........SUNRISE   541 AM CDT   SUNSET   846 PM CDT
JULY  2 2016..........SUNRISE   542 AM CDT   SUNSET   846 PM CDT


-  INDICATES NEGATIVE NUMBERS.
R  INDICATES RECORD WAS SET OR TIED.
MM INDICATES DATA IS MISSING.
T  INDICATES TRACE AMOUNT.




$$
