000
CDUS43 KDMX 090733
CLIOTM

CLIMATE REPORT
NATIONAL WEATHER SERVICE DES MOINES IA
209 AM CDT TUE MAY 9 2017

...................................

...THE OTTUMWA IA CLIMATE SUMMARY FOR MAY 8 2017...

CLIMATE NORMAL PERIOD 1981 TO 2010
CLIMATE RECORD PERIOD 1920 TO 2017

WEATHER ITEM   OBSERVED TIME   RECORD YEAR NORMAL DEPARTURE LAST
                VALUE   (LST)  VALUE       VALUE  FROM      YEAR
                                                  NORMAL
..................................................................
TEMPERATURE (F)
 YESTERDAY
  MAXIMUM         80    443 PM  92    1934  70     10       68
  MINIMUM         49    444 AM  35    2010  48      1       54
                                      1980
  AVERAGE         65                        59      6       61

PRECIPITATION (IN)
  YESTERDAY        T             1.28 1996   0.14  -0.14     0.00
  MONTH TO DATE    0.02                      1.14  -1.12     0.17
  SINCE MAR 1      8.28                      6.78   1.50     4.04
  SINCE JAN 1      9.87                      8.96   0.91     5.34

DEGREE DAYS
 HEATING
  YESTERDAY        0                         7     -7        4
  MONTH TO DATE   81                        64     17       74
  SINCE MAR 1   1118                      1309   -191     1096
  SINCE JUL 1   4925                      6194  -1269     5150

 COOLING
  YESTERDAY        0                         1     -1        0
  MONTH TO DATE    0                         8     -8        1
  SINCE MAR 1     15                        19     -4       10
  SINCE JAN 1     15                        19     -4       10
..................................................................

WIND (MPH)
  HIGHEST WIND SPEED    16   HIGHEST WIND DIRECTION     S (180)
  HIGHEST GUST SPEED    20   HIGHEST GUST DIRECTION    SW (230)
  AVERAGE WIND SPEED     9.3

SKY COVER
  POSSIBLE SUNSHINE  MM
  AVERAGE SKY COVER 0.1

WEATHER CONDITIONS
 THE FOLLOWING WEATHER WAS RECORDED YESTERDAY.
  HAZE

RELATIVE HUMIDITY (PERCENT)
 HIGHEST    77           900 AM
 LOWEST     50           300 PM
 AVERAGE    64
..........................................................

THE OTTUMWA IA CLIMATE NORMALS FOR TODAY
                         NORMAL    RECORD    YEAR
 MAXIMUM TEMPERATURE (F)   70        91      1934
 MINIMUM TEMPERATURE (F)   48        31      1947

SUNRISE AND SUNSET
MAY  9 2017...........SUNRISE   558 AM CDT   SUNSET   815 PM CDT
MAY 10 2017...........SUNRISE   557 AM CDT   SUNSET   816 PM CDT

-  INDICATES NEGATIVE NUMBERS.
R  INDICATES RECORD WAS SET OR TIED.
MM INDICATES DATA IS MISSING.
T  INDICATES TRACE AMOUNT.

$$

FAB
