000
CDUS43 KDMX 080721 RRB
CLIOTM

CLIMATE REPORT
NATIONAL WEATHER SERVICE DES MOINES IA
219 AM CDT FRI APR 8 2016


...................................

...THE OTTUMWA IA CLIMATE SUMMARY FOR APRIL 7 2016...

CLIMATE NORMAL PERIOD 1981 TO 2010
CLIMATE RECORD PERIOD 1920 TO 2016


WEATHER ITEM   OBSERVED TIME   RECORD YEAR NORMAL DEPARTURE LAST
                VALUE   (LST)  VALUE       VALUE  FROM      YEAR
                                                  NORMAL
..................................................................
TEMPERATURE (F)
 YESTERDAY
  MAXIMUM         50    150 PM  79    1991  59     -9       54
  MINIMUM         37    259 AM  16    2007  36      1       44
  AVERAGE         44                        48     -4       49

PRECIPITATION (IN)
  YESTERDAY        0.06          0.99 1946   0.10  -0.04     0.06
  MONTH TO DATE    0.36                      0.65  -0.29     0.21
  SINCE MAR 1      1.58                      2.89  -1.31     0.67
  SINCE JAN 1      2.01                      5.07  -3.06     2.79

DEGREE DAYS
 HEATING
  YESTERDAY       21                        17      4       16
  MONTH TO DATE  147                       130     17       92
  SINCE MAR 1    762                       941   -179      859
  SINCE JUL 1   4816                      5826  -1010     5990

 COOLING
  YESTERDAY        0                         0      0        0
  MONTH TO DATE    0                         0      0        0
  SINCE MAR 1      0                         1     -1        0
  SINCE JAN 1      0                         1     -1        0
..................................................................


WIND (MPH)
  HIGHEST WIND SPEED    24   HIGHEST WIND DIRECTION    NW (310)
  HIGHEST GUST SPEED    29   HIGHEST GUST DIRECTION    NW (320)
  AVERAGE WIND SPEED    14.1


SKY COVER
  POSSIBLE SUNSHINE  MM
  AVERAGE SKY COVER 0.9


WEATHER CONDITIONS
 THE FOLLOWING WEATHER WAS RECORDED YESTERDAY.
  LIGHT RAIN
  FOG


RELATIVE HUMIDITY (PERCENT)
 HIGHEST    83           500 PM
 LOWEST     62          1000 AM
 AVERAGE    73

..........................................................


THE OTTUMWA IA CLIMATE NORMALS FOR TODAY
                         NORMAL    RECORD    YEAR
 MAXIMUM TEMPERATURE (F)   60        89      1931
 MINIMUM TEMPERATURE (F)   37        18      1972


SUNRISE AND SUNSET
APRIL  8 2016.........SUNRISE   641 AM CDT   SUNSET   743 PM CDT
APRIL  9 2016.........SUNRISE   639 AM CDT   SUNSET   744 PM CDT


-  INDICATES NEGATIVE NUMBERS.
R  INDICATES RECORD WAS SET OR TIED.
MM INDICATES DATA IS MISSING.
T  INDICATES TRACE AMOUNT.




$$
