000
CDUS43 KDMX 270728 RRC
CLIOTM

CLIMATE REPORT
NATIONAL WEATHER SERVICE DES MOINES IA
1246 AM CST THU FEB 27 2014


...................................

...THE OTTUMWA IA CLIMATE SUMMARY FOR FEBRUARY 26 2014...

CLIMATE NORMAL PERIOD 1981 TO 2010
CLIMATE RECORD PERIOD 1920 TO 2014


WEATHER ITEM   OBSERVED TIME   RECORD YEAR NORMAL DEPARTURE LAST
                VALUE   (LST)  VALUE       VALUE  FROM      YEAR
                                                  NORMAL
..................................................................
TEMPERATURE (F)
 YESTERDAY
  MAXIMUM         24   1044 PM  64    1932  41    -17       34
  MINIMUM         -5    700 AM -12    1963  22    -27       31
  AVERAGE         10                        31    -21       33

PRECIPITATION (IN)
  YESTERDAY        0.00          1.00 1903   0.07  -0.07     0.45
  MONTH TO DATE    1.21                      1.15   0.06     1.58
  SINCE DEC 1      1.67                      3.42  -1.75     4.84
  SINCE JAN 1      1.33                      2.05  -0.72     3.21

DEGREE DAYS
 HEATING
  YESTERDAY       55                        34     21       32
  MONTH TO DATE 1252                       995    257      962
  SINCE DEC 1   4086                      3519    567     3160
  SINCE JUL 1   5416                      4817    599     4454

 COOLING
  YESTERDAY        0                         0      0        0
  MONTH TO DATE    0                         0      0        0
  SINCE DEC 1      0                         0      0        0
  SINCE JAN 1      0                         0      0        0
..................................................................


WIND (MPH)
  HIGHEST WIND SPEED    30   HIGHEST WIND DIRECTION    NW (320)
  HIGHEST GUST SPEED    39   HIGHEST GUST DIRECTION    NW (320)
  AVERAGE WIND SPEED    13.6


SKY COVER
  POSSIBLE SUNSHINE  MM
  AVERAGE SKY COVER 0.0


WEATHER CONDITIONS
 THE FOLLOWING WEATHER WAS RECORDED YESTERDAY.
  NO SIGNIFICANT WEATHER WAS OBSERVED.


RELATIVE HUMIDITY (PERCENT)
 HIGHEST    82           600 AM
 LOWEST     45           400 PM
 AVERAGE    64

..........................................................


THE OTTUMWA IA CLIMATE NORMALS FOR TODAY
                         NORMAL    RECORD    YEAR
 MAXIMUM TEMPERATURE (F)   41        72      1976
 MINIMUM TEMPERATURE (F)   22       -23      1934


SUNRISE AND SUNSET
FEBRUARY 27 2014......SUNRISE   647 AM CST   SUNSET   558 PM CST
FEBRUARY 28 2014......SUNRISE   646 AM CST   SUNSET   600 PM CST


-  INDICATES NEGATIVE NUMBERS.
R  INDICATES RECORD WAS SET OR TIED.
MM INDICATES DATA IS MISSING.
T  INDICATES TRACE AMOUNT.




$$
