000
CDUS43 KDMX 230642
CLIOTM

CLIMATE REPORT
NATIONAL WEATHER SERVICE DES MOINES IA
1239 AM CST WED NOV 23 2016


...................................

...THE OTTUMWA IA CLIMATE SUMMARY FOR NOVEMBER 22 2016...

CLIMATE NORMAL PERIOD 1981 TO 2010
CLIMATE RECORD PERIOD 1920 TO 2016


WEATHER ITEM   OBSERVED TIME   RECORD YEAR NORMAL DEPARTURE LAST
                VALUE   (LST)  VALUE       VALUE  FROM      YEAR
                                                  NORMAL
..................................................................
TEMPERATURE (F)
 YESTERDAY
  MAXIMUM         44    413 PM  67    1966  45     -1       37
  MINIMUM         37    710 AM  -8    1937  26     11       10
  AVERAGE         41                        36      5       24

PRECIPITATION (IN)
  YESTERDAY        0.08          1.64 1963   0.07   0.01     0.00
  MONTH TO DATE    0.17                      1.81  -1.64     2.69
  SINCE SEP 1      2.19                      8.43  -6.24     8.35
  SINCE JAN 1     23.38                     35.13 -11.75    34.06

DEGREE DAYS
 HEATING
  YESTERDAY       24                        29     -5       41
  MONTH TO DATE  339                       520   -181      392
  SINCE SEP 1    589                      1033   -444      783
  SINCE JUL 1    596                      1044   -448      805

 COOLING
  YESTERDAY        0                         0      0        0
  MONTH TO DATE    5                         0      5        0
  SINCE SEP 1    223                       104    119      205
  SINCE JAN 1   1122                       938    184      933
..................................................................


WIND (MPH)
  HIGHEST WIND SPEED    25   HIGHEST WIND DIRECTION     E (110)
  HIGHEST GUST SPEED    32   HIGHEST GUST DIRECTION     E (110)
  AVERAGE WIND SPEED    14.8


SKY COVER
  POSSIBLE SUNSHINE  MM
  AVERAGE SKY COVER 0.7


WEATHER CONDITIONS
 THE FOLLOWING WEATHER WAS RECORDED YESTERDAY.
  LIGHT RAIN
  FOG
  HAZE


RELATIVE HUMIDITY (PERCENT)
 HIGHEST    86          1000 PM
 LOWEST     54          1200 AM
 AVERAGE    70

..........................................................


THE OTTUMWA IA CLIMATE NORMALS FOR TODAY
                         NORMAL    RECORD    YEAR
 MAXIMUM TEMPERATURE (F)   45        68      1966
 MINIMUM TEMPERATURE (F)   26         1      1937


SUNRISE AND SUNSET
NOVEMBER 23 2016......SUNRISE   707 AM CST   SUNSET   445 PM CST
NOVEMBER 24 2016......SUNRISE   709 AM CST   SUNSET   444 PM CST


-  INDICATES NEGATIVE NUMBERS.
R  INDICATES RECORD WAS SET OR TIED.
MM INDICATES DATA IS MISSING.
T  INDICATES TRACE AMOUNT.




$$
