000
CDUS43 KDMX 160644
CLIOTM

CLIMATE REPORT
NATIONAL WEATHER SERVICE DES MOINES IA
1243 AM CST FRI DEC 16 2016

...................................

...THE OTTUMWA IA CLIMATE SUMMARY FOR DECEMBER 15 2016...

CLIMATE NORMAL PERIOD 1981 TO 2010
CLIMATE RECORD PERIOD 1920 TO 2016


WEATHER ITEM   OBSERVED TIME   RECORD YEAR NORMAL DEPARTURE LAST
                VALUE   (LST)  VALUE       VALUE  FROM      YEAR
                                                  NORMAL
..................................................................
TEMPERATURE (F)
 YESTERDAY
  MAXIMUM         16   1159 PM  59    2002  34    -18       45
                                      1939
  MINIMUM          0    723 AM -13    1989  17    -17       35
  AVERAGE          8                        26    -18       40

PRECIPITATION (IN)
  YESTERDAY        0.00          0.81 1971   0.04  -0.04     0.00
  MONTH TO DATE    0.58                      0.77  -0.19     2.06
  SINCE DEC 1      0.58                      0.77  -0.19     2.06
  SINCE JAN 1     24.50                     36.47 -11.97    38.75

DEGREE DAYS
 HEATING
  YESTERDAY       57                        39     18       25
  MONTH TO DATE  581                       552     29      330
  SINCE DEC 1    581                       552     29      330
  SINCE JUL 1   1365                      1850   -485     1341

 COOLING
  YESTERDAY        0                         0      0        0
  MONTH TO DATE    0                         0      0        0
  SINCE DEC 1      0                         0      0        0
  SINCE JAN 1   1122                       938    184      933
..................................................................


WIND (MPH)
  HIGHEST WIND SPEED    15   HIGHEST WIND DIRECTION    NW (320)
  HIGHEST GUST SPEED    19   HIGHEST GUST DIRECTION    NW (320)
  AVERAGE WIND SPEED     7.5


SKY COVER
  POSSIBLE SUNSHINE  MM
  AVERAGE SKY COVER 0.4


WEATHER CONDITIONS
 THE FOLLOWING WEATHER WAS RECORDED YESTERDAY.
  NO SIGNIFICANT WEATHER WAS OBSERVED.


RELATIVE HUMIDITY (PERCENT)
 HIGHEST    75           600 AM
 LOWEST     46           100 PM
 AVERAGE    61

..........................................................


THE OTTUMWA IA CLIMATE NORMALS FOR TODAY
                         NORMAL    RECORD    YEAR
 MAXIMUM TEMPERATURE (F)   34        67      1939
 MINIMUM TEMPERATURE (F)   17       -19      1932


SUNRISE AND SUNSET
DECEMBER 16 2016......SUNRISE   729 AM CST   SUNSET   442 PM CST
DECEMBER 17 2016......SUNRISE   730 AM CST   SUNSET   443 PM CST


-  INDICATES NEGATIVE NUMBERS.
R  INDICATES RECORD WAS SET OR TIED.
MM INDICATES DATA IS MISSING.
T  INDICATES TRACE AMOUNT.

$$

SMALL
