000
CDUS43 KDMX 210631
CLIOTM

CLIMATE REPORT
NATIONAL WEATHER SERVICE DES MOINES IA
1227 AM CST THU DEC 21 2017

...................................

...THE OTTUMWA IA CLIMATE SUMMARY FOR DECEMBER 20 2017...

CLIMATE NORMAL PERIOD 1981 TO 2010
CLIMATE RECORD PERIOD 1920 TO 2017


WEATHER ITEM   OBSERVED TIME   RECORD YEAR NORMAL DEPARTURE LAST
                VALUE   (LST)  VALUE       VALUE  FROM      YEAR
                                                  NORMAL
..................................................................
TEMPERATURE (F)
 YESTERDAY
  MAXIMUM         43    312 PM  67    1941  33     10       36
  MINIMUM         24    555 AM -13    1983  16      8       21
  AVERAGE         34                        25      9       29

PRECIPITATION (IN)
  YESTERDAY        0.00          1.01 2006   0.04  -0.04     0.00
  MONTH TO DATE    0.39                      0.98  -0.59     0.74
  SINCE DEC 1      0.39                      0.98  -0.59     0.74
  SINCE JAN 1     25.00                     36.68 -11.68    24.66

DEGREE DAYS
 HEATING
  YESTERDAY       31                        40     -9       36
  MONTH TO DATE  598                       752   -154      841
  SINCE DEC 1    598                       752   -154      841
  SINCE JUL 1   1725                      2050   -325     1634

 COOLING
  YESTERDAY        0                         0      0        0
  MONTH TO DATE    0                         0      0        0
  SINCE DEC 1      0                         0      0        0
  SINCE JAN 1   1120                       938    182     1122
..................................................................


WIND (MPH)
  HIGHEST WIND SPEED    14   HIGHEST WIND DIRECTION     E (110)
  HIGHEST GUST SPEED    17   HIGHEST GUST DIRECTION     E (90)
  AVERAGE WIND SPEED     7.8


SKY COVER
  POSSIBLE SUNSHINE  MM
  AVERAGE SKY COVER 0.0


WEATHER CONDITIONS
 THE FOLLOWING WEATHER WAS RECORDED YESTERDAY.
  NO SIGNIFICANT WEATHER WAS OBSERVED.


RELATIVE HUMIDITY (PERCENT)
 HIGHEST    68           100 AM
 LOWEST     30           200 PM
 AVERAGE    49

..........................................................


THE OTTUMWA IA CLIMATE NORMALS FOR TODAY
                         NORMAL    RECORD    YEAR
 MAXIMUM TEMPERATURE (F)   33        62      1941
 MINIMUM TEMPERATURE (F)   16       -19      1989


SUNRISE AND SUNSET
DECEMBER 21 2017......SUNRISE   732 AM CST   SUNSET   444 PM CST
DECEMBER 22 2017......SUNRISE   732 AM CST   SUNSET   445 PM CST


-  INDICATES NEGATIVE NUMBERS.
R  INDICATES RECORD WAS SET OR TIED.
MM INDICATES DATA IS MISSING.
T  INDICATES TRACE AMOUNT.

$$

ANSORGE
