000
CDUS43 KDMX 140640
CLIOTM

CLIMATE REPORT
NATIONAL WEATHER SERVICE DES MOINES IA
140 AM CDT TUE JUL 14 2015

...................................

...THE OTTUMWA IA CLIMATE SUMMARY FOR JULY 13 2015...

CLIMATE NORMAL PERIOD 1981 TO 2010
CLIMATE RECORD PERIOD 1920 TO 2015


WEATHER ITEM   OBSERVED TIME   RECORD YEAR NORMAL DEPARTURE LAST
                VALUE   (LST)  VALUE       VALUE  FROM      YEAR
                                                  NORMAL
..................................................................
TEMPERATURE (F)
 YESTERDAY
  MAXIMUM         92    338 PM 112    1936  86      6       85
  MINIMUM         73   1159 PM  47    1940  65      8       65
  AVERAGE         83                        75      8       75

PRECIPITATION (IN)
  YESTERDAY        0.00          1.96 1992   0.15  -0.15     0.00
  MONTH TO DATE    2.42                      1.99   0.43     2.98
  SINCE JUN 1     10.21                      7.08   3.13    11.00
  SINCE JAN 1     19.12                     19.61  -0.49    24.11

DEGREE DAYS
 HEATING
  YESTERDAY        0                         0      0        0
  MONTH TO DATE    6                         0      6        7
  SINCE JUN 1     16                        21     -5       16
  SINCE JUL 1      6                         0      6        7

 COOLING
  YESTERDAY       18                        10      8       10
  MONTH TO DATE   78                       130    -52       80
  SINCE JUN 1    282                       331    -49      294
  SINCE JAN 1    343                       395    -52      405
..................................................................


WIND (MPH)
  HIGHEST WIND SPEED    17   HIGHEST WIND DIRECTION     W (250)
  HIGHEST GUST SPEED    21   HIGHEST GUST DIRECTION    SW (240)
  AVERAGE WIND SPEED     9.1


SKY COVER
  POSSIBLE SUNSHINE  MM
  AVERAGE SKY COVER 0.1


WEATHER CONDITIONS
 THE FOLLOWING WEATHER WAS RECORDED YESTERDAY.
  NO SIGNIFICANT WEATHER WAS OBSERVED.


RELATIVE HUMIDITY (PERCENT)
 HIGHEST    94           300 AM
 LOWEST     59           400 PM
 AVERAGE    77

..........................................................


THE OTTUMWA IA CLIMATE NORMALS FOR TODAY
                         NORMAL    RECORD    YEAR
 MAXIMUM TEMPERATURE (F)   86       114      1936
 MINIMUM TEMPERATURE (F)   65        48      1926


SUNRISE AND SUNSET
JULY 14 2015..........SUNRISE   549 AM CDT   SUNSET   842 PM CDT
JULY 15 2015..........SUNRISE   550 AM CDT   SUNSET   841 PM CDT


-  INDICATES NEGATIVE NUMBERS.
R  INDICATES RECORD WAS SET OR TIED.
MM INDICATES DATA IS MISSING.
T  INDICATES TRACE AMOUNT.

$$

SMALL
