000
CDUS43 KICT 180625
CLISLN


CLIMATE REPORT
NATIONAL WEATHER SERVICE WICHITA KS
125 AM CDT TUE APR 18 2017


...................................

...THE SALINA KS CLIMATE SUMMARY FOR APRIL 17 2017...

CLIMATE NORMAL PERIOD 1981 TO 2010
CLIMATE RECORD PERIOD 1894 TO 2017


WEATHER ITEM   OBSERVED TIME   RECORD YEAR NORMAL DEPARTURE LAST
                VALUE   (LST)  VALUE       VALUE  FROM      YEAR
                                                  NORMAL
..................................................................
TEMPERATURE (F)
 YESTERDAY
  MAXIMUM         78    232 PM  92    1926  68     10       65
  MINIMUM         47    619 AM  17    1907  44      3       56
  AVERAGE         63                        56      7       61

PRECIPITATION (IN)
  YESTERDAY        0.00          3.21 1979   0.11  -0.11     0.74
  MONTH TO DATE    1.81                      1.62   0.19     0.82
  SINCE MAR 1      5.43                      4.01   1.42     1.52
  SINCE JAN 1      7.53                      5.81   1.72     2.76

DEGREE DAYS
 HEATING
  YESTERDAY        2                        10     -8        4
  MONTH TO DATE  123                       212    -89      130
  SINCE MAR 1    583                       821   -238      548
  SINCE JUL 1   3251                      4662  -1411     3534

 COOLING
  YESTERDAY        0                         1     -1        0
  MONTH TO DATE   26                         9     17       11
  SINCE MAR 1     37                        11     26       17
  SINCE JAN 1     37                        11     26       17
..................................................................


WIND (MPH)
  HIGHEST WIND SPEED    21   HIGHEST WIND DIRECTION    SE (150)
  HIGHEST GUST SPEED    24   HIGHEST GUST DIRECTION    SE (150)
  AVERAGE WIND SPEED     8.2


SKY COVER
  POSSIBLE SUNSHINE  MM
  AVERAGE SKY COVER 0.2


WEATHER CONDITIONS
 THE FOLLOWING WEATHER WAS RECORDED YESTERDAY.
  HAZE


RELATIVE HUMIDITY (PERCENT)
 HIGHEST    93           300 AM
 LOWEST     43           300 PM
 AVERAGE    68

..........................................................


THE SALINA KS CLIMATE NORMALS FOR TODAY
                         NORMAL    RECORD    YEAR
 MAXIMUM TEMPERATURE (F)   68        94      1994
 MINIMUM TEMPERATURE (F)   44        27      1953


SUNRISE AND SUNSET
APRIL 18 2017.........SUNRISE   650 AM CDT   SUNSET   811 PM CDT
APRIL 19 2017.........SUNRISE   648 AM CDT   SUNSET   812 PM CDT


-  INDICATES NEGATIVE NUMBERS.
R  INDICATES RECORD WAS SET OR TIED.
MM INDICATES DATA IS MISSING.
T  INDICATES TRACE AMOUNT.




$$
