000
CDUS43 KICT 120648
CLISLN

CLIMATE REPORT
NATIONAL WEATHER SERVICE WICHITA KS
147 AM CDT TUE AUG 12 2014

...................................

...THE SALINA KS CLIMATE SUMMARY FOR AUGUST 11 2014...

CLIMATE NORMAL PERIOD 1981 TO 2010
CLIMATE RECORD PERIOD 1894 TO 2014


WEATHER ITEM   OBSERVED TIME   RECORD YEAR NORMAL DEPARTURE LAST
                VALUE   (LST)  VALUE       VALUE  FROM      YEAR
                                                  NORMAL
..................................................................
TEMPERATURE (F)
 YESTERDAY
  MAXIMUM         88    317 PM 114    1936  92     -4       86
  MINIMUM         65   1159 PM  50    1898  69     -4       63
  AVERAGE         77                        80     -3       75

PRECIPITATION (IN)
  YESTERDAY        0.00          0.85 1990   0.12  -0.12     0.00
  MONTH TO DATE    0.90                      1.49  -0.59     2.34
  SINCE JUN 1      9.82                      9.89  -0.07    10.34
  SINCE JAN 1     17.21                     21.88  -4.67    23.58

DEGREE DAYS
 HEATING
  YESTERDAY        0                         0      0        0
  MONTH TO DATE    0                         0      0        0
  SINCE JUN 1      1                         7     -6       10
  SINCE JUL 1      0                         0      0        3

 COOLING
  YESTERDAY       12                        16     -4       10
  MONTH TO DATE  182                       176      6      131
  SINCE JUN 1    982                      1002    -20      961
  SINCE JAN 1   1214                      1130     84     1102
..................................................................


WIND (MPH)
  HIGHEST WIND SPEED    24   HIGHEST WIND DIRECTION     N (350)
  HIGHEST GUST SPEED    30   HIGHEST GUST DIRECTION     N (360)
  AVERAGE WIND SPEED    11.1


SKY COVER
  POSSIBLE SUNSHINE  MM
  AVERAGE SKY COVER 0.1


WEATHER CONDITIONS
 THE FOLLOWING WEATHER WAS RECORDED YESTERDAY.
  NO SIGNIFICANT WEATHER WAS OBSERVED.


RELATIVE HUMIDITY (PERCENT)
 HIGHEST    90           400 AM
 LOWEST     29           400 PM
 AVERAGE    60

..........................................................


THE SALINA KS CLIMATE NORMALS FOR TODAY
                         NORMAL    RECORD    YEAR
 MAXIMUM TEMPERATURE (F)   92       117      1936
 MINIMUM TEMPERATURE (F)   69        49      1964


SUNRISE AND SUNSET
AUGUST 12 2014........SUNRISE   642 AM CDT   SUNSET   829 PM CDT
AUGUST 13 2014........SUNRISE   643 AM CDT   SUNSET   828 PM CDT


-  INDICATES NEGATIVE NUMBERS.
R  INDICATES RECORD WAS SET OR TIED.
MM INDICATES DATA IS MISSING.
T  INDICATES TRACE AMOUNT.

$$
