000
CDUS43 KICT 050703
CLISLN

CLIMATE REPORT
NATIONAL WEATHER SERVICE WICHITA KS
202 AM CDT SAT APR 5 2014

...................................

...THE SALINA KS CLIMATE SUMMARY FOR APRIL 4 2014...

CLIMATE NORMAL PERIOD 1981 TO 2010
CLIMATE RECORD PERIOD 1894 TO 2014


WEATHER ITEM   OBSERVED TIME   RECORD YEAR NORMAL DEPARTURE LAST
                VALUE   (LST)  VALUE       VALUE  FROM      YEAR
                                                  NORMAL
..................................................................
TEMPERATURE (F)
 YESTERDAY
  MAXIMUM         53    458 PM  91    1943  64    -11       64
  MINIMUM         34   1140 PM  19    1920  39     -5       36
  AVERAGE         44                        51     -7       50

PRECIPITATION (IN)
  YESTERDAY        0.00          1.33 2012   0.09  -0.09     0.00
  MONTH TO DATE    0.08                      0.36  -0.28      T
  SINCE MAR 1      0.38                      2.75  -2.37     0.62
  SINCE JAN 1      2.19                      4.55  -2.36     3.89

DEGREE DAYS
 HEATING
  YESTERDAY       21                        14      7       15
  MONTH TO DATE   87                        57     30       82
  SINCE MAR 1    822                       666    156      804
  SINCE JUL 1   5072                      4507    565     4426

 COOLING
  YESTERDAY        0                         0      0        0
  MONTH TO DATE    0                         0      0        0
  SINCE MAR 1      0                         2     -2        0
  SINCE JAN 1      0                         2     -2        0
..................................................................


WIND (MPH)
  HIGHEST WIND SPEED    26   HIGHEST WIND DIRECTION    NW (330)
  HIGHEST GUST SPEED    33   HIGHEST GUST DIRECTION     N (350)
  AVERAGE WIND SPEED    12.2


SKY COVER
  POSSIBLE SUNSHINE  MM
  AVERAGE SKY COVER 0.3


WEATHER CONDITIONS
 THE FOLLOWING WEATHER WAS RECORDED YESTERDAY.
  NO SIGNIFICANT WEATHER WAS OBSERVED.


RELATIVE HUMIDITY (PERCENT)
 HIGHEST    82           100 AM
 LOWEST     35           500 PM
 AVERAGE    59

..........................................................


THE SALINA KS CLIMATE NORMALS FOR TODAY
                         NORMAL    RECORD    YEAR
 MAXIMUM TEMPERATURE (F)   64        92      2000
 MINIMUM TEMPERATURE (F)   40         6      1920


SUNRISE AND SUNSET
APRIL  5 2014.........SUNRISE   709 AM CDT   SUNSET   758 PM CDT
APRIL  6 2014.........SUNRISE   708 AM CDT   SUNSET   759 PM CDT


-  INDICATES NEGATIVE NUMBERS.
R  INDICATES RECORD WAS SET OR TIED.
MM INDICATES DATA IS MISSING.
T  INDICATES TRACE AMOUNT.

$$
