000
CDUS43 KICT 210634
CLISLN

CLIMATE REPORT
NATIONAL WEATHER SERVICE WICHITA KS
132 AM CDT FRI OCT 21 2016

...................................

...THE SALINA KS CLIMATE SUMMARY FOR OCTOBER 20 2016...

CLIMATE NORMAL PERIOD 1981 TO 2010
CLIMATE RECORD PERIOD 1894 TO 2016


WEATHER ITEM   OBSERVED TIME   RECORD YEAR NORMAL DEPARTURE LAST
                VALUE   (LST)  VALUE       VALUE  FROM      YEAR
                                                  NORMAL
..................................................................
TEMPERATURE (F)
 YESTERDAY
  MAXIMUM         65    330 PM  90    1940  68     -3       86
  MINIMUM         41   1142 PM  20    1976  45     -4       63
  AVERAGE         53                        56     -3       75

PRECIPITATION (IN)
  YESTERDAY        T             1.25 1963   0.07  -0.07     0.00
  MONTH TO DATE    1.56                      1.62  -0.06     0.06
  SINCE SEP 1      2.76                      4.32  -1.56     1.73
  SINCE JAN 1     25.20                     28.66  -3.46    25.58

DEGREE DAYS
 HEATING
  YESTERDAY       12                        10      2        0
  MONTH TO DATE   80                       141    -61       47
  SINCE SEP 1     96                       192    -96       50
  SINCE JUL 1     96                       193    -97       50

 COOLING
  YESTERDAY        0                         1     -1       10
  MONTH TO DATE   50                        31     19       39
  SINCE SEP 1    316                       236     80      402
  SINCE JAN 1   1986                      1643    343     1856
..................................................................


WIND (MPH)
  HIGHEST WIND SPEED    22   HIGHEST WIND DIRECTION    NE (40)
  HIGHEST GUST SPEED    31   HIGHEST GUST DIRECTION    NE (30)
  AVERAGE WIND SPEED     8.6


SKY COVER
  POSSIBLE SUNSHINE  MM
  AVERAGE SKY COVER 0.4


WEATHER CONDITIONS
 THE FOLLOWING WEATHER WAS RECORDED YESTERDAY.
  LIGHT RAIN


RELATIVE HUMIDITY (PERCENT)
 HIGHEST    93           500 AM
 LOWEST     46           400 PM
 AVERAGE    70

..........................................................


THE SALINA KS CLIMATE NORMALS FOR TODAY
                         NORMAL    RECORD    YEAR
 MAXIMUM TEMPERATURE (F)   67        90      1940
 MINIMUM TEMPERATURE (F)   44        24      1923


SUNRISE AND SUNSET
OCTOBER 21 2016.......SUNRISE   747 AM CDT   SUNSET   643 PM CDT
OCTOBER 22 2016.......SUNRISE   748 AM CDT   SUNSET   642 PM CDT


-  INDICATES NEGATIVE NUMBERS.
R  INDICATES RECORD WAS SET OR TIED.
MM INDICATES DATA IS MISSING.
T  INDICATES TRACE AMOUNT.

$$
