000
CDUS43 KICT 090640
CLISLN


CLIMATE REPORT
NATIONAL WEATHER SERVICE WICHITA KS
1239 AM CST MON FEB 9 2015


...................................

...THE SALINA KS CLIMATE SUMMARY FOR FEBRUARY 8 2015...

CLIMATE NORMAL PERIOD 1981 TO 2010
CLIMATE RECORD PERIOD 1894 TO 2015


WEATHER ITEM   OBSERVED TIME   RECORD YEAR NORMAL DEPARTURE LAST
                VALUE   (LST)  VALUE       VALUE  FROM      YEAR
                                                  NORMAL
..................................................................
TEMPERATURE (F)
 YESTERDAY
  MAXIMUM         73    428 PM  74    1938  44     29       28
  MINIMUM         41    223 AM -18    1971  23     18       16
  AVERAGE         57                        34     23       22

PRECIPITATION (IN)
  YESTERDAY        0.00          0.58 1966   0.04  -0.04     0.00
  MONTH TO DATE    0.09                      0.28  -0.19     1.14
  SINCE DEC 1      3.19                      1.85   1.34     2.85
  SINCE JAN 1      1.29                      0.91   0.38     1.63

DEGREE DAYS
 HEATING
  YESTERDAY        8                        31    -23       43
  MONTH TO DATE  226                       257    -31      402
  SINCE DEC 1   2121                      2321   -200     2647
  SINCE JUL 1   3118                      3273   -155     3635

 COOLING
  YESTERDAY        0                         0      0        0
  MONTH TO DATE    0                         0      0        0
  SINCE DEC 1      0                         0      0        0
  SINCE JAN 1      0                         0      0        0
..................................................................


WIND (MPH)
  HIGHEST WIND SPEED    23   HIGHEST WIND DIRECTION    NW (320)
  HIGHEST GUST SPEED    26   HIGHEST GUST DIRECTION    NW (320)
  AVERAGE WIND SPEED     9.6


SKY COVER
  POSSIBLE SUNSHINE  MM
  AVERAGE SKY COVER 0.0


WEATHER CONDITIONS
 THE FOLLOWING WEATHER WAS RECORDED YESTERDAY.
  NO SIGNIFICANT WEATHER WAS OBSERVED.


RELATIVE HUMIDITY (PERCENT)
 HIGHEST    82           100 AM
 LOWEST     25           300 PM
 AVERAGE    54

..........................................................


THE SALINA KS CLIMATE NORMALS FOR TODAY
                         NORMAL    RECORD    YEAR
 MAXIMUM TEMPERATURE (F)   45        82      1976
 MINIMUM TEMPERATURE (F)   23       -13      2011


SUNRISE AND SUNSET
FEBRUARY  9 2015......SUNRISE   729 AM CST   SUNSET   601 PM CST
FEBRUARY 10 2015......SUNRISE   728 AM CST   SUNSET   602 PM CST


-  INDICATES NEGATIVE NUMBERS.
R  INDICATES RECORD WAS SET OR TIED.
MM INDICATES DATA IS MISSING.
T  INDICATES TRACE AMOUNT.




$$
