000
CDUS43 KICT 060628
CLISLN


CLIMATE REPORT
NATIONAL WEATHER SERVICE WICHITA KS
1227 AM CST SAT JAN 6 2018


...................................

...THE SALINA KS CLIMATE SUMMARY FOR JANUARY 5 2018...

CLIMATE NORMAL PERIOD 1981 TO 2010
CLIMATE RECORD PERIOD 1894 TO 2018


WEATHER ITEM   OBSERVED TIME   RECORD YEAR NORMAL DEPARTURE LAST
                VALUE   (LST)  VALUE       VALUE  FROM      YEAR
                                                  NORMAL
..................................................................
TEMPERATURE (F)
 YESTERDAY
  MAXIMUM         32    411 PM  72    1956  41     -9       16
  MINIMUM         17    842 AM -23    1924  21     -4        6
  AVERAGE         25                        31     -6       11

PRECIPITATION (IN)
  YESTERDAY        0.00          1.58 1955   0.02  -0.02     0.05
  MONTH TO DATE    0.00                      0.08  -0.08     0.19
  SINCE DEC 1      0.05                      1.02  -0.97     1.04
  SINCE JAN 1      0.00                      0.08  -0.08     0.19

DEGREE DAYS
 HEATING
  YESTERDAY       40                        34      6       54
  MONTH TO DATE  228                       170     58      181
  SINCE DEC 1   1161                      1182    -21     1207
  SINCE JUL 1   1917                      2134   -217     1750

 COOLING
  YESTERDAY        0                         0      0        0
  MONTH TO DATE    0                         0      0        0
  SINCE DEC 1      0                         0      0        0
  SINCE JAN 1      0                         0      0        0
..................................................................


WIND (MPH)
  HIGHEST WIND SPEED    13   HIGHEST WIND DIRECTION     N (10)
  HIGHEST GUST SPEED    16   HIGHEST GUST DIRECTION     E (80)
  AVERAGE WIND SPEED     7.8


SKY COVER
  POSSIBLE SUNSHINE  MM
  AVERAGE SKY COVER 0.0


WEATHER CONDITIONS
 THE FOLLOWING WEATHER WAS RECORDED YESTERDAY.
  HAZE


RELATIVE HUMIDITY (PERCENT)
 HIGHEST    84           500 AM
 LOWEST     43           200 PM
 AVERAGE    64

..........................................................


THE SALINA KS CLIMATE NORMALS FOR TODAY
                         NORMAL    RECORD    YEAR
 MAXIMUM TEMPERATURE (F)   41        62      1939
 MINIMUM TEMPERATURE (F)   20       -15      1910


SUNRISE AND SUNSET
JANUARY  6 2018.......SUNRISE   749 AM CST   SUNSET   524 PM CST
JANUARY  7 2018.......SUNRISE   749 AM CST   SUNSET   525 PM CST


-  INDICATES NEGATIVE NUMBERS.
R  INDICATES RECORD WAS SET OR TIED.
MM INDICATES DATA IS MISSING.
T  INDICATES TRACE AMOUNT.




$$
