000
CDUS43 KICT 120641
CLISLN


CLIMATE REPORT
NATIONAL WEATHER SERVICE WICHITA KS
140 AM CDT SUN JUN 12 2016


...................................

...THE SALINA KS CLIMATE SUMMARY FOR JUNE 11 2016...

CLIMATE NORMAL PERIOD 1981 TO 2010
CLIMATE RECORD PERIOD 1894 TO 2016


WEATHER ITEM   OBSERVED TIME   RECORD YEAR NORMAL DEPARTURE LAST
                VALUE   (LST)  VALUE       VALUE  FROM      YEAR
                                                  NORMAL
..................................................................
TEMPERATURE (F)
 YESTERDAY
  MAXIMUM         96    343 PM 107    1953  86     10       97
  MINIMUM         74    554 AM  42    1903  63     11       67
  AVERAGE         85                        74     11       82

PRECIPITATION (IN)
  YESTERDAY        0.00          5.66 1981   0.14  -0.14     0.20
  MONTH TO DATE    T                         1.60  -1.60     3.50
  SINCE JUN 1      T                         1.60  -1.60     3.50
  SINCE JAN 1     11.82                     13.59  -1.77    15.10

DEGREE DAYS
 HEATING
  YESTERDAY        0                         0      0        0
  MONTH TO DATE    0                         5     -5        0
  SINCE JUN 1      0                         5     -5        0
  SINCE JUL 1   3718                      4869  -1151     4660

 COOLING
  YESTERDAY       20                        10     10       17
  MONTH TO DATE  127                        89     38      145
  SINCE JUN 1    127                        89     38      145
  SINCE JAN 1    252                       217     35      235
..................................................................


WIND (MPH)
  HIGHEST WIND SPEED    23   HIGHEST WIND DIRECTION    SW (210)
  HIGHEST GUST SPEED    28   HIGHEST GUST DIRECTION     S (190)
  AVERAGE WIND SPEED    12.5


SKY COVER
  POSSIBLE SUNSHINE  MM
  AVERAGE SKY COVER 0.0


WEATHER CONDITIONS
 THE FOLLOWING WEATHER WAS RECORDED YESTERDAY.
  NO SIGNIFICANT WEATHER WAS OBSERVED.


RELATIVE HUMIDITY (PERCENT)
 HIGHEST    79           500 AM
 LOWEST     34           400 PM
 AVERAGE    57

..........................................................


THE SALINA KS CLIMATE NORMALS FOR TODAY
                         NORMAL    RECORD    YEAR
 MAXIMUM TEMPERATURE (F)   86       100      1958
 MINIMUM TEMPERATURE (F)   63        44      1903


SUNRISE AND SUNSET
JUNE 12 2016..........SUNRISE   605 AM CDT   SUNSET   856 PM CDT
JUNE 13 2016..........SUNRISE   605 AM CDT   SUNSET   857 PM CDT


-  INDICATES NEGATIVE NUMBERS.
R  INDICATES RECORD WAS SET OR TIED.
MM INDICATES DATA IS MISSING.
T  INDICATES TRACE AMOUNT.




$$
