000
CDUS43 KICT 201245
CLISLN


CLIMATE REPORT
NATIONAL WEATHER SERVICE WICHITA KS
745 AM CDT THU AUG 20 2015


...................................

...THE SALINA KS CLIMATE SUMMARY FOR AUGUST 19 2015...

CLIMATE NORMAL PERIOD 1981 TO 2010
CLIMATE RECORD PERIOD 1894 TO 2015


WEATHER ITEM   OBSERVED TIME   RECORD YEAR NORMAL DEPARTURE LAST
                VALUE   (LST)  VALUE       VALUE  FROM      YEAR
                                                  NORMAL
..................................................................
TEMPERATURE (F)
 YESTERDAY
  MAXIMUM         79    408 PM 111    1936  91    -12       97
  MINIMUM         56   1132 PM  53    1953  68    -12       67
  AVERAGE         68                        80    -12       82

PRECIPITATION (IN)
  YESTERDAY        0.00          1.55 2006   0.12  -0.12      T
  MONTH TO DATE    2.45                      2.50  -0.05     2.07
  SINCE JUN 1     10.81                     10.90  -0.09    10.99
  SINCE JAN 1     22.41                     22.89  -0.48    18.38

DEGREE DAYS
 HEATING
  YESTERDAY        0                         0      0        0
  MONTH TO DATE    0                         0      0        0
  SINCE JUN 1      0                         7     -7        1
  SINCE JUL 1      0                         0      0        0

 COOLING
  YESTERDAY        3                        15    -12       17
  MONTH TO DATE  273                       296    -23      296
  SINCE JUN 1   1263                      1122    141     1096
  SINCE JAN 1   1353                      1250    103     1328
..................................................................


WIND (MPH)
  HIGHEST WIND SPEED    21   HIGHEST WIND DIRECTION    NW (330)
  HIGHEST GUST SPEED    26   HIGHEST GUST DIRECTION    NW (320)
  AVERAGE WIND SPEED     8.4


SKY COVER
  POSSIBLE SUNSHINE  MM
  AVERAGE SKY COVER 0.0


WEATHER CONDITIONS
 THE FOLLOWING WEATHER WAS RECORDED YESTERDAY.
  NO SIGNIFICANT WEATHER WAS OBSERVED.


RELATIVE HUMIDITY (PERCENT)
 HIGHEST    77           500 AM
 LOWEST     28           400 PM
 AVERAGE    53

..........................................................


THE SALINA KS CLIMATE NORMALS FOR TODAY
                         NORMAL    RECORD    YEAR
 MAXIMUM TEMPERATURE (F)   91       106      2003
 MINIMUM TEMPERATURE (F)   68        46      1950


SUNRISE AND SUNSET
AUGUST 20 2015........SUNRISE   649 AM CDT   SUNSET   819 PM CDT
AUGUST 21 2015........SUNRISE   650 AM CDT   SUNSET   817 PM CDT


-  INDICATES NEGATIVE NUMBERS.
R  INDICATES RECORD WAS SET OR TIED.
MM INDICATES DATA IS MISSING.
T  INDICATES TRACE AMOUNT.




$$
