000
CDUS43 KICT 080632
CLISLN


CLIMATE REPORT
NATIONAL WEATHER SERVICE WICHITA KS
132 AM CDT MON JUN 8 2015


...................................

...THE SALINA KS CLIMATE SUMMARY FOR JUNE 7 2015...

CLIMATE NORMAL PERIOD 1981 TO 2010
CLIMATE RECORD PERIOD 1894 TO 2015


WEATHER ITEM   OBSERVED TIME   RECORD YEAR NORMAL DEPARTURE LAST
                VALUE   (LST)  VALUE       VALUE  FROM      YEAR
                                                  NORMAL
..................................................................
TEMPERATURE (F)
 YESTERDAY
  MAXIMUM         93    545 PM 101    1938  84      9       80
  MINIMUM         69   1159 PM  40    1894  62      7       63
  AVERAGE         81                        73      8       72

PRECIPITATION (IN)
  YESTERDAY        0.00          1.36 1965   0.15  -0.15     0.34
  MONTH TO DATE    3.30                      1.03   2.27     2.91
  SINCE JUN 1      3.30                      1.03   2.27     2.91
  SINCE JAN 1     14.90                     13.02   1.88    10.30

DEGREE DAYS
 HEATING
  YESTERDAY        0                         0      0        0
  MONTH TO DATE    0                         5     -5        0
  SINCE JUN 1      0                         5     -5        0
  SINCE JUL 1   4660                      4869   -209     5397

 COOLING
  YESTERDAY       16                         8      8        7
  MONTH TO DATE   81                        52     29       85
  SINCE JUN 1     81                        52     29       85
  SINCE JAN 1    171                       180     -9      317
..................................................................


WIND (MPH)
  HIGHEST WIND SPEED    40   HIGHEST WIND DIRECTION     N (350)
  HIGHEST GUST SPEED    49   HIGHEST GUST DIRECTION     N (340)
  AVERAGE WIND SPEED    10.9


SKY COVER
  POSSIBLE SUNSHINE  MM
  AVERAGE SKY COVER 0.0


WEATHER CONDITIONS
 THE FOLLOWING WEATHER WAS RECORDED YESTERDAY.
  THUNDERSTORM


RELATIVE HUMIDITY (PERCENT)
 HIGHEST    79           400 AM
 LOWEST     41           300 PM
 AVERAGE    60

..........................................................


THE SALINA KS CLIMATE NORMALS FOR TODAY
                         NORMAL    RECORD    YEAR
 MAXIMUM TEMPERATURE (F)   85       103      1911
 MINIMUM TEMPERATURE (F)   62        44      1916


SUNRISE AND SUNSET
JUNE  8 2015..........SUNRISE   605 AM CDT   SUNSET   854 PM CDT
JUNE  9 2015..........SUNRISE   605 AM CDT   SUNSET   855 PM CDT


-  INDICATES NEGATIVE NUMBERS.
R  INDICATES RECORD WAS SET OR TIED.
MM INDICATES DATA IS MISSING.
T  INDICATES TRACE AMOUNT.




$$
