000
CDUS43 KICT 290630
CLISLN


CLIMATE REPORT
NATIONAL WEATHER SERVICE WICHITA KS
1230 AM CST THU DEC 29 2016


...................................

...THE SALINA KS CLIMATE SUMMARY FOR DECEMBER 28 2016...

CLIMATE NORMAL PERIOD 1981 TO 2010
CLIMATE RECORD PERIOD 1894 TO 2016


WEATHER ITEM   OBSERVED TIME   RECORD YEAR NORMAL DEPARTURE LAST
                VALUE   (LST)  VALUE       VALUE  FROM      YEAR
                                                  NORMAL
..................................................................
TEMPERATURE (F)
 YESTERDAY
  MAXIMUM         56    319 PM  71    1984  41     15       27
  MINIMUM         25    611 AM  -8    1924  21      4       21
  AVERAGE         41                        31     10       24

PRECIPITATION (IN)
  YESTERDAY        0.00          0.86 1979   0.03  -0.03      T
  MONTH TO DATE    0.73                      0.88  -0.15     3.66
  SINCE DEC 1      0.73                      0.88  -0.15     3.66
  SINCE JAN 1     27.25                     31.44  -4.19    32.01

DEGREE DAYS
 HEATING
  YESTERDAY       24                        34    -10       41
  MONTH TO DATE  944                       908     36      689
  SINCE DEC 1    944                       908     36      689
  SINCE JUL 1   1487                      1860   -373     1321

 COOLING
  YESTERDAY        0                         0      0        0
  MONTH TO DATE    0                         0      0        0
  SINCE DEC 1      0                         0      0        0
  SINCE JAN 1   2009                      1647    362     1869
..................................................................


WIND (MPH)
  HIGHEST WIND SPEED    20   HIGHEST WIND DIRECTION    NW (330)
  HIGHEST GUST SPEED    23   HIGHEST GUST DIRECTION    NW (320)
  AVERAGE WIND SPEED     7.9


SKY COVER
  POSSIBLE SUNSHINE  MM
  AVERAGE SKY COVER 0.1


WEATHER CONDITIONS
 THE FOLLOWING WEATHER WAS RECORDED YESTERDAY.
  NO SIGNIFICANT WEATHER WAS OBSERVED.


RELATIVE HUMIDITY (PERCENT)
 HIGHEST    92           700 AM
 LOWEST     26           300 PM
 AVERAGE    59

..........................................................


THE SALINA KS CLIMATE NORMALS FOR TODAY
                         NORMAL    RECORD    YEAR
 MAXIMUM TEMPERATURE (F)   41        71      1999
 MINIMUM TEMPERATURE (F)   21        -8      1983


SUNRISE AND SUNSET
DECEMBER 29 2016......SUNRISE   748 AM CST   SUNSET   518 PM CST
DECEMBER 30 2016......SUNRISE   749 AM CST   SUNSET   518 PM CST


-  INDICATES NEGATIVE NUMBERS.
R  INDICATES RECORD WAS SET OR TIED.
MM INDICATES DATA IS MISSING.
T  INDICATES TRACE AMOUNT.




$$
