000
CDUS43 KICT 020630
CLISLN


CLIMATE REPORT
NATIONAL WEATHER SERVICE WICHITA KS
1229 AM CST FRI JAN 2 2015


...................................

...THE SALINA KS CLIMATE SUMMARY FOR JANUARY 1 2015...

CLIMATE NORMAL PERIOD 1981 TO 2010
CLIMATE RECORD PERIOD 1894 TO 2015


WEATHER ITEM   OBSERVED TIME   RECORD YEAR NORMAL DEPARTURE LAST
                VALUE   (LST)  VALUE       VALUE  FROM      YEAR
                                                  NORMAL
..................................................................
TEMPERATURE (F)
 YESTERDAY
  MAXIMUM         34    416 PM  71    1939  41     -7       32
  MINIMUM         14    809 AM -12    1924  21     -7        8
  AVERAGE         24                        31     -7       20

PRECIPITATION (IN)
  YESTERDAY        0.00          1.06 1965   0.02  -0.02     0.10
  MONTH TO DATE    0.00                      0.02  -0.02     0.10
  SINCE DEC 1      1.90                      0.96   0.94     1.32
  SINCE JAN 1      0.00                      0.02  -0.02     0.10

DEGREE DAYS
 HEATING
  YESTERDAY       41                        34      7       45
  MONTH TO DATE   41                        34      7       45
  SINCE DEC 1    934                      1046   -112     1197
  SINCE JUL 1   1931                      1998    -67     2185

 COOLING
  YESTERDAY        0                         0      0        0
  MONTH TO DATE    0                         0      0        0
  SINCE DEC 1      0                         0      0        0
  SINCE JAN 1      0                         0      0        0
..................................................................


WIND (MPH)
  HIGHEST WIND SPEED    17   HIGHEST WIND DIRECTION     S (200)
  HIGHEST GUST SPEED    21   HIGHEST GUST DIRECTION     S (200)
  AVERAGE WIND SPEED     7.2


SKY COVER
  POSSIBLE SUNSHINE  MM
  AVERAGE SKY COVER 0.4


WEATHER CONDITIONS
 THE FOLLOWING WEATHER WAS RECORDED YESTERDAY.
  NO SIGNIFICANT WEATHER WAS OBSERVED.


RELATIVE HUMIDITY (PERCENT)
 HIGHEST    74           600 AM
 LOWEST     47           100 PM
 AVERAGE    61

..........................................................


THE SALINA KS CLIMATE NORMALS FOR TODAY
                         NORMAL    RECORD    YEAR
 MAXIMUM TEMPERATURE (F)   41        72      1939
 MINIMUM TEMPERATURE (F)   21       -20      1919


SUNRISE AND SUNSET
JANUARY  2 2015.......SUNRISE   749 AM CST   SUNSET   520 PM CST
JANUARY  3 2015.......SUNRISE   749 AM CST   SUNSET   521 PM CST


-  INDICATES NEGATIVE NUMBERS.
R  INDICATES RECORD WAS SET OR TIED.
MM INDICATES DATA IS MISSING.
T  INDICATES TRACE AMOUNT.




$$

JMBW
