000
CDUS43 KICT 150632
CLISLN


CLIMATE REPORT
NATIONAL WEATHER SERVICE WICHITA KS
131 AM CDT FRI APR 15 2016


...................................

...THE SALINA KS CLIMATE SUMMARY FOR APRIL 14 2016...

CLIMATE NORMAL PERIOD 1981 TO 2010
CLIMATE RECORD PERIOD 1894 TO 2016


WEATHER ITEM   OBSERVED TIME   RECORD YEAR NORMAL DEPARTURE LAST
                VALUE   (LST)  VALUE       VALUE  FROM      YEAR
                                                  NORMAL
..................................................................
TEMPERATURE (F)
 YESTERDAY
  MAXIMUM         77    316 PM  93    2002  67     10       72
  MINIMUM         41    548 AM  22    1928  43     -2       42
  AVERAGE         59                        55      4       57

PRECIPITATION (IN)
  YESTERDAY        0.00          1.96 1999   0.10  -0.10     0.00
  MONTH TO DATE    0.08                      1.31  -1.23     0.41
  SINCE MAR 1      0.78                      3.70  -2.92     0.46
  SINCE JAN 1      2.02                      5.50  -3.48     1.90

DEGREE DAYS
 HEATING
  YESTERDAY        6                        11     -5        8
  MONTH TO DATE  126                       181    -55      113
  SINCE MAR 1    544                       790   -246      628
  SINCE JUL 1   3530                      4631  -1101     4457

 COOLING
  YESTERDAY        0                         1     -1        0
  MONTH TO DATE    6                         6      0       10
  SINCE MAR 1     12                         8      4       11
  SINCE JAN 1     12                         8      4       11
..................................................................


WIND (MPH)
  HIGHEST WIND SPEED    21   HIGHEST WIND DIRECTION     S (160)
  HIGHEST GUST SPEED    27   HIGHEST GUST DIRECTION     S (170)
  AVERAGE WIND SPEED    10.7


SKY COVER
  POSSIBLE SUNSHINE  MM
  AVERAGE SKY COVER 0.0


WEATHER CONDITIONS
 THE FOLLOWING WEATHER WAS RECORDED YESTERDAY.
  FOG
  FOG W/VISIBILITY <= 1/4 MILE


RELATIVE HUMIDITY (PERCENT)
 HIGHEST    96           600 AM
 LOWEST     36           300 PM
 AVERAGE    66

..........................................................


THE SALINA KS CLIMATE NORMALS FOR TODAY
                         NORMAL    RECORD    YEAR
 MAXIMUM TEMPERATURE (F)   67        94      2006
 MINIMUM TEMPERATURE (F)   43        21      2014


SUNRISE AND SUNSET
APRIL 15 2016.........SUNRISE   653 AM CDT   SUNSET   808 PM CDT
APRIL 16 2016.........SUNRISE   652 AM CDT   SUNSET   809 PM CDT


-  INDICATES NEGATIVE NUMBERS.
R  INDICATES RECORD WAS SET OR TIED.
MM INDICATES DATA IS MISSING.
T  INDICATES TRACE AMOUNT.




$$
