000
CDUS43 KICT 060750
CLISLN


CLIMATE REPORT
NATIONAL WEATHER SERVICE WICHITA KS
249 AM CDT WED MAY 6 2015


...................................

...THE SALINA KS CLIMATE SUMMARY FOR MAY 5 2015...

CLIMATE NORMAL PERIOD 1981 TO 2010
CLIMATE RECORD PERIOD 1894 TO 2015


WEATHER ITEM   OBSERVED TIME   RECORD YEAR NORMAL DEPARTURE LAST
                VALUE   (LST)  VALUE       VALUE  FROM      YEAR
                                                  NORMAL
..................................................................
TEMPERATURE (F)
 YESTERDAY
  MAXIMUM         79    151 PM 104    1909  73      6       83
  MINIMUM         59    601 AM  30    1917  50      9       50
  AVERAGE         69                        62      7       67

PRECIPITATION (IN)
  YESTERDAY        0.02          4.37 2007   0.13  -0.11     0.00
  MONTH TO DATE    1.91                      0.63   1.28     0.00
  SINCE MAR 1      3.79                      6.07  -2.28     1.63
  SINCE JAN 1      5.23                      7.87  -2.64     3.44

DEGREE DAYS
 HEATING
  YESTERDAY        0                         5     -5        0
  MONTH TO DATE    2                        28    -26       24
  SINCE MAR 1    734                       955   -221     1072
  SINCE JUL 1   4563                      4796   -233     5322

 COOLING
  YESTERDAY        4                         2      2        2
  MONTH TO DATE   30                         7     23       10
  SINCE MAR 1     42                        32     10       46
  SINCE JAN 1     42                        32     10       46
..................................................................


WIND (MPH)
  HIGHEST WIND SPEED    24   HIGHEST WIND DIRECTION    SE (140)
  HIGHEST GUST SPEED    29   HIGHEST GUST DIRECTION    SE (150)
  AVERAGE WIND SPEED    11.5


SKY COVER
  POSSIBLE SUNSHINE  MM
  AVERAGE SKY COVER 0.4


WEATHER CONDITIONS
 THE FOLLOWING WEATHER WAS RECORDED YESTERDAY.
  LIGHT RAIN
  HAZE


RELATIVE HUMIDITY (PERCENT)
 HIGHEST    93           100 AM
 LOWEST     42           200 PM
 AVERAGE    68

..........................................................


THE SALINA KS CLIMATE NORMALS FOR TODAY
                         NORMAL    RECORD    YEAR
 MAXIMUM TEMPERATURE (F)   73       101      2014
 MINIMUM TEMPERATURE (F)   51        31      1944


SUNRISE AND SUNSET
MAY  6 2015...........SUNRISE   627 AM CDT   SUNSET   828 PM CDT
MAY  7 2015...........SUNRISE   626 AM CDT   SUNSET   828 PM CDT


-  INDICATES NEGATIVE NUMBERS.
R  INDICATES RECORD WAS SET OR TIED.
MM INDICATES DATA IS MISSING.
T  INDICATES TRACE AMOUNT.




$$

JMBW
