000
CDUS43 KJKL 180544
CLIJKL

CLIMATE REPORT
NATIONAL WEATHER SERVICE JACKSON KY
144 AM EDT THU JUN 18 2015

...................................

...THE JACKSON KY CLIMATE SUMMARY FOR JUNE 17 2015...

CLIMATE NORMAL PERIOD 1981 TO 2010
CLIMATE RECORD PERIOD 1981 TO 2015

WEATHER ITEM   OBSERVED TIME   RECORD YEAR NORMAL DEPARTURE LAST
                VALUE   (LST)  VALUE       VALUE  FROM      YEAR
                                                  NORMAL
..................................................................
TEMPERATURE (F)
 YESTERDAY
  MAXIMUM         87    129 PM  91    2014  82      5       91
                                      2007
                                      1994
  MINIMUM         69    542 AM  54    2002  63      6       68
  AVERAGE         78                        73      5       80

PRECIPITATION (IN)
  YESTERDAY        0.86          0.93 2000   0.16   0.70     0.00
  MONTH TO DATE    2.83                      2.78   0.05     1.21
  SINCE JUN 1      2.83                      2.78   0.05     1.21
  SINCE JAN 1     27.30                     23.29   4.01    22.07

SNOWFALL (IN)
  YESTERDAY        0.0                       0.0    0.0      0.0
  MONTH TO DATE    0.0                       0.0    0.0      0.0
  SINCE JUN 1      0.0                       0.0    0.0      0.0
  SINCE JUL 1     29.1                      23.5    5.6     38.9
  SNOW DEPTH       0

DEGREE DAYS
 HEATING
  YESTERDAY        0                         0      0        0
  MONTH TO DATE    9                         9      0        0
  SINCE JUN 1      9                         9      0        0
  SINCE JUL 1   4575                      4231    344     4509

 COOLING
  YESTERDAY       13                         8      5       15
  MONTH TO DATE  151                       106     45      127
  SINCE JUN 1    151                       106     45      127
  SINCE JAN 1    355                       242    113      318
..................................................................

WIND (MPH)
  HIGHEST WIND SPEED    15   HIGHEST WIND DIRECTION    NW (300)
  HIGHEST GUST SPEED    26   HIGHEST GUST DIRECTION    NW (310)
  AVERAGE WIND SPEED     1.6

SKY COVER
  POSSIBLE SUNSHINE  MM
  AVERAGE SKY COVER 0.4

WEATHER CONDITIONS
 THE FOLLOWING WEATHER WAS RECORDED YESTERDAY.
  THUNDERSTORM
  HEAVY RAIN
  RAIN
  LIGHT RAIN
  FOG
  FOG W/VISIBILITY <= 1/4 MILE

RELATIVE HUMIDITY (PERCENT)
 HIGHEST   100           600 AM
 LOWEST     69          1200 PM
 AVERAGE    85
..........................................................

THE JACKSON KY CLIMATE NORMALS FOR TODAY
                         NORMAL    RECORD    YEAR
 MAXIMUM TEMPERATURE (F)   82        94      2007
 MINIMUM TEMPERATURE (F)   63        52      1999

SUNRISE AND SUNSET
JUNE 18 2015..........SUNRISE   612 AM EDT   SUNSET   857 PM EDT
JUNE 19 2015..........SUNRISE   612 AM EDT   SUNSET   857 PM EDT

-  INDICATES NEGATIVE NUMBERS.
R  INDICATES RECORD WAS SET OR TIED.
MM INDICATES DATA IS MISSING.
T  INDICATES TRACE AMOUNT.

$$

ABE
