000
CDUS43 KJKL 042027
CLIJKL

CLIMATE REPORT
NATIONAL WEATHER SERVICE JACKSON KY
427 PM EDT TUE APR 4 2017

...................................

...THE JACKSON KY CLIMATE SUMMARY FOR APRIL 4 2017...
VALID TODAY AS OF 0400 PM LOCAL TIME.

CLIMATE NORMAL PERIOD 1981 TO 2010
CLIMATE RECORD PERIOD 1981 TO 2017

WEATHER ITEM   OBSERVED TIME   RECORD YEAR NORMAL DEPARTURE LAST
                VALUE   (LST)  VALUE       VALUE  FROM      YEAR
                                                  NORMAL
..................................................................
TEMPERATURE (F)
 TODAY
  MAXIMUM         74    239 PM  86    1986  65      9       73
  MINIMUM         57   1255 AM  26    1987  43     14       40
  AVERAGE         66                        54     12       57

PRECIPITATION (IN)
  TODAY            0.05          1.42 2011   0.13  -0.08      T
  MONTH TO DATE    0.64                      0.50   0.14      T
  SINCE MAR 1      5.06                      4.62   0.44     2.38
  SINCE JAN 1     12.63                     11.98   0.65    11.94

SNOWFALL (IN)
  TODAY            0.0           5.6  1987   0.1   -0.1      0.0
  MONTH TO DATE    0.0                       0.3   -0.3      0.0
  SINCE MAR 1      0.2                       3.2   -3.0      2.8
  SINCE JUL 1      4.8                      22.8  -18.0     32.4
  SNOW DEPTH       0

DEGREE DAYS
 HEATING
  TODAY            0                        12    -12        8
  MONTH TO DATE   27                        50    -23       47
  SINCE MAR 1    535                       603    -68      386
  SINCE JUL 1   3027                      3903   -876     3140

 COOLING
  TODAY            1                         1      0        0
  MONTH TO DATE    1                         4     -3        0
  SINCE MAR 1      7                        11     -4        8
  SINCE JAN 1      9                        11     -2        8
..................................................................

WIND (MPH)
  HIGHEST WIND SPEED    16   HIGHEST WIND DIRECTION     W (250)
  HIGHEST GUST SPEED    32   HIGHEST GUST DIRECTION    SW (230)
  AVERAGE WIND SPEED     7.2

SKY COVER
  POSSIBLE SUNSHINE  MM
  AVERAGE SKY COVER 0.6

WEATHER CONDITIONS
 THE FOLLOWING WEATHER WAS RECORDED TODAY.
  RAIN
  LIGHT RAIN
  FOG

RELATIVE HUMIDITY (PERCENT)
 HIGHEST    87           300 AM
 LOWEST     41           300 PM
 AVERAGE    64
..........................................................

THE JACKSON KY CLIMATE NORMALS FOR TOMORROW
                         NORMAL    RECORD    YEAR
 MAXIMUM TEMPERATURE (F)   65        87      1988
 MINIMUM TEMPERATURE (F)   44        25      1995

SUNRISE AND SUNSET
APRIL  4 2017.........SUNRISE   714 AM EDT   SUNSET   759 PM EDT
APRIL  5 2017.........SUNRISE   712 AM EDT   SUNSET   800 PM EDT

-  INDICATES NEGATIVE NUMBERS.
R  INDICATES RECORD WAS SET OR TIED.
MM INDICATES DATA IS MISSING.
T  INDICATES TRACE AMOUNT.

$$

TAB
