000
CDUS43 KJKL 080539
CLIJKL

CLIMATE REPORT
NATIONAL WEATHER SERVICE JACKSON KY
1227 AM EST SAT NOV 8 2014

...................................

...THE JACKSON KY CLIMATE SUMMARY FOR NOVEMBER 7 2014...

CLIMATE NORMAL PERIOD 1981 TO 2010
CLIMATE RECORD PERIOD 1981 TO 2014

WEATHER ITEM   OBSERVED TIME   RECORD YEAR NORMAL DEPARTURE LAST
                VALUE   (LST)  VALUE       VALUE  FROM      YEAR
                                                  NORMAL
..................................................................
TEMPERATURE (F)
 YESTERDAY
  MAXIMUM         46    250 PM  77    1996  61    -15       60
  MINIMUM         34   1047 PM  27    2010  42     -8       35
                                      1993
  AVERAGE         40                        52    -12       48

PRECIPITATION (IN)
  YESTERDAY        T             1.73 1996   0.12  -0.12     0.40
  MONTH TO DATE    1.28                      0.87   0.41     0.78
  SINCE SEP 1     11.40                      7.52   3.88     4.18
  SINCE JAN 1     49.70                     41.07   8.63    47.40

SNOWFALL (IN)
  YESTERDAY        0.0                       0.0    0.0      0.0
  MONTH TO DATE    0.8                       0.0    0.8      0.0
  SINCE SEP 1      0.8                       0.1    0.7      0.1
  SINCE JUL 1      0.8                       0.1    0.7      0.1
  SNOW DEPTH       0

DEGREE DAYS
 HEATING
  YESTERDAY       25                        14     11       17
  MONTH TO DATE  134                        89     45       77
  SINCE SEP 1    430                       384     46      345
  SINCE JUL 1    433                       386     47      347

 COOLING
  YESTERDAY        0                         0      0        0
  MONTH TO DATE    0                         0      0        0
  SINCE SEP 1    164                       172     -8      174
  SINCE JAN 1   1165                      1150     15     1069
..................................................................

WIND (MPH)
  HIGHEST WIND SPEED    16   HIGHEST WIND DIRECTION    NW (300)
  HIGHEST GUST SPEED    23   HIGHEST GUST DIRECTION    NW (310)
  AVERAGE WIND SPEED     4.6

SKY COVER
  POSSIBLE SUNSHINE  MM
  AVERAGE SKY COVER 0.6

WEATHER CONDITIONS
 THE FOLLOWING WEATHER WAS RECORDED YESTERDAY.
  LIGHT RAIN
  FOG

RELATIVE HUMIDITY (PERCENT)
 HIGHEST    92           700 AM
 LOWEST     62           300 PM
 AVERAGE    77
..........................................................

THE JACKSON KY CLIMATE NORMALS FOR TODAY
                         NORMAL    RECORD    YEAR
 MAXIMUM TEMPERATURE (F)   61        80      2005
 MINIMUM TEMPERATURE (F)   42        22      1993

SUNRISE AND SUNSET
NOVEMBER  8 2014......SUNRISE   706 AM EST   SUNSET   528 PM EST
NOVEMBER  9 2014......SUNRISE   707 AM EST   SUNSET   527 PM EST

-  INDICATES NEGATIVE NUMBERS.
R  INDICATES RECORD WAS SET OR TIED.
MM INDICATES DATA IS MISSING.
T  INDICATES TRACE AMOUNT.

$$

SHALLENBERGER
