535
CDUS43 KJKL 040613
CLIJKL

CLIMATE REPORT
NATIONAL WEATHER SERVICE JACKSON KY
113 AM EST SUN DEC 4 2016

...................................

...THE JACKSON KY CLIMATE SUMMARY FOR DECEMBER 3 2016...

CLIMATE NORMAL PERIOD 1981 TO 2010
CLIMATE RECORD PERIOD 1981 TO 2016

WEATHER ITEM   OBSERVED TIME   RECORD YEAR NORMAL DEPARTURE LAST
                VALUE   (LST)  VALUE       VALUE  FROM      YEAR
                                                  NORMAL
..................................................................
TEMPERATURE (F)
 YESTERDAY
  MAXIMUM         41    345 PM  79    1982  50     -9       44
  MINIMUM         34    319 AM  12    1985  34      0       32
  AVERAGE         38                        42     -4       38

PRECIPITATION (IN)
  YESTERDAY        0.00          1.41 1990   0.14  -0.14     0.00
  MONTH TO DATE    0.00                      0.42  -0.42     1.71
  SINCE DEC 1      0.00                      0.42  -0.42     1.71
  SINCE JAN 1     46.73                     44.58   2.15    54.39

SNOWFALL (IN)
  YESTERDAY        0.0           2.3  2000   0.0    0.0      0.0
  MONTH TO DATE    0.0                       0.2   -0.2      0.0
  SINCE DEC 1      0.0                       0.2   -0.2      0.0
  SINCE JUL 1      0.0                       0.8   -0.8       T
  SNOW DEPTH       0

DEGREE DAYS
 HEATING
  YESTERDAY       27                        23      4       27
  MONTH TO DATE   77                        69      8       58
  SINCE DEC 1     77                        69      8       58
  SINCE JUL 1    603                       869   -266      656

 COOLING
  YESTERDAY        0                         0      0        0
  MONTH TO DATE    0                         0      0        0
  SINCE DEC 1      0                         0      0        0
  SINCE JAN 1   1580                      1154    426     1263
..................................................................

WIND (MPH)
  HIGHEST WIND SPEED     5   HIGHEST WIND DIRECTION    NE (50)
  HIGHEST GUST SPEED     7   HIGHEST GUST DIRECTION    NE (50)
  AVERAGE WIND SPEED     0.1

SKY COVER
  POSSIBLE SUNSHINE  MM
  AVERAGE SKY COVER 0.8

WEATHER CONDITIONS
 THE FOLLOWING WEATHER WAS RECORDED YESTERDAY.
  NO SIGNIFICANT WEATHER WAS OBSERVED.

RELATIVE HUMIDITY (PERCENT)
 HIGHEST    82          1200 AM
 LOWEST     60           300 PM
 AVERAGE    71
..........................................................

THE JACKSON KY CLIMATE NORMALS FOR TODAY
                         NORMAL    RECORD    YEAR
 MAXIMUM TEMPERATURE (F)   49        77      1982
 MINIMUM TEMPERATURE (F)   33        14      1991

SUNRISE AND SUNSET
DECEMBER  4 2016......SUNRISE   733 AM EST   SUNSET   515 PM EST
DECEMBER  5 2016......SUNRISE   733 AM EST   SUNSET   515 PM EST

-  INDICATES NEGATIVE NUMBERS.
R  INDICATES RECORD WAS SET OR TIED.
MM INDICATES DATA IS MISSING.
T  INDICATES TRACE AMOUNT.

$$

RAY
