000
CDUS43 KJKL 012022
CLIJKL

CLIMATE REPORT
NATIONAL WEATHER SERVICE JACKSON KY
422 PM EDT SAT AUG 1 2015

...................................

...THE JACKSON KY CLIMATE SUMMARY FOR AUGUST 1 2015...
VALID TODAY AS OF 0400 PM LOCAL TIME.

CLIMATE NORMAL PERIOD 1981 TO 2010
CLIMATE RECORD PERIOD 1981 TO 2015


WEATHER ITEM   OBSERVED TIME   RECORD YEAR NORMAL DEPARTURE LAST
                VALUE   (LST)  VALUE       VALUE  FROM      YEAR
                                                  NORMAL
..................................................................
TEMPERATURE (F)
 TODAY
  MAXIMUM         85    236 PM  97    1995  84      1       84
  MINIMUM         63    606 AM  57    1992  66     -3       64
  AVERAGE         74                        75     -1       74

PRECIPITATION (IN)
  TODAY            0.00          1.16 1999   0.14  -0.14     0.17
  MONTH TO DATE    0.00                      0.14  -0.14     0.17
  SINCE JUN 1     16.29                      9.49   6.80     9.06
  SINCE JAN 1     40.76                     30.00  10.76    29.92

SNOWFALL (IN)
  TODAY            0.0                       0.0    0.0      0.0
  MONTH TO DATE    0.0                       0.0    0.0      0.0
  SINCE JUN 1      0.0                       0.0    0.0      0.0
  SINCE JUL 1      0.0                       0.0    0.0      0.0
  SNOW DEPTH       0

DEGREE DAYS
 HEATING
  TODAY            0                         0      0        0
  MONTH TO DATE    0                         0      0        0
  SINCE JUN 1      9                        12     -3        3
  SINCE JUL 1      0                         0      0        3

 COOLING
  TODAY            9                        10     -1        9
  MONTH TO DATE    9                        10     -1        9
  SINCE JUN 1    608                       554     54      545
  SINCE JAN 1    812                       690    122      736
..................................................................


WIND (MPH)
  HIGHEST WIND SPEED     8   HIGHEST WIND DIRECTION    NW (310)
  HIGHEST GUST SPEED    13   HIGHEST GUST DIRECTION    NW (300)
  AVERAGE WIND SPEED     2.0


SKY COVER
  POSSIBLE SUNSHINE  MM
  AVERAGE SKY COVER 0.1


WEATHER CONDITIONS
 THE FOLLOWING WEATHER WAS RECORDED TODAY.
  NO SIGNIFICANT WEATHER WAS OBSERVED.


RELATIVE HUMIDITY (PERCENT)
 HIGHEST    93           500 AM
 LOWEST     43          1200 PM
 AVERAGE    68

..........................................................


THE JACKSON KY CLIMATE NORMALS FOR TOMORROW
                         NORMAL    RECORD    YEAR
 MAXIMUM TEMPERATURE (F)   84        97      2006
 MINIMUM TEMPERATURE (F)   66        56      1992


SUNRISE AND SUNSET
AUGUST  1 2015........SUNRISE   637 AM EDT   SUNSET   842 PM EDT
AUGUST  2 2015........SUNRISE   638 AM EDT   SUNSET   841 PM EDT


-  INDICATES NEGATIVE NUMBERS.
R  INDICATES RECORD WAS SET OR TIED.
MM INDICATES DATA IS MISSING.
T  INDICATES TRACE AMOUNT.

$$

CARICO
