000
CDUS43 KJKL 270537
CLIJKL

CLIMATE REPORT
NATIONAL WEATHER SERVICE JACKSON KY
1236 AM EST TUE JAN 27 2015

...................................

...THE JACKSON KY CLIMATE SUMMARY FOR JANUARY 26 2015...

CLIMATE NORMAL PERIOD 1981 TO 2010
CLIMATE RECORD PERIOD 1981 TO 2015


WEATHER ITEM   OBSERVED TIME   RECORD YEAR NORMAL DEPARTURE LAST
                VALUE   (LST)  VALUE       VALUE  FROM      YEAR
                                                  NORMAL
..................................................................
TEMPERATURE (F)
 YESTERDAY
  MAXIMUM         42    344 AM  63    2012  44     -2       51
                                      2004
  MINIMUM         24    136 PM   6    1985  27     -3       13
  AVERAGE         33                        35     -2       32

PRECIPITATION (IN)
  YESTERDAY        0.07          0.89 2011   0.12  -0.05     0.00
  MONTH TO DATE    2.01                      3.00  -0.99     3.14
  SINCE DEC 1      4.50                      7.18  -2.68    10.23
  SINCE JAN 1      2.01                      3.00  -0.99     3.14

SNOWFALL (IN)
  YESTERDAY        0.2           3.1  2011   0.3   -0.1      0.0
  MONTH TO DATE    2.4                       5.8   -3.4     14.0
  SINCE DEC 1      2.4                      10.7   -8.3     15.4
  SINCE JUL 1      3.6                      11.3   -7.7     18.3
  SNOW DEPTH       0

DEGREE DAYS
 HEATING
  YESTERDAY       32                        30      2       33
  MONTH TO DATE  800                       780     20      922
  SINCE DEC 1   1555                      1614    -59     1680
  SINCE JUL 1   2545                      2414    131     2567

 COOLING
  YESTERDAY        0                         0      0        0
  MONTH TO DATE    0                         0      0        0
  SINCE DEC 1      0                         1     -1        0
  SINCE JAN 1      0                         0      0        0
..................................................................

WIND (MPH)
  HIGHEST WIND SPEED    16   HIGHEST WIND DIRECTION    NW (300)
  HIGHEST GUST SPEED    22   HIGHEST GUST DIRECTION    NW (310)
  AVERAGE WIND SPEED     5.4

SKY COVER
  POSSIBLE SUNSHINE  MM
  AVERAGE SKY COVER 1.0

WEATHER CONDITIONS
 THE FOLLOWING WEATHER WAS RECORDED YESTERDAY.
  LIGHT RAIN
  LIGHT SNOW
  FOG
  FOG W/VISIBILITY <= 1/4 MILE

RELATIVE HUMIDITY (PERCENT)
 HIGHEST    93           500 AM
 LOWEST     75           900 PM
 AVERAGE    84

..........................................................

THE JACKSON KY CLIMATE NORMALS FOR TODAY
                         NORMAL    RECORD    YEAR
 MAXIMUM TEMPERATURE (F)   44        71      1999
 MINIMUM TEMPERATURE (F)   27         1      1986

SUNRISE AND SUNSET
JANUARY 27 2015.......SUNRISE   741 AM EST   SUNSET   551 PM EST
JANUARY 28 2015.......SUNRISE   740 AM EST   SUNSET   553 PM EST

-  INDICATES NEGATIVE NUMBERS.
R  INDICATES RECORD WAS SET OR TIED.
MM INDICATES DATA IS MISSING.
T  INDICATES TRACE AMOUNT.

$$
