000
CDUS43 KJKL 190545
CLIJKL

CLIMATE REPORT
NATIONAL WEATHER SERVICE JACKSON KY
145 AM EDT TUE JUL 19 2016

...................................

...THE JACKSON KY CLIMATE SUMMARY FOR JULY 18 2016...

CLIMATE NORMAL PERIOD 1981 TO 2010
CLIMATE RECORD PERIOD 1981 TO 2016


WEATHER ITEM   OBSERVED TIME   RECORD YEAR NORMAL DEPARTURE LAST
                VALUE   (LST)  VALUE       VALUE  FROM      YEAR
                                                  NORMAL
..................................................................
TEMPERATURE (F)
 YESTERDAY
  MAXIMUM         85   1011 AM  94    1986  85      0       90
  MINIMUM         70    617 AM  55    2009  66      4       70
  AVERAGE         78                        76      2       80

PRECIPITATION (IN)
  YESTERDAY        0.05          0.74 1999   0.16  -0.11     0.53
  MONTH TO DATE    4.30                      2.67   1.63     8.05
  SINCE JUN 1      9.31                      7.37   1.94    15.47
  SINCE JAN 1     32.11                     27.88   4.23    39.94

SNOWFALL (IN)
  YESTERDAY        0.0                       0.0    0.0      0.0
  MONTH TO DATE    0.0                       0.0    0.0      0.0
  SINCE JUN 1      0.0                       0.0    0.0      0.0
  SINCE JUL 1      0.0                       0.0    0.0      0.0
  SNOW DEPTH       0

DEGREE DAYS
 HEATING
  YESTERDAY        0                         0      0        0
  MONTH TO DATE    0                         0      0        0
  SINCE JUN 1      1                        12    -11        9
  SINCE JUL 1      0                         0      0        0

 COOLING
  YESTERDAY       13                        10      3       15
  MONTH TO DATE  202                       186     16      168
  SINCE JUN 1    498                       409     89      442
  SINCE JAN 1    639                       545     94      646
..................................................................

WIND (MPH)
  HIGHEST WIND SPEED    12   HIGHEST WIND DIRECTION    NW (330)
  HIGHEST GUST SPEED    18   HIGHEST GUST DIRECTION    NW (320)
  AVERAGE WIND SPEED     0.9

SKY COVER
  POSSIBLE SUNSHINE  MM
  AVERAGE SKY COVER 0.0

WEATHER CONDITIONS
 THE FOLLOWING WEATHER WAS RECORDED YESTERDAY.
  THUNDERSTORM
  HEAVY RAIN
  LIGHT RAIN
  FOG

RELATIVE HUMIDITY (PERCENT)
 HIGHEST    97           500 AM
 LOWEST     65           300 PM
 AVERAGE    81
..........................................................

THE JACKSON KY CLIMATE NORMALS FOR TODAY
                         NORMAL    RECORD    YEAR
 MAXIMUM TEMPERATURE (F)   85        94      1986
 MINIMUM TEMPERATURE (F)   66        54      2009

SUNRISE AND SUNSET
JULY 19 2016..........SUNRISE   627 AM EDT   SUNSET   852 PM EDT
JULY 20 2016..........SUNRISE   628 AM EDT   SUNSET   851 PM EDT

-  INDICATES NEGATIVE NUMBERS.
R  INDICATES RECORD WAS SET OR TIED.
MM INDICATES DATA IS MISSING.
T  INDICATES TRACE AMOUNT.

$$
