000
CDUS43 KJKL 010527
CLIJKL

CLIMATE REPORT
NATIONAL WEATHER SERVICE JACKSON KY
1226 AM EST THU DEC 1 2016

...................................

...THE JACKSON KY CLIMATE SUMMARY FOR NOVEMBER 30 2016...

CLIMATE NORMAL PERIOD 1981 TO 2010
CLIMATE RECORD PERIOD 1981 TO 2016


WEATHER ITEM   OBSERVED TIME   RECORD YEAR NORMAL DEPARTURE LAST
                VALUE   (LST)  VALUE       VALUE  FROM      YEAR
                                                  NORMAL
..................................................................
TEMPERATURE (F)
 YESTERDAY
  MAXIMUM         59    944 AM  73    1998  51      8       56
  MINIMUM         44   1159 PM  24    1989  35      9       43
  AVERAGE         52                        43      9       50

PRECIPITATION (IN)
  YESTERDAY        1.91          2.50 2010   0.14   1.77     0.53
  MONTH TO DATE    2.91                      3.96  -1.05     2.41
  SINCE SEP 1      5.74                     10.61  -4.87     6.90
  SINCE JAN 1     46.73                     44.16   2.57    52.68

SNOWFALL (IN)
  YESTERDAY        0.0           T    2011   0.0    0.0      0.0
                                      2002
                                      1992
  MONTH TO DATE    0.0                       0.5   -0.5       T
  SINCE SEP 1      0.0                       0.6   -0.6       T
  SINCE JUL 1      0.0                       0.6   -0.6       T
  SNOW DEPTH       0

DEGREE DAYS
 HEATING
  YESTERDAY       13                        22     -9       15
  MONTH TO DATE  404                       504   -100      357
  SINCE SEP 1    526                       798   -272      598
  SINCE JUL 1    526                       800   -274      598

 COOLING
  YESTERDAY        0                         0      0        0
  MONTH TO DATE   22                         4     18       15
  SINCE SEP 1    348                       176    172      212
  SINCE JAN 1   1580                      1154    426     1263
..................................................................


WIND (MPH)
  HIGHEST WIND SPEED    22   HIGHEST WIND DIRECTION     W (280)
  HIGHEST GUST SPEED    32   HIGHEST GUST DIRECTION     W (280)
  AVERAGE WIND SPEED     5.6


SKY COVER
  POSSIBLE SUNSHINE  MM
  AVERAGE SKY COVER 0.9


WEATHER CONDITIONS
 THE FOLLOWING WEATHER WAS RECORDED YESTERDAY.
  HEAVY RAIN
  RAIN
  LIGHT RAIN
  FOG
  FOG W/VISIBILITY <= 1/4 MILE


RELATIVE HUMIDITY (PERCENT)
 HIGHEST   100           800 AM
 LOWEST     66           900 PM
 AVERAGE    83

..........................................................


THE JACKSON KY CLIMATE NORMALS FOR TODAY
                         NORMAL    RECORD    YEAR
 MAXIMUM TEMPERATURE (F)   51        71      2006
 MINIMUM TEMPERATURE (F)   34        20      2002


SUNRISE AND SUNSET
DECEMBER  1 2016......SUNRISE   730 AM EST   SUNSET   515 PM EST
DECEMBER  2 2016......SUNRISE   731 AM EST   SUNSET   515 PM EST


-  INDICATES NEGATIVE NUMBERS.
R  INDICATES RECORD WAS SET OR TIED.
MM INDICATES DATA IS MISSING.
T  INDICATES TRACE AMOUNT.




$$
