000
CDUS43 KJKL 160543
CLIJKL

CLIMATE REPORT
NATIONAL WEATHER SERVICE JACKSON KY
143 AM EDT TUE AUG 16 2016
...................................

...THE JACKSON KY CLIMATE SUMMARY FOR AUGUST 15 2016...

CLIMATE NORMAL PERIOD 1981 TO 2010
CLIMATE RECORD PERIOD 1981 TO 2016


WEATHER ITEM   OBSERVED TIME   RECORD YEAR NORMAL DEPARTURE LAST
                VALUE   (LST)  VALUE       VALUE  FROM      YEAR
                                                  NORMAL
..................................................................
TEMPERATURE (F)
 YESTERDAY
  MAXIMUM         90    259 PM  96    1995  84      6       85
                                      1988
  MINIMUM         70   1126 PM  52    2013  65      5       64
  AVERAGE         80                        75      5       75

PRECIPITATION (IN)
  YESTERDAY        0.21          0.56 2012   0.11   0.10     0.25
  MONTH TO DATE    2.96                      2.00   0.96     3.13
  SINCE JUN 1     14.32                     11.35   2.97    19.42
  SINCE JAN 1     37.12                     31.86   5.26    43.89

SNOWFALL (IN)
  YESTERDAY        0.0                       0.0    0.0      0.0
  MONTH TO DATE    0.0                       0.0    0.0      0.0
  SINCE JUN 1      0.0                       0.0    0.0      0.0
  SINCE JUL 1      0.0                       0.0    0.0      0.0
  SNOW DEPTH       0

DEGREE DAYS
 HEATING
  YESTERDAY        0                         0      0        0
  MONTH TO DATE    0                         0      0        0
  SINCE JUN 1      1                        12    -11        9
  SINCE JUL 1      0                         0      0        0

 COOLING
  YESTERDAY       15                        10      5       10
  MONTH TO DATE  215                       150     65      136
  SINCE JUN 1    902                       694    208      735
  SINCE JAN 1   1043                       830    213      939
..................................................................

WIND (MPH)
  HIGHEST WIND SPEED    14   HIGHEST WIND DIRECTION     S (170)
  HIGHEST GUST SPEED    27   HIGHEST GUST DIRECTION    SE (150)
  AVERAGE WIND SPEED     1.3

SKY COVER
  POSSIBLE SUNSHINE  MM
  AVERAGE SKY COVER 0.2

WEATHER CONDITIONS
 THE FOLLOWING WEATHER WAS RECORDED YESTERDAY.
  THUNDERSTORM
  HEAVY RAIN
  RAIN
  LIGHT RAIN
  FOG
  FOG W/VISIBILITY <= 1/4 MILE

RELATIVE HUMIDITY (PERCENT)
 HIGHEST    93           400 AM
 LOWEST     55           100 PM
 AVERAGE    74

..........................................................

THE JACKSON KY CLIMATE NORMALS FOR TODAY
                         NORMAL    RECORD    YEAR
 MAXIMUM TEMPERATURE (F)   84        99      2007
                                             1988
 MINIMUM TEMPERATURE (F)   65        55      2014

SUNRISE AND SUNSET
AUGUST 16 2016........SUNRISE   650 AM EDT   SUNSET   824 PM EDT
AUGUST 17 2016........SUNRISE   651 AM EDT   SUNSET   823 PM EDT

-  INDICATES NEGATIVE NUMBERS.
R  INDICATES RECORD WAS SET OR TIED.
MM INDICATES DATA IS MISSING.
T  INDICATES TRACE AMOUNT.

$$
