000
CDUS43 KJKL 202023
CLIJKL

CLIMATE REPORT
NATIONAL WEATHER SERVICE JACKSON KY
419 PM EDT TUE SEP 20 2016


...................................

...THE JACKSON KY CLIMATE SUMMARY FOR SEPTEMBER 20 2016...
VALID TODAY AS OF 0400 PM LOCAL TIME.

CLIMATE NORMAL PERIOD 1981 TO 2010
CLIMATE RECORD PERIOD 1981 TO 2016


WEATHER ITEM   OBSERVED TIME   RECORD YEAR NORMAL DEPARTURE LAST
                VALUE   (LST)  VALUE       VALUE  FROM      YEAR
                                                  NORMAL
..................................................................
TEMPERATURE (F)
 TODAY
  MAXIMUM         83    259 PM  88    2002  77      6       73
                                      1998
  MINIMUM         61    655 AM  42    1991  57      4       58
  AVERAGE         72                        67      5       66

PRECIPITATION (IN)
  TODAY            0.00          0.37 1986   0.12  -0.12      T
  MONTH TO DATE    0.94                      2.27  -1.33     0.83
  SINCE SEP 1      0.94                      2.27  -1.33     0.83
  SINCE JAN 1     41.93                     35.82   6.11    46.61

SNOWFALL (IN)
  TODAY            0.0                       0.0    0.0      0.0
  MONTH TO DATE    0.0                       0.0    0.0      0.0
  SINCE SEP 1      0.0                       0.0    0.0      0.0
  SINCE JUL 1      0.0                       0.0    0.0      0.0
  SNOW DEPTH       0

DEGREE DAYS
 HEATING
  TODAY            0                         2     -2        0
  MONTH TO DATE    0                        16    -16       13
  SINCE SEP 1      0                        16    -16       13
  SINCE JUL 1      0                        18    -18       13

 COOLING
  TODAY            7                         4      3        1
  MONTH TO DATE  190                       115     75      150
  SINCE SEP 1    190                       115     75      150
  SINCE JAN 1   1422                      1093    329     1201
..................................................................


WIND (MPH)
  HIGHEST WIND SPEED     6   HIGHEST WIND DIRECTION     N (10)
  HIGHEST GUST SPEED    11   HIGHEST GUST DIRECTION     E (70)
  AVERAGE WIND SPEED     0.6


SKY COVER
  POSSIBLE SUNSHINE  MM
  AVERAGE SKY COVER 0.0


WEATHER CONDITIONS
 THE FOLLOWING WEATHER WAS RECORDED TODAY.
  FOG


RELATIVE HUMIDITY (PERCENT)
 HIGHEST   100           700 AM
 LOWEST     47           200 PM
 AVERAGE    74

..........................................................


THE JACKSON KY CLIMATE NORMALS FOR TOMORROW
                         NORMAL    RECORD    YEAR
 MAXIMUM TEMPERATURE (F)   76        91      2010
 MINIMUM TEMPERATURE (F)   56        39      2006


SUNRISE AND SUNSET
SEPTEMBER 20 2016.....SUNRISE   720 AM EDT   SUNSET   733 PM EDT
SEPTEMBER 21 2016.....SUNRISE   721 AM EDT   SUNSET   731 PM EDT


-  INDICATES NEGATIVE NUMBERS.
R  INDICATES RECORD WAS SET OR TIED.
MM INDICATES DATA IS MISSING.
T  INDICATES TRACE AMOUNT.




$$
