000
CDUS43 KJKL 270622
CLIJKL

CLIMATE REPORT
NATIONAL WEATHER SERVICE JACKSON KY
122 AM EST FRI FEB 27 2015


...................................

...THE JACKSON KY CLIMATE SUMMARY FOR FEBRUARY 26 2015...

CLIMATE NORMAL PERIOD 1981 TO 2010
CLIMATE RECORD PERIOD 1981 TO 2015


WEATHER ITEM   OBSERVED TIME   RECORD YEAR NORMAL DEPARTURE LAST
                VALUE   (LST)  VALUE       VALUE  FROM      YEAR
                                                  NORMAL
..................................................................
TEMPERATURE (F)
 YESTERDAY
  MAXIMUM         41    308 PM  78    2000  51    -10       32
  MINIMUM         22   1159 PM  11    1990  32    -10       18
  AVERAGE         32                        42    -10       25

PRECIPITATION (IN)
  YESTERDAY        0.02          0.53 2008   0.13  -0.11     0.06
  MONTH TO DATE    4.06                      3.48   0.58     4.47
  SINCE DEC 1      8.67                     11.27  -2.60    14.71
  SINCE JAN 1      6.18                      7.09  -0.91     7.62

SNOWFALL (IN)
  YESTERDAY        0.5           1.1  2014   0.1    0.4      1.1
  MONTH TO DATE   21.4                       6.6   14.8      8.7
  SINCE DEC 1     24.1                      18.6    5.5     24.1
  SINCE JUL 1     25.3                      19.2    6.1     27.0
  SNOW DEPTH       4

DEGREE DAYS
 HEATING
  YESTERDAY       33                        23     10       40
  MONTH TO DATE  969                       688    281      742
  SINCE DEC 1   2693                      2454    239     2639
  SINCE JUL 1   3683                      3254    429     3526

COOLING
  YESTERDAY        0                         0      0        0
  MONTH TO DATE    0                         0      0        0
  SINCE DEC 1      0                         1     -1        0
  SINCE JAN 1      0                         0      0        0
..................................................................


WIND (MPH)
  HIGHEST WIND SPEED    13   HIGHEST WIND DIRECTION    NW (300)
  HIGHEST GUST SPEED    18   HIGHEST GUST DIRECTION    NW (300)
  AVERAGE WIND SPEED     4.6


SKY COVER
  POSSIBLE SUNSHINE  MM
  AVERAGE SKY COVER 0.9


WEATHER CONDITIONS
 THE FOLLOWING WEATHER WAS RECORDED YESTERDAY.
  LIGHT SNOW
  FOG


RELATIVE HUMIDITY (PERCENT)
 HIGHEST    85           400 AM
 LOWEST     37           300 PM
 AVERAGE    61

..........................................................


THE JACKSON KY CLIMATE NORMALS FOR TODAY
                         NORMAL    RECORD    YEAR
 MAXIMUM TEMPERATURE (F)   51        75      1996
 MINIMUM TEMPERATURE (F)   33        11      1994


SUNRISE AND SUNSET
FEBRUARY 27 2015......SUNRISE   708 AM EST   SUNSET   625 PM EST
FEBRUARY 28 2015......SUNRISE   706 AM EST   SUNSET   626 PM EST


-  INDICATES NEGATIVE NUMBERS.
R  INDICATES RECORD WAS SET OR TIED.
MM INDICATES DATA IS MISSING.
T  INDICATES TRACE AMOUNT.

$$
