000
CDUS43 KJKL 240538
CLIJKL

CLIMATE REPORT
NATIONAL WEATHER SERVICE JACKSON KY
137 AM EDT WED JUN 24 2015

...................................

...THE JACKSON KY CLIMATE SUMMARY FOR JUNE 23 2015...

CLIMATE NORMAL PERIOD 1981 TO 2010
CLIMATE RECORD PERIOD 1981 TO 2015


WEATHER ITEM   OBSERVED TIME   RECORD YEAR NORMAL DEPARTURE LAST
                VALUE   (LST)  VALUE       VALUE  FROM      YEAR
                                                  NORMAL
..................................................................
TEMPERATURE (F)
 YESTERDAY
  MAXIMUM         90    321 PM  96    1988  83      7       90
  MINIMUM         74    550 AM  53    1992  64     10       68
  AVERAGE         82                        74      8       79

PRECIPITATION (IN)
  YESTERDAY        T             0.99 2006   0.14  -0.14     0.01
  MONTH TO DATE    4.02                      3.68   0.34     2.54
  SINCE JUN 1      4.02                      3.68   0.34     2.54
  SINCE JAN 1     28.49                     24.19   4.30    23.40

SNOWFALL (IN)
  YESTERDAY        0.0                       0.0    0.0      0.0
  MONTH TO DATE    0.0                       0.0    0.0      0.0
  SINCE JUN 1      0.0                       0.0    0.0      0.0
  SINCE JUL 1     29.1                      23.5    5.6     38.9
  SNOW DEPTH       0

DEGREE DAYS
 HEATING
  YESTERDAY        0                         0      0        0
  MONTH TO DATE    9                         9      0        0
  SINCE JUN 1      9                         9      0        0
  SINCE JUL 1   4575                      4231    344     4509

 COOLING
  YESTERDAY       17                         9      8       14
  MONTH TO DATE  226                       157     69      205
  SINCE JUN 1    226                       157     69      205
  SINCE JAN 1    430                       293    137      396
..................................................................

WIND (MPH)
  HIGHEST WIND SPEED    10   HIGHEST WIND DIRECTION     W (280)
  HIGHEST GUST SPEED    20   HIGHEST GUST DIRECTION     W (270)
  AVERAGE WIND SPEED     2.5

SKY COVER
  POSSIBLE SUNSHINE  MM
  AVERAGE SKY COVER 0.4

WEATHER CONDITIONS
 THE FOLLOWING WEATHER WAS RECORDED YESTERDAY.
  THUNDERSTORM
  LIGHT RAIN

RELATIVE HUMIDITY (PERCENT)
 HIGHEST    87           200 AM
 LOWEST     63          1200 PM
 AVERAGE    75

..........................................................

THE JACKSON KY CLIMATE NORMALS FOR TODAY
                         NORMAL    RECORD    YEAR
 MAXIMUM TEMPERATURE (F)   84        92      1988
 MINIMUM TEMPERATURE (F)   65        56      2001
                                             1982

SUNRISE AND SUNSET
JUNE 24 2015..........SUNRISE   613 AM EDT   SUNSET   858 PM EDT
JUNE 25 2015..........SUNRISE   613 AM EDT   SUNSET   859 PM EDT

-  INDICATES NEGATIVE NUMBERS.
R  INDICATES RECORD WAS SET OR TIED.
MM INDICATES DATA IS MISSING.
T  INDICATES TRACE AMOUNT.

$$
