000
CDUS43 KJKL 260533
CLIJKL

CLIMATE REPORT
NATIONAL WEATHER SERVICE JACKSON KY
1233 AM EST THU FEB 26 2015

...................................

...THE JACKSON KY CLIMATE SUMMARY FOR FEBRUARY 25 2015...

CLIMATE NORMAL PERIOD 1981 TO 2010
CLIMATE RECORD PERIOD 1981 TO 2015


WEATHER ITEM   OBSERVED TIME   RECORD YEAR NORMAL DEPARTURE LAST
                VALUE   (LST)  VALUE       VALUE  FROM      YEAR
                                                  NORMAL
..................................................................
TEMPERATURE (F)
 YESTERDAY
  MAXIMUM         37    513 PM  76    2000  51    -14       42
  MINIMUM         24    748 AM  13    1990  32     -8       28
  AVERAGE         31                        41    -10       35

PRECIPITATION (IN)
  YESTERDAY        0.00          1.31 1992   0.14  -0.14     0.00
  MONTH TO DATE    4.04                      3.35   0.69     4.41
  SINCE DEC 1      8.65                     11.14  -2.49    14.65
  SINCE JAN 1      6.16                      6.96  -0.80     7.56

SNOWFALL (IN)
  YESTERDAY        0.0           2.4  1993   0.2   -0.2      0.0
  MONTH TO DATE   20.9                       6.5   14.4      7.6
  SINCE DEC 1     23.6                      18.5    5.1     23.0
  SINCE JUL 1     24.8                      19.1    5.7     25.9
  SNOW DEPTH       5

DEGREE DAYS
 HEATING
  YESTERDAY       34                        24     10       30
  MONTH TO DATE  936                       665    271      702
  SINCE DEC 1   2660                      2431    229     2599
  SINCE JUL 1   3650                      3231    419     3486

 COOLING
  YESTERDAY        0                         0      0        0
  MONTH TO DATE    0                         0      0        0
  SINCE DEC 1      0                         1     -1        0
  SINCE JAN 1      0                         0      0        0
..................................................................

WIND (MPH)
  HIGHEST WIND SPEED     8   HIGHEST WIND DIRECTION    NE (40)
  HIGHEST GUST SPEED    12   HIGHEST GUST DIRECTION    NE (50)
  AVERAGE WIND SPEED     3.0

SKY COVER
  POSSIBLE SUNSHINE  MM
  AVERAGE SKY COVER 0.5

WEATHER CONDITIONS
 THE FOLLOWING WEATHER WAS RECORDED YESTERDAY.
  NO SIGNIFICANT WEATHER WAS OBSERVED.

RELATIVE HUMIDITY (PERCENT)
 HIGHEST    62           600 AM
 LOWEST     44           200 PM
 AVERAGE    53

..........................................................

THE JACKSON KY CLIMATE NORMALS FOR TODAY
                         NORMAL    RECORD    YEAR
 MAXIMUM TEMPERATURE (F)   51        78      2000
 MINIMUM TEMPERATURE (F)   32        11      1990

SUNRISE AND SUNSET
FEBRUARY 26 2015......SUNRISE   709 AM EST   SUNSET   624 PM EST
FEBRUARY 27 2015......SUNRISE   708 AM EST   SUNSET   625 PM EST

-  INDICATES NEGATIVE NUMBERS.
R  INDICATES RECORD WAS SET OR TIED.
MM INDICATES DATA IS MISSING.
T  INDICATES TRACE AMOUNT.

$$
