000
CDUS43 KJKL 141617
CLIJKL

CLIMATE REPORT...RETRANSMITTAL
NATIONAL WEATHER SERVICE JACKSON KY
1217 PM EDT SUN SEP 14 2014


...................................

...THE JACKSON KY CLIMATE SUMMARY FOR SEPTEMBER 13 2014...

CLIMATE NORMAL PERIOD 1981 TO 2010
CLIMATE RECORD PERIOD 1981 TO 2014


WEATHER ITEM   OBSERVED TIME   RECORD YEAR NORMAL DEPARTURE LAST
                VALUE   (LST)  VALUE       VALUE  FROM      YEAR
                                                  NORMAL
..................................................................
TEMPERATURE (F)
 YESTERDAY
  MAXIMUM         64    530 PM  95    1991  79    -15       70
  MINIMUM         53   1159 PM  45    1985  59     -6       50
  AVERAGE         59                        69    -10       60

PRECIPITATION (IN)
  YESTERDAY        0.08          0.55 1982   0.12  -0.04     0.00
  MONTH TO DATE    2.22                      1.44   0.78     0.43
  SINCE SEP 1      2.22                      1.44   0.78     0.43
  SINCE JAN 1     40.52                     34.99   5.53    43.65

SNOWFALL (IN)
  YESTERDAY        0.0                       0.0    0.0      0.0
  MONTH TO DATE    0.0                       0.0    0.0      0.0
  SINCE SEP 1      0.0                       0.0    0.0      0.0
  SINCE JUL 1      0.0                       0.0    0.0      0.0
  SNOW DEPTH       0

DEGREE DAYS
 HEATING
  YESTERDAY        6                         1      5        5
  MONTH TO DATE    8                         5      3        5
  SINCE SEP 1      8                         5      3        5
  SINCE JUL 1     11                         7      4        7

 COOLING
  YESTERDAY        0                         5     -5        0
  MONTH TO DATE  107                        85     22      108
  SINCE SEP 1    107                        85     22      108
  SINCE JAN 1   1108                      1063     45     1003
..................................................................

WIND (MPH)
  HIGHEST WIND SPEED     8   HIGHEST WIND DIRECTION    NW (320)
  HIGHEST GUST SPEED    12   HIGHEST GUST DIRECTION    NW (310)
  AVERAGE WIND SPEED     1.4

SKY COVER
  POSSIBLE SUNSHINE  MM
  AVERAGE SKY COVER 0.9

WEATHER CONDITIONS
 THE FOLLOWING WEATHER WAS RECORDED YESTERDAY.
  RAIN
  LIGHT RAIN
  FOG

RELATIVE HUMIDITY (PERCENT)
 HIGHEST    93           400 AM
 LOWEST     72           300 PM
 AVERAGE    83

..........................................................

THE JACKSON KY CLIMATE NORMALS FOR TODAY
                         NORMAL    RECORD    YEAR
 MAXIMUM TEMPERATURE (F)   79        95      1998
 MINIMUM TEMPERATURE (F)   59        45      1985

SUNRISE AND SUNSET
SEPTEMBER 14 2014.....SUNRISE   714 AM EDT   SUNSET   743 PM EDT
SEPTEMBER 15 2014.....SUNRISE   715 AM EDT   SUNSET   741 PM EDT

-  INDICATES NEGATIVE NUMBERS.
R  INDICATES RECORD WAS SET OR TIED.
MM INDICATES DATA IS MISSING.
T  INDICATES TRACE AMOUNT.

$$

...RETRANSMITTED...

CARICO
