000
CDUS43 KJKL 300531
CLIJKL

CLIMATE REPORT
NATIONAL WEATHER SERVICE JACKSON KY
131 AM EDT SUN APR 30 2017
...................................

...THE JACKSON KY CLIMATE SUMMARY FOR APRIL 29 2017...

CLIMATE NORMAL PERIOD 1981 TO 2010
CLIMATE RECORD PERIOD 1981 TO 2017

WEATHER ITEM   OBSERVED TIME   RECORD YEAR NORMAL DEPARTURE LAST
                VALUE   (LST)  VALUE       VALUE  FROM      YEAR
                                                  NORMAL
..................................................................
TEMPERATURE (F)
 YESTERDAY
  MAXIMUM         88R   258 PM  84    1996  72     16       76
  MINIMUM         70    650 AM  35    2008  51     19       56
  AVERAGE         79                        61     18       66

PRECIPITATION (IN)
  YESTERDAY        0.00          1.79 2005   0.14  -0.14     0.00
  MONTH TO DATE    4.02                      3.70   0.32     2.94
  SINCE MAR 1      8.44                      7.82   0.62     5.32
  SINCE JAN 1     16.01                     15.18   0.83    14.88

SNOWFALL (IN)
  YESTERDAY        0.0           0.0  2002   0.0    0.0      0.0
  MONTH TO DATE    0.0                       1.0   -1.0      0.1
  SINCE MAR 1      0.2                       3.9   -3.7      2.9
  SINCE JUL 1      4.8                      23.5  -18.7     32.5
  SNOW DEPTH       0

DEGREE DAYS
 HEATING
  YESTERDAY        0                         6     -6        0
  MONTH TO DATE  121                       264   -143      218
  SINCE MAR 1    629                       817   -188      557
  SINCE JUL 1   3121                      4117   -996     3311

 COOLING
  YESTERDAY       14                         2     12        1
  MONTH TO DATE   78                        39     39       46
  SINCE MAR 1     84                        46     38       54
  SINCE JAN 1     86                        46     40       54
..................................................................

WIND (MPH)
  HIGHEST WIND SPEED     9   HIGHEST WIND DIRECTION     W (260)
  HIGHEST GUST SPEED    16   HIGHEST GUST DIRECTION     W (260)
  AVERAGE WIND SPEED     2.5

SKY COVER
  POSSIBLE SUNSHINE  MM
  AVERAGE SKY COVER 0.1

WEATHER CONDITIONS
 THE FOLLOWING WEATHER WAS RECORDED YESTERDAY.
  NO SIGNIFICANT WEATHER WAS OBSERVED.

RELATIVE HUMIDITY (PERCENT)
 HIGHEST    74           900 AM
 LOWEST     43           300 PM
 AVERAGE    59
..........................................................

THE JACKSON KY CLIMATE NORMALS FOR TODAY
                         NORMAL    RECORD    YEAR
 MAXIMUM TEMPERATURE (F)   72        88      1986
 MINIMUM TEMPERATURE (F)   51        33      2008

SUNRISE AND SUNSET
APRIL 30 2017.........SUNRISE   639 AM EDT   SUNSET   823 PM EDT
MAY  1 2017...........SUNRISE   638 AM EDT   SUNSET   824 PM EDT

-  INDICATES NEGATIVE NUMBERS.
R  INDICATES RECORD WAS SET OR TIED.
MM INDICATES DATA IS MISSING.
T  INDICATES TRACE AMOUNT.

$$
