000
CDUS43 KJKL 011125
CLIJKL

CLIMATE REPORT
NATIONAL WEATHER SERVICE JACKSON KY
625 AM EST MON FEB 1 2016

...................................

...THE JACKSON KY CLIMATE SUMMARY FOR JANUARY 31 2016...

CLIMATE NORMAL PERIOD 1981 TO 2010
CLIMATE RECORD PERIOD 1981 TO 2016


WEATHER ITEM   OBSERVED TIME   RECORD YEAR NORMAL DEPARTURE LAST
                VALUE   (LST)  VALUE       VALUE  FROM      YEAR
                                                  NORMAL
..................................................................

TEMPERATURE (F)
 YESTERDAY
  MAXIMUM         66    320 PM  78    2002  44     22       42
  MINIMUM         48    608 AM   1    2004  27     21       18
  AVERAGE         57                        36     21       30

PRECIPITATION (IN)
  YESTERDAY        0.00          0.92 1985   0.13  -0.13     0.00
  MONTH TO DATE    3.29                      3.61  -0.32     2.12
  SINCE DEC 1      7.93                      7.79   0.14     4.61
  SINCE JAN 1      3.29                      3.61  -0.32     2.12

SNOWFALL (IN)
  YESTERDAY        0.0           0.9  2013   0.3   -0.3      0.0
  MONTH TO DATE   21.4                       7.1   14.3      2.7
  SINCE DEC 1     21.4                      12.0    9.4      2.7
  SINCE JUL 1     21.4                      12.6    8.8      3.9
  SNOW DEPTH       0

DEGREE DAYS
 HEATING
  YESTERDAY        8                        29    -21       35
  MONTH TO DATE  986                       927     59      969
  SINCE DEC 1   1414                      1766   -352     1724
  SINCE JUL 1   2012                      2566   -554     2714

 COOLING
  YESTERDAY        0                         0      0        0
  MONTH TO DATE    0                         0      0        0
  SINCE DEC 1      2                         1      1        0
  SINCE JAN 1      0                         0      0        0
..................................................................

WIND (MPH)
  HIGHEST WIND SPEED    15   HIGHEST WIND DIRECTION     S (190)
  HIGHEST GUST SPEED    26   HIGHEST GUST DIRECTION     S (190)
  AVERAGE WIND SPEED     7.0


SKY COVER
  POSSIBLE SUNSHINE  MM
  AVERAGE SKY COVER 0.3


WEATHER CONDITIONS
 THE FOLLOWING WEATHER WAS RECORDED YESTERDAY.
  NO SIGNIFICANT WEATHER WAS OBSERVED.


RELATIVE HUMIDITY (PERCENT)
 HIGHEST    67          1000 PM
 LOWEST     44          1200 AM
 AVERAGE    56
..........................................................

THE JACKSON KY CLIMATE NORMALS FOR TODAY
                         NORMAL    RECORD    YEAR
 MAXIMUM TEMPERATURE (F)   45        73      1989
 MINIMUM TEMPERATURE (F)   28         9      2013


SUNRISE AND SUNSET
FEBRUARY  1 2016......SUNRISE   737 AM EST   SUNSET   557 PM EST
FEBRUARY  2 2016......SUNRISE   736 AM EST   SUNSET   558 PM EST


-  INDICATES NEGATIVE NUMBERS.
R  INDICATES RECORD WAS SET OR TIED.
MM INDICATES DATA IS MISSING.
T  INDICATES TRACE AMOUNT.
$$
