000
CDUS43 KJKL 290526
CLIJKL

CLIMATE REPORT
NATIONAL WEATHER SERVICE JACKSON KY
126 AM EDT SAT JUL 29 2017

...................................

...THE JACKSON KY CLIMATE SUMMARY FOR JULY 28 2017...

CLIMATE NORMAL PERIOD 1981 TO 2010
CLIMATE RECORD PERIOD 1981 TO 2017

WEATHER ITEM   OBSERVED TIME   RECORD YEAR NORMAL DEPARTURE LAST
                VALUE   (LST)  VALUE       VALUE  FROM      YEAR
                                                  NORMAL
..................................................................
TEMPERATURE (F)
 YESTERDAY
  MAXIMUM         77    105 PM  94    1993  85     -8       80
  MINIMUM         69   1159 PM  57    2004  66      3       69
  AVERAGE         73                        75     -2       75

PRECIPITATION (IN)
  YESTERDAY        0.28          0.80 2016   0.15   0.13     0.80
  MONTH TO DATE    4.13                      4.20  -0.07     5.94
  SINCE JUN 1     10.34                      8.90   1.44    10.95
  SINCE JAN 1     33.76                     29.41   4.35    33.75

SNOWFALL (IN)
  YESTERDAY        0.0                       0.0    0.0      0.0
  MONTH TO DATE    0.0                       0.0    0.0      0.0
  SINCE JUN 1      0.0                       0.0    0.0      0.0
  SINCE JUL 1      0.0                       0.0    0.0      0.0
  SNOW DEPTH       0

DEGREE DAYS
 HEATING
  YESTERDAY        0                         0      0        0
  MONTH TO DATE    0                         0      0        0
  SINCE JUN 1      4                        12     -8        1
  SINCE JUL 1      0                         0      0        0

 COOLING
  YESTERDAY        8                        10     -2       10
  MONTH TO DATE  331                       286     45      354
  SINCE JUN 1    537                       509     28      650
  SINCE JAN 1    736                       645     91      791
..................................................................

WIND (MPH)
  HIGHEST WIND SPEED     8   HIGHEST WIND DIRECTION     N (360)
  HIGHEST GUST SPEED    15   HIGHEST GUST DIRECTION     N (10)
  AVERAGE WIND SPEED     1.5

SKY COVER
  POSSIBLE SUNSHINE  MM
  AVERAGE SKY COVER 0.9

WEATHER CONDITIONS
 THE FOLLOWING WEATHER WAS RECORDED YESTERDAY.
  THUNDERSTORM
  RAIN
  LIGHT RAIN
  FOG
  FOG W/VISIBILITY <= 1/4 MILE

RELATIVE HUMIDITY (PERCENT)
 HIGHEST   100           300 AM
 LOWEST     84          1100 PM
 AVERAGE    92

..........................................................

THE JACKSON KY CLIMATE NORMALS FOR TODAY
                         NORMAL    RECORD    YEAR
 MAXIMUM TEMPERATURE (F)   85        93      1999
                                             1995
 MINIMUM TEMPERATURE (F)   66        55      2014
                                             2013

SUNRISE AND SUNSET
JULY 29 2017..........SUNRISE   635 AM EDT   SUNSET   844 PM EDT
JULY 30 2017..........SUNRISE   636 AM EDT   SUNSET   843 PM EDT

-  INDICATES NEGATIVE NUMBERS.
R  INDICATES RECORD WAS SET OR TIED.
MM INDICATES DATA IS MISSING.
T  INDICATES TRACE AMOUNT.

$$
