000
CDUS43 KJKL 020536
CLIJKL

CLIMATE REPORT
NATIONAL WEATHER SERVICE JACKSON KY
136 AM EDT THU NOV 2 2017
...................................

...THE JACKSON KY CLIMATE SUMMARY FOR NOVEMBER 1 2017...

CLIMATE NORMAL PERIOD 1981 TO 2010
CLIMATE RECORD PERIOD 1981 TO 2017

WEATHER ITEM   OBSERVED TIME   RECORD YEAR NORMAL DEPARTURE LAST
                VALUE   (LST)  VALUE       VALUE  FROM      YEAR
                                                  NORMAL
..................................................................
TEMPERATURE (F)
 YESTERDAY
  MAXIMUM         64    321 PM  82    2016  63      1       82
  MINIMUM         42    654 AM  30    1993  44     -2       63
  AVERAGE         53                        54     -1       73

PRECIPITATION (IN)
  YESTERDAY        T             0.59 1997   0.13  -0.13     0.00
  MONTH TO DATE    T                         0.13  -0.13     0.00
  SINCE SEP 1      8.62                      6.78   1.84     2.83
  SINCE JAN 1     46.94                     40.33   6.61    43.82

SNOWFALL (IN)
  YESTERDAY       MM             T    1993   0.0   MM        0.0
  MONTH TO DATE   MM                         0.0   MM        0.0
  SINCE SEP 1      T                         0.1   -0.1      0.0
  SINCE JUL 1      T                         0.1   -0.1      0.0
  SNOW DEPTH       0

DEGREE DAYS
 HEATING
  YESTERDAY       12                        12      0        0
  MONTH TO DATE   12                        12      0        0
  SINCE SEP 1    246                       307    -61      122
  SINCE JUL 1    246                       309    -63      122

 COOLING
  YESTERDAY        0                         0      0        8
  MONTH TO DATE    0                         0      0        8
  SINCE SEP 1    193                       172     21      334
  SINCE JAN 1   1195                      1150     45     1566
..................................................................

WIND (MPH)
  HIGHEST WIND SPEED     8   HIGHEST WIND DIRECTION     S (190)
  HIGHEST GUST SPEED    19   HIGHEST GUST DIRECTION     S (160)
  AVERAGE WIND SPEED     2.3

SKY COVER
  POSSIBLE SUNSHINE  MM
  AVERAGE SKY COVER 0.8

WEATHER CONDITIONS
 THE FOLLOWING WEATHER WAS RECORDED YESTERDAY.
  LIGHT RAIN

RELATIVE HUMIDITY (PERCENT)
 HIGHEST    82           800 AM
 LOWEST     56           300 PM
 AVERAGE    69
..........................................................

THE JACKSON KY CLIMATE NORMALS FOR TODAY
                         NORMAL    RECORD    YEAR
 MAXIMUM TEMPERATURE (F)   63        84      2016
 MINIMUM TEMPERATURE (F)   44        27      2014
                                             2002
                                             1993

SUNRISE AND SUNSET
NOVEMBER  2 2017......SUNRISE   800 AM EDT   SUNSET   634 PM EDT
NOVEMBER  3 2017......SUNRISE   801 AM EDT   SUNSET   633 PM EDT

-  INDICATES NEGATIVE NUMBERS.
R  INDICATES RECORD WAS SET OR TIED.
MM INDICATES DATA IS MISSING.
T  INDICATES TRACE AMOUNT.

$$
